74.7.241.18 - - [20/Feb/2026:08:30:33 +0100] "GET /?path=//sys/class/net/eno1/device/ptp/ptp0/device/net/eno1/subsystem/eno1/device/firmware_node/subsystem/devices/device:35/subsystem/drivers/hpet HTTP/1.1" 200 20218 "https://dkfoundationtv.ng/?path=//sys/class/net/eno1/device/ptp/ptp0/device/net/eno1/subsystem/eno1/device/firmware_node/subsystem/devices/device:35/subsystem/drivers" "Mozilla/5.0 AppleWebKit/537.36 (KHTML, like Gecko; compatible; GPTBot/1.3; +https://openai.com/gptbot)"
74.7.241.18 - - [20/Feb/2026:08:30:34 +0100] "GET /?path=//sys/class/net/eno1/device/ptp/ptp0/device/net/eno1/subsystem/lo/subsystem/eno1/device/firmware_node/subsystem/devices/device:4d/subsystem/drivers/tpm_crb HTTP/1.1" 200 20728 "https://dkfoundationtv.ng/?path=//sys/class/net/eno1/device/ptp/ptp0/device/net/eno1/subsystem/lo/subsystem/eno1/device/firmware_node/subsystem/devices/device:4d/subsystem/drivers" "Mozilla/5.0 AppleWebKit/537.36 (KHTML, like Gecko; compatible; GPTBot/1.3; +https://openai.com/gptbot)"
74.7.241.18 - - [20/Feb/2026:08:30:34 +0100] "GET /?path=//sys/class/net/eno1/device/ptp/ptp0/device/net/eno1/subsystem/eno1/device/firmware_node/subsystem/devices/device:64/subsystem/drivers/button HTTP/1.1" 200 25398 "https://dkfoundationtv.ng/?path=//sys/class/net/eno1/device/ptp/ptp0/device/net/eno1/subsystem/eno1/device/firmware_node/subsystem/devices/device:64/subsystem/drivers" "Mozilla/5.0 AppleWebKit/537.36 (KHTML, like Gecko; compatible; GPTBot/1.3; +https://openai.com/gptbot)"
74.7.241.18 - - [20/Feb/2026:08:30:35 +0100] "GET /?path=//sys/class/net/eno1/device/ptp/ptp0/device/net/eno1/subsystem/eno1/device/firmware_node/subsystem/devices/device:26/subsystem/drivers/hpet HTTP/1.1" 200 20218 "https://dkfoundationtv.ng/?path=//sys/class/net/eno1/device/ptp/ptp0/device/net/eno1/subsystem/eno1/device/firmware_node/subsystem/devices/device:26/subsystem/drivers" "Mozilla/5.0 AppleWebKit/537.36 (KHTML, like Gecko; compatible; GPTBot/1.3; +https://openai.com/gptbot)"
74.7.241.18 - - [20/Feb/2026:08:30:35 +0100] "GET /?path=//sys/class/net/eno1/device/ptp/ptp0/device/net/eno1/subsystem/lo/subsystem/eno1/device/firmware_node/subsystem/devices/device:3c/device:3d/power HTTP/1.1" 200 32304 "https://dkfoundationtv.ng/?path=//sys/class/net/eno1/device/ptp/ptp0/device/net/eno1/subsystem/lo/subsystem/eno1/device/firmware_node/subsystem/devices/device:3c/device:3d" "Mozilla/5.0 AppleWebKit/537.36 (KHTML, like Gecko; compatible; GPTBot/1.3; +https://openai.com/gptbot)"
74.7.241.18 - - [20/Feb/2026:08:30:36 +0100] "GET /?path=//sys/class/net/eno1/device/ptp/ptp0/device/net/eno1/subsystem/lo/subsystem/eno1/device/firmware_node/subsystem/devices/device:63/subsystem HTTP/1.1" 200 23644 "https://dkfoundationtv.ng/?path=//sys/class/net/eno1/device/ptp/ptp0/device/net/eno1/subsystem/lo/subsystem/eno1/device/firmware_node/subsystem/devices/device:63" "Mozilla/5.0 AppleWebKit/537.36 (KHTML, like Gecko; compatible; GPTBot/1.3; +https://openai.com/gptbot)"
74.7.241.18 - - [20/Feb/2026:08:30:36 +0100] "GET /?path=//sys/class/net/eno1/device/ptp/ptp0/device/net/eno1/subsystem/lo/subsystem/eno1/device/firmware_node/subsystem/devices/device:13/physical_node/power HTTP/1.1" 200 50334 "https://dkfoundationtv.ng/?path=//sys/class/net/eno1/device/ptp/ptp0/device/net/eno1/subsystem/lo/subsystem/eno1/device/firmware_node/subsystem/devices/device:13/physical_node" "Mozilla/5.0 AppleWebKit/537.36 (KHTML, like Gecko; compatible; GPTBot/1.3; +https://openai.com/gptbot)"
74.7.241.18 - - [20/Feb/2026:08:30:37 +0100] "GET /?path=//sys/class/net/eno1/device/ptp/ptp0/device/net/eno1/subsystem/eno1/device/firmware_node/subsystem/devices/device:4d/device:5d/subsystem/drivers/thermal HTTP/1.1" 200 24073 "https://dkfoundationtv.ng/?path=//sys/class/net/eno1/device/ptp/ptp0/device/net/eno1/subsystem/eno1/device/firmware_node/subsystem/devices/device:4d/device:5d/subsystem/drivers" "Mozilla/5.0 AppleWebKit/537.36 (KHTML, like Gecko; compatible; GPTBot/1.3; +https://openai.com/gptbot)"
74.7.241.18 - - [20/Feb/2026:08:30:37 +0100] "GET /?path=//sys/class/net/eno1/device/ptp/ptp0/device/net/eno1/subsystem/lo/subsystem/eno1/device/firmware_node/subsystem/devices/device:4d/device:4e/physical_node HTTP/1.1" 200 29744 "https://dkfoundationtv.ng/?path=//sys/class/net/eno1/device/ptp/ptp0/device/net/eno1/subsystem/lo/subsystem/eno1/device/firmware_node/subsystem/devices/device:4d/device:4e" "Mozilla/5.0 AppleWebKit/537.36 (KHTML, like Gecko; compatible; GPTBot/1.3; +https://openai.com/gptbot)"
74.7.241.18 - - [20/Feb/2026:08:30:38 +0100] "GET /?path=//sys/class/net/eno1/device/ptp/ptp0/device/net/eno1/subsystem/eno1/device/firmware_node/subsystem/devices/device:45/subsystem/drivers/button HTTP/1.1" 200 25398 "https://dkfoundationtv.ng/?path=//sys/class/net/eno1/device/ptp/ptp0/device/net/eno1/subsystem/eno1/device/firmware_node/subsystem/devices/device:45/subsystem/drivers" "Mozilla/5.0 AppleWebKit/537.36 (KHTML, like Gecko; compatible; GPTBot/1.3; +https://openai.com/gptbot)"
74.7.241.18 - - [20/Feb/2026:08:30:38 +0100] "GET /?path=//sys/class/net/eno1/device/ptp/ptp0/device/net/eno1/subsystem/lo/subsystem/eno1/device/firmware_node/subsystem/devices/device:39/subsystem HTTP/1.1" 200 23644 "https://dkfoundationtv.ng/?path=//sys/class/net/eno1/device/ptp/ptp0/device/net/eno1/subsystem/lo/subsystem/eno1/device/firmware_node/subsystem/devices/device:39" "Mozilla/5.0 AppleWebKit/537.36 (KHTML, like Gecko; compatible; GPTBot/1.3; +https://openai.com/gptbot)"
74.7.241.18 - - [20/Feb/2026:08:30:39 +0100] "GET /?path=//sys/class/net/eno1/device/ptp/ptp0/device/net/eno1/subsystem/eno1/device/firmware_node/subsystem/devices/device:22/subsystem/drivers/button HTTP/1.1" 200 25398 "https://dkfoundationtv.ng/?path=//sys/class/net/eno1/device/ptp/ptp0/device/net/eno1/subsystem/eno1/device/firmware_node/subsystem/devices/device:22/subsystem/drivers" "Mozilla/5.0 AppleWebKit/537.36 (KHTML, like Gecko; compatible; GPTBot/1.3; +https://openai.com/gptbot)"
74.7.241.18 - - [20/Feb/2026:08:30:40 +0100] "GET /?path=//sys/class/net/eno1/device/ptp/ptp0/device/net/eno1/subsystem/eno1/device/firmware_node/subsystem/devices/device:4b/physical_node/ptp/ptp0 HTTP/1.1" 200 36964 "https://dkfoundationtv.ng/?path=//sys/class/net/eno1/device/ptp/ptp0/device/net/eno1/subsystem/eno1/device/firmware_node/subsystem/devices/device:4b/physical_node/ptp" "Mozilla/5.0 AppleWebKit/537.36 (KHTML, like Gecko; compatible; GPTBot/1.3; +https://openai.com/gptbot)"
74.7.241.18 - - [20/Feb/2026:08:30:40 +0100] "GET /?path=//sys/class/net/eno1/device/ptp/ptp0/device/net/eno1/subsystem/eno1/device/firmware_node/subsystem/devices/device:4a/subsystem/drivers/tpm_crb HTTP/1.1" 200 20260 "https://dkfoundationtv.ng/?path=//sys/class/net/eno1/device/ptp/ptp0/device/net/eno1/subsystem/eno1/device/firmware_node/subsystem/devices/device:4a/subsystem/drivers" "Mozilla/5.0 AppleWebKit/537.36 (KHTML, like Gecko; compatible; GPTBot/1.3; +https://openai.com/gptbot)"
74.7.241.18 - - [20/Feb/2026:08:30:41 +0100] "GET /?path=//sys/class/net/eno1/device/ptp/ptp0/device/net/eno1/subsystem/eno1/device/firmware_node/subsystem/devices/device:30/subsystem/drivers/tpm_crb HTTP/1.1" 200 20260 "https://dkfoundationtv.ng/?path=//sys/class/net/eno1/device/ptp/ptp0/device/net/eno1/subsystem/eno1/device/firmware_node/subsystem/devices/device:30/subsystem/drivers" "Mozilla/5.0 AppleWebKit/537.36 (KHTML, like Gecko; compatible; GPTBot/1.3; +https://openai.com/gptbot)"
74.7.241.18 - - [20/Feb/2026:08:30:41 +0100] "GET /?path=//sys/class/net/eno1/device/ptp/ptp0/device/net/eno1/subsystem/eno1/device/firmware_node/subsystem/devices/device:42/subsystem/drivers/tpm_crb HTTP/1.1" 200 20260 "https://dkfoundationtv.ng/?path=//sys/class/net/eno1/device/ptp/ptp0/device/net/eno1/subsystem/eno1/device/firmware_node/subsystem/devices/device:42/subsystem/drivers" "Mozilla/5.0 AppleWebKit/537.36 (KHTML, like Gecko; compatible; GPTBot/1.3; +https://openai.com/gptbot)"
74.7.241.18 - - [20/Feb/2026:08:30:42 +0100] "GET /?path=//sys/class/net/eno1/device/ptp/ptp0/device/net/eno1/subsystem/lo/subsystem/eno1/device/firmware_node/subsystem/devices/device:50/subsystem/drivers/tpm_crb HTTP/1.1" 200 20728 "https://dkfoundationtv.ng/?path=//sys/class/net/eno1/device/ptp/ptp0/device/net/eno1/subsystem/lo/subsystem/eno1/device/firmware_node/subsystem/devices/device:50/subsystem/drivers" "Mozilla/5.0 AppleWebKit/537.36 (KHTML, like Gecko; compatible; GPTBot/1.3; +https://openai.com/gptbot)"
74.7.241.18 - - [20/Feb/2026:08:30:42 +0100] "GET /?path=//sys/class/net/eno1/device/ptp/ptp0/device/net/eno1/subsystem/eno1/device/firmware_node/subsystem/devices/device:34/subsystem/drivers/hpet HTTP/1.1" 200 20218 "https://dkfoundationtv.ng/?path=//sys/class/net/eno1/device/ptp/ptp0/device/net/eno1/subsystem/eno1/device/firmware_node/subsystem/devices/device:34/subsystem/drivers" "Mozilla/5.0 AppleWebKit/537.36 (KHTML, like Gecko; compatible; GPTBot/1.3; +https://openai.com/gptbot)"
74.7.241.18 - - [20/Feb/2026:08:30:43 +0100] "GET /?path=//sys/class/net/eno1/device/ptp/ptp0/device/net/eno1/subsystem/lo/subsystem/eno1/device/firmware_node/subsystem/devices/device:13/physical_node/pci_bus HTTP/1.1" 200 16364 "https://dkfoundationtv.ng/?path=//sys/class/net/eno1/device/ptp/ptp0/device/net/eno1/subsystem/lo/subsystem/eno1/device/firmware_node/subsystem/devices/device:13/physical_node" "Mozilla/5.0 AppleWebKit/537.36 (KHTML, like Gecko; compatible; GPTBot/1.3; +https://openai.com/gptbot)"
74.7.241.18 - - [20/Feb/2026:08:30:43 +0100] "GET /?path=//sys/class/net/eno1/device/ptp/ptp0/device/net/eno1/subsystem/lo/subsystem/eno1/device/firmware_node/subsystem/devices/device:4d/device:4e/physical_node/peer HTTP/1.1" 200 32091 "https://dkfoundationtv.ng/?path=//sys/class/net/eno1/device/ptp/ptp0/device/net/eno1/subsystem/lo/subsystem/eno1/device/firmware_node/subsystem/devices/device:4d/device:4e/physical_node" "Mozilla/5.0 AppleWebKit/537.36 (KHTML, like Gecko; compatible; GPTBot/1.3; +https://openai.com/gptbot)"
74.7.241.18 - - [20/Feb/2026:08:30:44 +0100] "GET /?path=//sys/class/net/eno1/device/ptp/ptp0/device/net/eno1/subsystem/lo/subsystem/eno1/device/firmware_node/subsystem/devices/device:4d/device:4e/physical_node/power HTTP/1.1" 200 33010 "https://dkfoundationtv.ng/?path=//sys/class/net/eno1/device/ptp/ptp0/device/net/eno1/subsystem/lo/subsystem/eno1/device/firmware_node/subsystem/devices/device:4d/device:4e/physical_node" "Mozilla/5.0 AppleWebKit/537.36 (KHTML, like Gecko; compatible; GPTBot/1.3; +https://openai.com/gptbot)"
74.7.241.18 - - [20/Feb/2026:08:30:44 +0100] "GET /?path=//sys/class/net/eno1/device/ptp/ptp0/device/net/eno1/subsystem/lo/subsystem/eno1/device/wakeup/wakeup29/device/subsystem/drivers/ata_generic HTTP/1.1" 200 25851 "https://dkfoundationtv.ng/?path=//sys/class/net/eno1/device/ptp/ptp0/device/net/eno1/subsystem/lo/subsystem/eno1/device/wakeup/wakeup29/device/subsystem/drivers" "Mozilla/5.0 AppleWebKit/537.36 (KHTML, like Gecko; compatible; GPTBot/1.3; +https://openai.com/gptbot)"
74.7.241.18 - - [20/Feb/2026:08:30:45 +0100] "GET /?path=//sys/class/net/eno1/device/ptp/ptp0/device/net/eno1/subsystem/lo/subsystem/eno1/device/firmware_node/subsystem/devices/device:4b/subsystem/drivers/tpm_crb HTTP/1.1" 200 20728 "https://dkfoundationtv.ng/?path=//sys/class/net/eno1/device/ptp/ptp0/device/net/eno1/subsystem/lo/subsystem/eno1/device/firmware_node/subsystem/devices/device:4b/subsystem/drivers" "Mozilla/5.0 AppleWebKit/537.36 (KHTML, like Gecko; compatible; GPTBot/1.3; +https://openai.com/gptbot)"
74.7.241.18 - - [20/Feb/2026:08:30:45 +0100] "GET /?path=//sys/class/net/eno1/device/ptp/ptp0/device/net/eno1/subsystem/eno1/device/firmware_node/subsystem/devices/device:4b/physical_node/ptp/ptp0/subsystem HTTP/1.1" 200 16384 "https://dkfoundationtv.ng/?path=//sys/class/net/eno1/device/ptp/ptp0/device/net/eno1/subsystem/eno1/device/firmware_node/subsystem/devices/device:4b/physical_node/ptp/ptp0" "Mozilla/5.0 AppleWebKit/537.36 (KHTML, like Gecko; compatible; GPTBot/1.3; +https://openai.com/gptbot)"
74.7.241.18 - - [20/Feb/2026:08:30:46 +0100] "GET /?path=//sys/class/net/eno1/device/ptp/ptp0/device/net/eno1/subsystem/eno1/device/firmware_node/subsystem/devices/device:4b/physical_node/ptp/ptp0/power HTTP/1.1" 200 32350 "https://dkfoundationtv.ng/?path=//sys/class/net/eno1/device/ptp/ptp0/device/net/eno1/subsystem/eno1/device/firmware_node/subsystem/devices/device:4b/physical_node/ptp/ptp0" "Mozilla/5.0 AppleWebKit/537.36 (KHTML, like Gecko; compatible; GPTBot/1.3; +https://openai.com/gptbot)"
74.7.241.18 - - [20/Feb/2026:08:30:46 +0100] "GET /?path=//sys/class/net/eno1/device/ptp/ptp0/device/net/eno1/subsystem/eno1/device/firmware_node/subsystem/devices/device:57/subsystem/drivers/button HTTP/1.1" 200 25398 "https://dkfoundationtv.ng/?path=//sys/class/net/eno1/device/ptp/ptp0/device/net/eno1/subsystem/eno1/device/firmware_node/subsystem/devices/device:57/subsystem/drivers" "Mozilla/5.0 AppleWebKit/537.36 (KHTML, like Gecko; compatible; GPTBot/1.3; +https://openai.com/gptbot)"
74.7.241.18 - - [20/Feb/2026:08:30:47 +0100] "GET /?path=//sys/class/net/eno1/device/ptp/ptp0/device/net/eno1/subsystem/eno1/device/firmware_node/subsystem/devices/device:4d/device:5b/physical_node HTTP/1.1" 200 31014 "https://dkfoundationtv.ng/?path=//sys/class/net/eno1/device/ptp/ptp0/device/net/eno1/subsystem/eno1/device/firmware_node/subsystem/devices/device:4d/device:5b" "Mozilla/5.0 AppleWebKit/537.36 (KHTML, like Gecko; compatible; GPTBot/1.3; +https://openai.com/gptbot)"
74.7.241.18 - - [20/Feb/2026:08:30:48 +0100] "GET /?path=//sys/class/net/eno1/device/ptp/ptp0/device/net/eno1/subsystem/eno1/device/firmware_node/subsystem/devices/device:65/subsystem/drivers/tpm_crb HTTP/1.1" 200 20260 "https://dkfoundationtv.ng/?path=//sys/class/net/eno1/device/ptp/ptp0/device/net/eno1/subsystem/eno1/device/firmware_node/subsystem/devices/device:65/subsystem/drivers" "Mozilla/5.0 AppleWebKit/537.36 (KHTML, like Gecko; compatible; GPTBot/1.3; +https://openai.com/gptbot)"
74.7.241.18 - - [20/Feb/2026:08:30:48 +0100] "GET /?path=//sys/class/net/eno1/device/ptp/ptp0/device/net/eno1/subsystem/eno1/device/firmware_node/subsystem/devices/device:31/subsystem/drivers/tpm_crb HTTP/1.1" 200 20260 "https://dkfoundationtv.ng/?path=//sys/class/net/eno1/device/ptp/ptp0/device/net/eno1/subsystem/eno1/device/firmware_node/subsystem/devices/device:31/subsystem/drivers" "Mozilla/5.0 AppleWebKit/537.36 (KHTML, like Gecko; compatible; GPTBot/1.3; +https://openai.com/gptbot)"
74.7.241.18 - - [20/Feb/2026:08:30:49 +0100] "GET /?path=//sys/class/net/eno1/device/ptp/ptp0/device/net/eno1/subsystem/lo/subsystem/eno1/device/firmware_node/subsystem/devices/device:86/subsystem HTTP/1.1" 200 23644 "https://dkfoundationtv.ng/?path=//sys/class/net/eno1/device/ptp/ptp0/device/net/eno1/subsystem/lo/subsystem/eno1/device/firmware_node/subsystem/devices/device:86" "Mozilla/5.0 AppleWebKit/537.36 (KHTML, like Gecko; compatible; GPTBot/1.3; +https://openai.com/gptbot)"
74.7.241.18 - - [20/Feb/2026:08:30:49 +0100] "GET /?path=//sys/class/net/eno1/device/ptp/ptp0/device/net/eno1/subsystem/lo/subsystem/eno1/device/firmware_node/subsystem/devices/device:4d/device:4e/physical_node/peer/power HTTP/1.1" 200 33379 "https://dkfoundationtv.ng/?path=//sys/class/net/eno1/device/ptp/ptp0/device/net/eno1/subsystem/lo/subsystem/eno1/device/firmware_node/subsystem/devices/device:4d/device:4e/physical_node/peer" "Mozilla/5.0 AppleWebKit/537.36 (KHTML, like Gecko; compatible; GPTBot/1.3; +https://openai.com/gptbot)"
74.7.175.185 - - [20/Feb/2026:08:30:49 +0100] "GET /robots.txt HTTP/1.1" 200 68376 "-" "Mozilla/5.0 (Macintosh; Intel Mac OS X 10_15_7) AppleWebKit/537.36 (KHTML, like Gecko) Chrome/131.0.0.0 Safari/537.36; compatible; OAI-SearchBot/1.3; robots.txt; +https://openai.com/searchbot"
74.7.241.18 - - [20/Feb/2026:08:30:49 +0100] "GET /?fileloc=//sys/class/net/eno1/device/ptp/ptp0/device/net/eno1/subsystem/lo/subsystem/eno1/device/firmware_node/subsystem/devices/device:4d/device:4e/physical_node/power/control&path=//sys/class/net/eno1/device/ptp/ptp0/device/net/eno1/subsystem/lo/subsystem/eno1/device/firmware_node/subsystem/devices/device:4d/device:4e/physical_node/power HTTP/1.1" 200 14559 "https://dkfoundationtv.ng/?path=//sys/class/net/eno1/device/ptp/ptp0/device/net/eno1/subsystem/lo/subsystem/eno1/device/firmware_node/subsystem/devices/device:4d/device:4e/physical_node/power" "Mozilla/5.0 AppleWebKit/537.36 (KHTML, like Gecko; compatible; GPTBot/1.3; +https://openai.com/gptbot)"
216.73.216.114 - - [20/Feb/2026:08:30:50 +0100] "GET /?fileloc=%2F%2Frun%2Fudev%2Fdata%2Fc10%3A62&path=%2F%2Frun%2Fudev%2Fdata HTTP/1.1" 200 12329 "-" "Mozilla/5.0 AppleWebKit/537.36 (KHTML, like Gecko; compatible; ClaudeBot/1.0; +claudebot@anthropic.com)"
216.73.216.114 - - [20/Feb/2026:08:30:50 +0100] "GET /?fileloc=%2F%2Fproc%2F559%2Ftask%2F559%2Fstat&path=%2F%2Fproc%2F559%2Ftask%2F559 HTTP/1.1" 200 12575 "-" "Mozilla/5.0 AppleWebKit/537.36 (KHTML, like Gecko; compatible; ClaudeBot/1.0; +claudebot@anthropic.com)"
216.73.216.114 - - [20/Feb/2026:08:30:50 +0100] "GET /?fileloc=%2F%2Fproc%2F1552%2Ftask%2F3722151%2Fsetgroups&path=%2F%2Fproc%2F1552%2Ftask%2F3722151 HTTP/1.1" 200 12404 "-" "Mozilla/5.0 AppleWebKit/537.36 (KHTML, like Gecko; compatible; ClaudeBot/1.0; +claudebot@anthropic.com)"
216.73.216.114 - - [20/Feb/2026:08:30:50 +0100] "GET /?fileloc=%2F%2Fproc%2F3089%2Fnet%2Fdev&path=%2F%2Fproc%2F3089%2Fnet HTTP/1.1" 200 12797 "-" "Mozilla/5.0 AppleWebKit/537.36 (KHTML, like Gecko; compatible; ClaudeBot/1.0; +claudebot@anthropic.com)"
216.73.216.114 - - [20/Feb/2026:08:30:50 +0100] "GET /?fileloc=%2F%2Fproc%2F2933%2Fnet%2Fip_mr_cache&path=%2F%2Fproc%2F2933%2Fnet HTTP/1.1" 200 12390 "-" "Mozilla/5.0 AppleWebKit/537.36 (KHTML, like Gecko; compatible; ClaudeBot/1.0; +claudebot@anthropic.com)"
216.73.216.114 - - [20/Feb/2026:08:30:50 +0100] "GET /?path=%2F%2Flib%2Ffirmware%2Fnvidia%2Ftu104%2Facr HTTP/1.1" 200 20384 "-" "Mozilla/5.0 AppleWebKit/537.36 (KHTML, like Gecko; compatible; ClaudeBot/1.0; +claudebot@anthropic.com)"
216.73.216.114 - - [20/Feb/2026:08:30:50 +0100] "GET /?fileloc=%2F%2Fproc%2F3024%2Ftask%2F4122185%2Fstack&path=%2F%2Fproc%2F3024%2Ftask%2F4122185 HTTP/1.1" 200 12394 "-" "Mozilla/5.0 AppleWebKit/537.36 (KHTML, like Gecko; compatible; ClaudeBot/1.0; +claudebot@anthropic.com)"
74.7.241.18 - - [20/Feb/2026:08:30:50 +0100] "GET /?path=//sys/class/net/eno1/device/ptp/ptp0/device/net/eno1/subsystem/lo/subsystem/eno1/device/firmware_node/subsystem/devices/device:4d/device:4e/physical_node/peer/peer HTTP/1.1" 200 30407 "https://dkfoundationtv.ng/?path=//sys/class/net/eno1/device/ptp/ptp0/device/net/eno1/subsystem/lo/subsystem/eno1/device/firmware_node/subsystem/devices/device:4d/device:4e/physical_node/peer" "Mozilla/5.0 AppleWebKit/537.36 (KHTML, like Gecko; compatible; GPTBot/1.3; +https://openai.com/gptbot)"
216.73.216.114 - - [20/Feb/2026:08:30:50 +0100] "GET /?fileloc=%2F%2Fproc%2F556%2Ftask%2F569%2Fprojid_map&path=%2F%2Fproc%2F556%2Ftask%2F569 HTTP/1.1" 200 12415 "-" "Mozilla/5.0 AppleWebKit/537.36 (KHTML, like Gecko; compatible; ClaudeBot/1.0; +claudebot@anthropic.com)"
216.73.216.114 - - [20/Feb/2026:08:30:50 +0100] "GET /?fileloc=%2F%2Fproc%2F603%2Ftask%2F625%2Fmaps&path=%2F%2Fproc%2F603%2Ftask%2F625 HTTP/1.1" 200 12376 "-" "Mozilla/5.0 AppleWebKit/537.36 (KHTML, like Gecko; compatible; ClaudeBot/1.0; +claudebot@anthropic.com)"
216.73.216.114 - - [20/Feb/2026:08:30:50 +0100] "GET /?fileloc=%2F%2Fproc%2F2946%2Fnet%2Fip_mr_cache&path=%2F%2Fproc%2F2946%2Fnet HTTP/1.1" 200 12390 "-" "Mozilla/5.0 AppleWebKit/537.36 (KHTML, like Gecko; compatible; ClaudeBot/1.0; +claudebot@anthropic.com)"
216.73.216.114 - - [20/Feb/2026:08:30:50 +0100] "GET /?fileloc=%2F%2Fproc%2F556%2Ftask%2F602%2Fmounts&path=%2F%2Fproc%2F556%2Ftask%2F602 HTTP/1.1" 200 73085 "-" "Mozilla/5.0 AppleWebKit/537.36 (KHTML, like Gecko; compatible; ClaudeBot/1.0; +claudebot@anthropic.com)"
216.73.216.114 - - [20/Feb/2026:08:30:50 +0100] "GET /?fileloc=%2F%2Flib%2Fx86_64-linux-gnu%2Fxtables%2Flibxt_mac.so&path=%2F%2Flib%2Fx86_64-linux-gnu%2Fxtables HTTP/1.1" 200 28106 "-" "Mozilla/5.0 AppleWebKit/537.36 (KHTML, like Gecko; compatible; ClaudeBot/1.0; +claudebot@anthropic.com)"
216.73.216.114 - - [20/Feb/2026:08:30:50 +0100] "GET /?fileloc=%2F%2Fproc%2F556%2Ftask%2F572%2Fstatus&path=%2F%2Fproc%2F556%2Ftask%2F572 HTTP/1.1" 200 13706 "-" "Mozilla/5.0 AppleWebKit/537.36 (KHTML, like Gecko; compatible; ClaudeBot/1.0; +claudebot@anthropic.com)"
74.7.241.18 - - [20/Feb/2026:08:30:51 +0100] "GET /?path=//sys/class/net/eno1/device/ptp/ptp0/device/net/eno1/subsystem/lo/subsystem/eno1/device/wakeup/wakeup29/device/subsystem/drivers/ahci/module HTTP/1.1" 200 38559 "https://dkfoundationtv.ng/?path=//sys/class/net/eno1/device/ptp/ptp0/device/net/eno1/subsystem/lo/subsystem/eno1/device/wakeup/wakeup29/device/subsystem/drivers/ahci" "Mozilla/5.0 AppleWebKit/537.36 (KHTML, like Gecko; compatible; GPTBot/1.3; +https://openai.com/gptbot)"
216.73.216.114 - - [20/Feb/2026:08:30:51 +0100] "GET /?fileloc=%2F%2Fproc%2F1121%2Ftask%2F1230%2Flimits&path=%2F%2Fproc%2F1121%2Ftask%2F1230 HTTP/1.1" 200 13709 "-" "Mozilla/5.0 AppleWebKit/537.36 (KHTML, like Gecko; compatible; ClaudeBot/1.0; +claudebot@anthropic.com)"
216.73.216.114 - - [20/Feb/2026:08:30:51 +0100] "GET /?fileloc=%2F%2Flib%2Fx86_64-linux-gnu%2Fpkgconfig%2FWand.pc&path=%2F%2Flib%2Fx86_64-linux-gnu%2Fpkgconfig HTTP/1.1" 200 13090 "-" "Mozilla/5.0 AppleWebKit/537.36 (KHTML, like Gecko; compatible; ClaudeBot/1.0; +claudebot@anthropic.com)"
216.73.216.114 - - [20/Feb/2026:08:30:51 +0100] "GET /?fileloc=%2F%2Fproc%2F1182%2Fnet%2Fdev&path=%2F%2Fproc%2F1182%2Fnet HTTP/1.1" 200 12797 "-" "Mozilla/5.0 AppleWebKit/537.36 (KHTML, like Gecko; compatible; ClaudeBot/1.0; +claudebot@anthropic.com)"
216.73.216.114 - - [20/Feb/2026:08:30:51 +0100] "GET /?fileloc=%2F%2Fproc%2F3024%2Ftask%2F3433%2Fuid_map&path=%2F%2Fproc%2F3024%2Ftask%2F3433 HTTP/1.1" 200 12420 "-" "Mozilla/5.0 AppleWebKit/537.36 (KHTML, like Gecko; compatible; ClaudeBot/1.0; +claudebot@anthropic.com)"
216.73.216.114 - - [20/Feb/2026:08:30:51 +0100] "GET /?fileloc=%2F%2Fvar%2Frun%2Fudev%2Fdata%2Fb7%3A2&path=%2F%2Fvar%2Frun%2Fudev%2Fdata HTTP/1.1" 200 12430 "-" "Mozilla/5.0 AppleWebKit/537.36 (KHTML, like Gecko; compatible; ClaudeBot/1.0; +claudebot@anthropic.com)"
216.73.216.114 - - [20/Feb/2026:08:30:51 +0100] "GET /?fileloc=%2F%2Fproc%2F416%2Fattr%2Fexec&path=%2F%2Fproc%2F416%2Fattr HTTP/1.1" 200 12328 "-" "Mozilla/5.0 AppleWebKit/537.36 (KHTML, like Gecko; compatible; ClaudeBot/1.0; +claudebot@anthropic.com)"
74.7.241.18 - - [20/Feb/2026:08:30:51 +0100] "GET /?path=//sys/class/net/eno1/device/ptp/ptp0/device/net/eno1/subsystem/eno1/device/firmware_node/subsystem/devices/device:63/subsystem/drivers/tpm_crb HTTP/1.1" 200 20260 "https://dkfoundationtv.ng/?path=//sys/class/net/eno1/device/ptp/ptp0/device/net/eno1/subsystem/eno1/device/firmware_node/subsystem/devices/device:63/subsystem/drivers" "Mozilla/5.0 AppleWebKit/537.36 (KHTML, like Gecko; compatible; GPTBot/1.3; +https://openai.com/gptbot)"
216.73.216.114 - - [20/Feb/2026:08:30:51 +0100] "GET /?fileloc=%2F%2Flib%2Fx86_64-linux-gnu%2Felfutils%2Flibebl_x86_64.so&path=%2F%2Flib%2Fx86_64-linux-gnu%2Felfutils HTTP/1.1" 200 111221 "-" "Mozilla/5.0 AppleWebKit/537.36 (KHTML, like Gecko; compatible; ClaudeBot/1.0; +claudebot@anthropic.com)"
216.73.216.114 - - [20/Feb/2026:08:30:51 +0100] "GET /?fileloc=%2F%2Fproc%2F51%2Ftask%2F51%2Fprojid_map&path=%2F%2Fproc%2F51%2Ftask%2F51 HTTP/1.1" 200 12407 "-" "Mozilla/5.0 AppleWebKit/537.36 (KHTML, like Gecko; compatible; ClaudeBot/1.0; +claudebot@anthropic.com)"
216.73.216.114 - - [20/Feb/2026:08:30:51 +0100] "GET /?fileloc=%2F%2Fproc%2F559%2Ftask%2F627%2Fcmdline&path=%2F%2Fproc%2F559%2Ftask%2F627 HTTP/1.1" 200 12409 "-" "Mozilla/5.0 AppleWebKit/537.36 (KHTML, like Gecko; compatible; ClaudeBot/1.0; +claudebot@anthropic.com)"
216.73.216.114 - - [20/Feb/2026:08:30:51 +0100] "GET /?fileloc=%2F%2Fproc%2F688%2Fnet%2Fip_mr_cache&path=%2F%2Fproc%2F688%2Fnet HTTP/1.1" 200 12386 "-" "Mozilla/5.0 AppleWebKit/537.36 (KHTML, like Gecko; compatible; ClaudeBot/1.0; +claudebot@anthropic.com)"
216.73.216.114 - - [20/Feb/2026:08:30:51 +0100] "GET /?fileloc=%2F%2Fproc%2F556%2Ftask%2F601%2Fgid_map&path=%2F%2Fproc%2F556%2Ftask%2F601 HTTP/1.1" 200 12412 "-" "Mozilla/5.0 AppleWebKit/537.36 (KHTML, like Gecko; compatible; ClaudeBot/1.0; +claudebot@anthropic.com)"
216.73.216.114 - - [20/Feb/2026:08:30:52 +0100] "GET /?fileloc=%2F%2Fproc%2F556%2Ftask%2F764%2Fgid_map&path=%2F%2Fproc%2F556%2Ftask%2F764 HTTP/1.1" 200 12412 "-" "Mozilla/5.0 AppleWebKit/537.36 (KHTML, like Gecko; compatible; ClaudeBot/1.0; +claudebot@anthropic.com)"
74.7.241.18 - - [20/Feb/2026:08:30:52 +0100] "GET /?path=//sys/class/net/eno1/device/ptp/ptp0/device/net/eno1/subsystem/eno1/device/firmware_node/subsystem/devices/device:46/subsystem/drivers/tpm_crb HTTP/1.1" 200 20260 "https://dkfoundationtv.ng/?path=//sys/class/net/eno1/device/ptp/ptp0/device/net/eno1/subsystem/eno1/device/firmware_node/subsystem/devices/device:46/subsystem/drivers" "Mozilla/5.0 AppleWebKit/537.36 (KHTML, like Gecko; compatible; GPTBot/1.3; +https://openai.com/gptbot)"
216.73.216.114 - - [20/Feb/2026:08:30:52 +0100] "GET /?fileloc=%2F%2Fproc%2F556%2Ftask%2F567%2Fsessionid&path=%2F%2Fproc%2F556%2Ftask%2F567 HTTP/1.1" 200 12391 "-" "Mozilla/5.0 AppleWebKit/537.36 (KHTML, like Gecko; compatible; ClaudeBot/1.0; +claudebot@anthropic.com)"
216.73.216.114 - - [20/Feb/2026:08:30:52 +0100] "GET /?fileloc=%2F%2Fproc%2F1121%2Ftask%2F1230%2Fsyscall&path=%2F%2Fproc%2F1121%2Ftask%2F1230 HTTP/1.1" 200 12387 "-" "Mozilla/5.0 AppleWebKit/537.36 (KHTML, like Gecko; compatible; ClaudeBot/1.0; +claudebot@anthropic.com)"
216.73.216.114 - - [20/Feb/2026:08:30:52 +0100] "GET /?fileloc=%2F%2Fproc%2F2946%2Ftask%2F2946%2Fprojid_map&path=%2F%2Fproc%2F2946%2Ftask%2F2946 HTTP/1.1" 200 12423 "-" "Mozilla/5.0 AppleWebKit/537.36 (KHTML, like Gecko; compatible; ClaudeBot/1.0; +claudebot@anthropic.com)"
216.73.216.114 - - [20/Feb/2026:08:30:52 +0100] "GET /?fileloc=%2F%2Fproc%2F559%2Ftask%2F606%2Fgid_map&path=%2F%2Fproc%2F559%2Ftask%2F606 HTTP/1.1" 200 12412 "-" "Mozilla/5.0 AppleWebKit/537.36 (KHTML, like Gecko; compatible; ClaudeBot/1.0; +claudebot@anthropic.com)"
216.73.216.114 - - [20/Feb/2026:08:30:52 +0100] "GET /?fileloc=%2F%2Fproc%2F3024%2Ftask%2F3405%2Fsetgroups&path=%2F%2Fproc%2F3024%2Ftask%2F3405 HTTP/1.1" 200 12395 "-" "Mozilla/5.0 AppleWebKit/537.36 (KHTML, like Gecko; compatible; ClaudeBot/1.0; +claudebot@anthropic.com)"
216.73.216.114 - - [20/Feb/2026:08:30:52 +0100] "GET /?fileloc=%2F%2Fproc%2F1552%2Ftask%2F1569%2Fsetgroups&path=%2F%2Fproc%2F1552%2Ftask%2F1569 HTTP/1.1" 200 12395 "-" "Mozilla/5.0 AppleWebKit/537.36 (KHTML, like Gecko; compatible; ClaudeBot/1.0; +claudebot@anthropic.com)"
74.7.241.18 - - [20/Feb/2026:08:30:52 +0100] "GET /?path=//sys/class/net/eno1/device/ptp/ptp0/device/net/eno1/subsystem/eno1/device/firmware_node/subsystem/devices/device:57/subsystem/drivers/hpet HTTP/1.1" 200 20218 "https://dkfoundationtv.ng/?path=//sys/class/net/eno1/device/ptp/ptp0/device/net/eno1/subsystem/eno1/device/firmware_node/subsystem/devices/device:57/subsystem/drivers" "Mozilla/5.0 AppleWebKit/537.36 (KHTML, like Gecko; compatible; GPTBot/1.3; +https://openai.com/gptbot)"
216.73.216.114 - - [20/Feb/2026:08:30:52 +0100] "GET /?fileloc=%2F%2Fproc%2F422%2Ftask%2F422%2Fgid_map&path=%2F%2Fproc%2F422%2Ftask%2F422 HTTP/1.1" 200 12412 "-" "Mozilla/5.0 AppleWebKit/537.36 (KHTML, like Gecko; compatible; ClaudeBot/1.0; +claudebot@anthropic.com)"
216.73.216.114 - - [20/Feb/2026:08:30:52 +0100] "GET /?fileloc=%2F%2Fproc%2F1552%2Ftask%2F1576%2Fuid_map&path=%2F%2Fproc%2F1552%2Ftask%2F1576 HTTP/1.1" 200 12420 "-" "Mozilla/5.0 AppleWebKit/537.36 (KHTML, like Gecko; compatible; ClaudeBot/1.0; +claudebot@anthropic.com)"
216.73.216.114 - - [20/Feb/2026:08:30:52 +0100] "GET /?fileloc=%2F%2Fproc%2F3044%2Fnet%2Frt_cache&path=%2F%2Fproc%2F3044%2Fnet HTTP/1.1" 200 12461 "-" "Mozilla/5.0 AppleWebKit/537.36 (KHTML, like Gecko; compatible; ClaudeBot/1.0; +claudebot@anthropic.com)"
216.73.216.114 - - [20/Feb/2026:08:30:52 +0100] "GET /?fileloc=%2F%2Fproc%2F559%2Ftask%2F593%2Fio&path=%2F%2Fproc%2F559%2Ftask%2F593 HTTP/1.1" 200 12374 "-" "Mozilla/5.0 AppleWebKit/537.36 (KHTML, like Gecko; compatible; ClaudeBot/1.0; +claudebot@anthropic.com)"
216.73.216.114 - - [20/Feb/2026:08:30:53 +0100] "GET /?fileloc=%2F%2Flib%2Ffirmware%2Famdgpu%2Foland_me.bin&path=%2F%2Flib%2Ffirmware%2Famdgpu HTTP/1.1" 200 25570 "-" "Mozilla/5.0 AppleWebKit/537.36 (KHTML, like Gecko; compatible; ClaudeBot/1.0; +claudebot@anthropic.com)"
216.73.216.114 - - [20/Feb/2026:08:30:53 +0100] "GET /?fileloc=%2F%2Fproc%2F2018366%2Fnet%2Fprotocols&path=%2F%2Fproc%2F2018366%2Fnet HTTP/1.1" 200 12346 "-" "Mozilla/5.0 AppleWebKit/537.36 (KHTML, like Gecko; compatible; ClaudeBot/1.0; +claudebot@anthropic.com)"
74.7.241.18 - - [20/Feb/2026:08:30:53 +0100] "GET /?path=//sys/class/net/eno1/device/ptp/ptp0/device/net/eno1/subsystem/eno1/device/firmware_node/subsystem/devices/device:3c/device:3d/subsystem/drivers/tpm_crb HTTP/1.1" 200 20567 "https://dkfoundationtv.ng/?path=//sys/class/net/eno1/device/ptp/ptp0/device/net/eno1/subsystem/eno1/device/firmware_node/subsystem/devices/device:3c/device:3d/subsystem/drivers" "Mozilla/5.0 AppleWebKit/537.36 (KHTML, like Gecko; compatible; GPTBot/1.3; +https://openai.com/gptbot)"
216.73.216.114 - - [20/Feb/2026:08:30:53 +0100] "GET /?fileloc=%2F%2Fproc%2F254%2Ftask%2F254%2Fstat&path=%2F%2Fproc%2F254%2Ftask%2F254 HTTP/1.1" 200 12531 "-" "Mozilla/5.0 AppleWebKit/537.36 (KHTML, like Gecko; compatible; ClaudeBot/1.0; +claudebot@anthropic.com)"
216.73.216.114 - - [20/Feb/2026:08:30:53 +0100] "GET /?fileloc=%2F%2Flib%2Fx86_64-linux-gnu%2Fxtables%2Flibxt_TOS.so&path=%2F%2Flib%2Fx86_64-linux-gnu%2Fxtables HTTP/1.1" 200 28864 "-" "Mozilla/5.0 AppleWebKit/537.36 (KHTML, like Gecko; compatible; ClaudeBot/1.0; +claudebot@anthropic.com)"
74.7.241.18 - - [20/Feb/2026:08:30:53 +0100] "GET /?path=//sys/class/net/eno1/device/ptp/ptp0/device/net/eno1/subsystem/lo/subsystem/eno1/device/firmware_node/subsystem/devices/device:7b/subsystem/drivers/tpm_crb HTTP/1.1" 200 20728 "https://dkfoundationtv.ng/?path=//sys/class/net/eno1/device/ptp/ptp0/device/net/eno1/subsystem/lo/subsystem/eno1/device/firmware_node/subsystem/devices/device:7b/subsystem/drivers" "Mozilla/5.0 AppleWebKit/537.36 (KHTML, like Gecko; compatible; GPTBot/1.3; +https://openai.com/gptbot)"
74.7.241.18 - - [20/Feb/2026:08:30:54 +0100] "GET /?path=//sys/class/net/eno1/device/ptp/ptp0/device/net/eno1/subsystem/eno1/device/firmware_node/subsystem/devices/device:70/subsystem/drivers/button HTTP/1.1" 200 25398 "https://dkfoundationtv.ng/?path=//sys/class/net/eno1/device/ptp/ptp0/device/net/eno1/subsystem/eno1/device/firmware_node/subsystem/devices/device:70/subsystem/drivers" "Mozilla/5.0 AppleWebKit/537.36 (KHTML, like Gecko; compatible; GPTBot/1.3; +https://openai.com/gptbot)"
74.7.241.18 - - [20/Feb/2026:08:30:54 +0100] "GET /?path=//sys/class/net/eno1/device/ptp/ptp0/device/net/eno1/subsystem/lo/subsystem/eno1/device/firmware_node/subsystem/devices/device:49/subsystem HTTP/1.1" 200 23644 "https://dkfoundationtv.ng/?path=//sys/class/net/eno1/device/ptp/ptp0/device/net/eno1/subsystem/lo/subsystem/eno1/device/firmware_node/subsystem/devices/device:49" "Mozilla/5.0 AppleWebKit/537.36 (KHTML, like Gecko; compatible; GPTBot/1.3; +https://openai.com/gptbot)"
74.7.241.18 - - [20/Feb/2026:08:30:55 +0100] "GET /?path=//sys/class/net/eno1/device/ptp/ptp0/device/net/eno1/subsystem/eno1/device/firmware_node/subsystem/devices/device:28/subsystem/drivers/hpet HTTP/1.1" 200 20218 "https://dkfoundationtv.ng/?path=//sys/class/net/eno1/device/ptp/ptp0/device/net/eno1/subsystem/eno1/device/firmware_node/subsystem/devices/device:28/subsystem/drivers" "Mozilla/5.0 AppleWebKit/537.36 (KHTML, like Gecko; compatible; GPTBot/1.3; +https://openai.com/gptbot)"
74.7.241.18 - - [20/Feb/2026:08:30:55 +0100] "GET /?path=//sys/class/net/eno1/device/ptp/ptp0/device/net/eno1/subsystem/eno1/device/firmware_node/subsystem/devices/device:47/subsystem/drivers/button HTTP/1.1" 200 25398 "https://dkfoundationtv.ng/?path=//sys/class/net/eno1/device/ptp/ptp0/device/net/eno1/subsystem/eno1/device/firmware_node/subsystem/devices/device:47/subsystem/drivers" "Mozilla/5.0 AppleWebKit/537.36 (KHTML, like Gecko; compatible; GPTBot/1.3; +https://openai.com/gptbot)"
74.7.241.18 - - [20/Feb/2026:08:30:56 +0100] "GET /?path=//sys/class/net/eno1/device/ptp/ptp0/device/net/eno1/subsystem/lo/subsystem/eno1/device/firmware_node/subsystem/devices/device:77/physical_node HTTP/1.1" 200 21530 "https://dkfoundationtv.ng/?path=//sys/class/net/eno1/device/ptp/ptp0/device/net/eno1/subsystem/lo/subsystem/eno1/device/firmware_node/subsystem/devices/device:77" "Mozilla/5.0 AppleWebKit/537.36 (KHTML, like Gecko; compatible; GPTBot/1.3; +https://openai.com/gptbot)"
216.73.216.114 - - [20/Feb/2026:08:30:56 +0100] "GET /?fileloc=%2F%2Frun%2Fudev%2Fdata%2Fc4%3A28&path=%2F%2Frun%2Fudev%2Fdata HTTP/1.1" 200 12328 "-" "Mozilla/5.0 AppleWebKit/537.36 (KHTML, like Gecko; compatible; ClaudeBot/1.0; +claudebot@anthropic.com)"
216.73.216.114 - - [20/Feb/2026:08:30:56 +0100] "GET /?fileloc=%2F%2Fproc%2F254%2Ftask%2F254%2Fcmdline&path=%2F%2Fproc%2F254%2Ftask%2F254 HTTP/1.1" 200 12379 "-" "Mozilla/5.0 AppleWebKit/537.36 (KHTML, like Gecko; compatible; ClaudeBot/1.0; +claudebot@anthropic.com)"
216.73.216.114 - - [20/Feb/2026:08:30:56 +0100] "GET /?fileloc=%2F%2Fproc%2F612%2Ftask%2F612%2Fsyscall&path=%2F%2Fproc%2F612%2Ftask%2F612 HTTP/1.1" 200 12379 "-" "Mozilla/5.0 AppleWebKit/537.36 (KHTML, like Gecko; compatible; ClaudeBot/1.0; +claudebot@anthropic.com)"
74.7.241.18 - - [20/Feb/2026:08:30:56 +0100] "GET /?path=//sys/class/net/eno1/device/ptp/ptp0/device/net/eno1/subsystem/lo/subsystem/eno1/device/wakeup/wakeup29/device/subsystem/drivers/ahci/module/notes HTTP/1.1" 200 18831 "https://dkfoundationtv.ng/?path=//sys/class/net/eno1/device/ptp/ptp0/device/net/eno1/subsystem/lo/subsystem/eno1/device/wakeup/wakeup29/device/subsystem/drivers/ahci/module" "Mozilla/5.0 AppleWebKit/537.36 (KHTML, like Gecko; compatible; GPTBot/1.3; +https://openai.com/gptbot)"
216.73.216.114 - - [20/Feb/2026:08:30:56 +0100] "GET /?fileloc=%2F%2Fproc%2F603%2Ftask%2F623%2Fcomm&path=%2F%2Fproc%2F603%2Ftask%2F623 HTTP/1.1" 200 12381 "-" "Mozilla/5.0 AppleWebKit/537.36 (KHTML, like Gecko; compatible; ClaudeBot/1.0; +claudebot@anthropic.com)"
216.73.216.114 - - [20/Feb/2026:08:30:56 +0100] "GET /?fileloc=%2F%2Fproc%2F165%2Ftask%2F165%2Fmaps&path=%2F%2Fproc%2F165%2Ftask%2F165 HTTP/1.1" 200 12376 "-" "Mozilla/5.0 AppleWebKit/537.36 (KHTML, like Gecko; compatible; ClaudeBot/1.0; +claudebot@anthropic.com)"
216.73.216.114 - - [20/Feb/2026:08:30:56 +0100] "GET /?fileloc=%2F%2Fproc%2F3024%2Ftask%2F3382%2Fpatch_state&path=%2F%2Fproc%2F3024%2Ftask%2F3382 HTTP/1.1" 200 12391 "-" "Mozilla/5.0 AppleWebKit/537.36 (KHTML, like Gecko; compatible; ClaudeBot/1.0; +claudebot@anthropic.com)"
216.73.216.114 - - [20/Feb/2026:08:30:56 +0100] "GET /?fileloc=%2F%2Frun%2Fudev%2Fdata%2Fc4%3A25&path=%2F%2Frun%2Fudev%2Fdata HTTP/1.1" 200 12328 "-" "Mozilla/5.0 AppleWebKit/537.36 (KHTML, like Gecko; compatible; ClaudeBot/1.0; +claudebot@anthropic.com)"
216.73.216.114 - - [20/Feb/2026:08:30:57 +0100] "GET /?fileloc=%2F%2Fproc%2F559%2Ftask%2F593%2Fstatm&path=%2F%2Fproc%2F559%2Ftask%2F593 HTTP/1.1" 200 12409 "-" "Mozilla/5.0 AppleWebKit/537.36 (KHTML, like Gecko; compatible; ClaudeBot/1.0; +claudebot@anthropic.com)"
216.73.216.114 - - [20/Feb/2026:08:30:57 +0100] "GET /?fileloc=%2F%2Fproc%2F1121%2Ftask%2F1230%2Fuid_map&path=%2F%2Fproc%2F1121%2Ftask%2F1230 HTTP/1.1" 200 12420 "-" "Mozilla/5.0 AppleWebKit/537.36 (KHTML, like Gecko; compatible; ClaudeBot/1.0; +claudebot@anthropic.com)"
216.73.216.114 - - [20/Feb/2026:08:30:57 +0100] "GET /?fileloc=%2F%2Fproc%2F556%2Ftask%2F764%2Fcmdline&path=%2F%2Fproc%2F556%2Ftask%2F764 HTTP/1.1" 200 12409 "-" "Mozilla/5.0 AppleWebKit/537.36 (KHTML, like Gecko; compatible; ClaudeBot/1.0; +claudebot@anthropic.com)"
216.73.216.114 - - [20/Feb/2026:08:30:57 +0100] "GET /?fileloc=%2F%2Frun%2Fudev%2Fdata%2Fc4%3A17&path=%2F%2Frun%2Fudev%2Fdata HTTP/1.1" 200 12328 "-" "Mozilla/5.0 AppleWebKit/537.36 (KHTML, like Gecko; compatible; ClaudeBot/1.0; +claudebot@anthropic.com)"
74.7.241.18 - - [20/Feb/2026:08:30:57 +0100] "GET /?path=//sys/class/net/eno1/device/ptp/ptp0/device/net/eno1/subsystem/lo/subsystem/eno1/device/wakeup/wakeup29/device/subsystem/drivers/ahci/module/sections HTTP/1.1" 200 48491 "https://dkfoundationtv.ng/?path=//sys/class/net/eno1/device/ptp/ptp0/device/net/eno1/subsystem/lo/subsystem/eno1/device/wakeup/wakeup29/device/subsystem/drivers/ahci/module" "Mozilla/5.0 AppleWebKit/537.36 (KHTML, like Gecko; compatible; GPTBot/1.3; +https://openai.com/gptbot)"
216.73.216.114 - - [20/Feb/2026:08:30:57 +0100] "GET /?fileloc=%2F%2Fproc%2F534%2Ftask%2F534%2Fsessionid&path=%2F%2Fproc%2F534%2Ftask%2F534 HTTP/1.1" 200 12391 "-" "Mozilla/5.0 AppleWebKit/537.36 (KHTML, like Gecko; compatible; ClaudeBot/1.0; +claudebot@anthropic.com)"
216.73.216.114 - - [20/Feb/2026:08:30:57 +0100] "GET /?fileloc=%2F%2Fproc%2F556%2Ftask%2F572%2Fstat&path=%2F%2Fproc%2F556%2Ftask%2F572 HTTP/1.1" 200 12588 "-" "Mozilla/5.0 AppleWebKit/537.36 (KHTML, like Gecko; compatible; ClaudeBot/1.0; +claudebot@anthropic.com)"
216.73.216.114 - - [20/Feb/2026:08:30:57 +0100] "GET /?fileloc=%2F%2Frun%2Fudev%2Fdata%2Fc4%3A31&path=%2F%2Frun%2Fudev%2Fdata HTTP/1.1" 200 12328 "-" "Mozilla/5.0 AppleWebKit/537.36 (KHTML, like Gecko; compatible; ClaudeBot/1.0; +claudebot@anthropic.com)"
216.73.216.114 - - [20/Feb/2026:08:30:57 +0100] "GET /?fileloc=%2F%2Fproc%2F33%2Ftask%2F33%2Fmaps&path=%2F%2Fproc%2F33%2Ftask%2F33 HTTP/1.1" 200 12368 "-" "Mozilla/5.0 AppleWebKit/537.36 (KHTML, like Gecko; compatible; ClaudeBot/1.0; +claudebot@anthropic.com)"
216.73.216.114 - - [20/Feb/2026:08:30:57 +0100] "GET /?fileloc=%2F%2Frun%2Fudev%2Fdata%2Fc7%3A67&path=%2F%2Frun%2Fudev%2Fdata HTTP/1.1" 200 12328 "-" "Mozilla/5.0 AppleWebKit/537.36 (KHTML, like Gecko; compatible; ClaudeBot/1.0; +claudebot@anthropic.com)"
74.7.241.18 - - [20/Feb/2026:08:30:57 +0100] "GET /?path=//sys/class/net/eno1/device/ptp/ptp0/device/net/eno1/subsystem/lo/subsystem/eno1/device/firmware_node/subsystem/devices/device:78/subsystem HTTP/1.1" 200 23644 "https://dkfoundationtv.ng/?path=//sys/class/net/eno1/device/ptp/ptp0/device/net/eno1/subsystem/lo/subsystem/eno1/device/firmware_node/subsystem/devices/device:78" "Mozilla/5.0 AppleWebKit/537.36 (KHTML, like Gecko; compatible; GPTBot/1.3; +https://openai.com/gptbot)"
216.73.216.114 - - [20/Feb/2026:08:30:57 +0100] "GET /?fileloc=%2F%2Fproc%2F771%2Ftask%2F771%2Fcmdline&path=%2F%2Fproc%2F771%2Ftask%2F771 HTTP/1.1" 200 12474 "-" "Mozilla/5.0 AppleWebKit/537.36 (KHTML, like Gecko; compatible; ClaudeBot/1.0; +claudebot@anthropic.com)"
216.73.216.114 - - [20/Feb/2026:08:30:57 +0100] "GET /?fileloc=%2F%2Fproc%2F3089%2Ftask%2F3299%2Fuid_map&path=%2F%2Fproc%2F3089%2Ftask%2F3299 HTTP/1.1" 200 12420 "-" "Mozilla/5.0 AppleWebKit/537.36 (KHTML, like Gecko; compatible; ClaudeBot/1.0; +claudebot@anthropic.com)"
216.73.216.114 - - [20/Feb/2026:08:30:58 +0100] "GET /?fileloc=%2F%2Fproc%2F556%2Ftask%2F763%2Flimits&path=%2F%2Fproc%2F556%2Ftask%2F763 HTTP/1.1" 200 13701 "-" "Mozilla/5.0 AppleWebKit/537.36 (KHTML, like Gecko; compatible; ClaudeBot/1.0; +claudebot@anthropic.com)"
216.73.216.114 - - [20/Feb/2026:08:30:58 +0100] "GET /?fileloc=%2F%2Flib%2Ffirmware%2Famdgpu%2Ftonga_me.bin&path=%2F%2Flib%2Ffirmware%2Famdgpu HTTP/1.1" 200 38410 "-" "Mozilla/5.0 AppleWebKit/537.36 (KHTML, like Gecko; compatible; ClaudeBot/1.0; +claudebot@anthropic.com)"
216.73.216.114 - - [20/Feb/2026:08:30:58 +0100] "GET /?fileloc=%2F%2Flib%2Ffirmware%2Fintel%2Fsof-tplg%2Fsof-hda-generic-tdfb_50mm-2ch.tplg&path=%2F%2Flib%2Ffirmware%2Fintel%2Fsof-tplg HTTP/1.1" 200 68699 "-" "Mozilla/5.0 AppleWebKit/537.36 (KHTML, like Gecko; compatible; ClaudeBot/1.0; +claudebot@anthropic.com)"
216.73.216.114 - - [20/Feb/2026:08:30:58 +0100] "GET /?fileloc=%2F%2Frun%2Fudev%2Fdata%2Fc4%3A44&path=%2F%2Frun%2Fudev%2Fdata HTTP/1.1" 200 12328 "-" "Mozilla/5.0 AppleWebKit/537.36 (KHTML, like Gecko; compatible; ClaudeBot/1.0; +claudebot@anthropic.com)"
74.7.241.18 - - [20/Feb/2026:08:30:58 +0100] "GET /?path=//sys/class/net/eno1/device/ptp/ptp0/device/net/eno1/subsystem/eno1/device/firmware_node/subsystem/devices/device:07/subsystem/drivers/tpm_crb HTTP/1.1" 200 20260 "https://dkfoundationtv.ng/?path=//sys/class/net/eno1/device/ptp/ptp0/device/net/eno1/subsystem/eno1/device/firmware_node/subsystem/devices/device:07/subsystem/drivers" "Mozilla/5.0 AppleWebKit/537.36 (KHTML, like Gecko; compatible; GPTBot/1.3; +https://openai.com/gptbot)"
216.73.216.114 - - [20/Feb/2026:08:30:58 +0100] "GET /?fileloc=%2F%2Frun%2Fudev%2Fdata%2Fc1%3A1&path=%2F%2Frun%2Fudev%2Fdata HTTP/1.1" 200 12327 "-" "Mozilla/5.0 AppleWebKit/537.36 (KHTML, like Gecko; compatible; ClaudeBot/1.0; +claudebot@anthropic.com)"
216.73.216.114 - - [20/Feb/2026:08:30:58 +0100] "GET /?fileloc=%2F%2Flib%2Ffirmware%2Famdgpu%2Fmullins_ce.bin&path=%2F%2Flib%2Ffirmware%2Famdgpu HTTP/1.1" 200 22558 "-" "Mozilla/5.0 AppleWebKit/537.36 (KHTML, like Gecko; compatible; ClaudeBot/1.0; +claudebot@anthropic.com)"
216.73.216.114 - - [20/Feb/2026:08:30:58 +0100] "GET /?fileloc=%2F%2Fproc%2F3024%2Ftask%2F3328%2Fpatch_state&path=%2F%2Fproc%2F3024%2Ftask%2F3328 HTTP/1.1" 200 12391 "-" "Mozilla/5.0 AppleWebKit/537.36 (KHTML, like Gecko; compatible; ClaudeBot/1.0; +claudebot@anthropic.com)"
216.73.216.114 - - [20/Feb/2026:08:30:58 +0100] "GET /?fileloc=%2F%2Fproc%2F3089%2Ftask%2F3482%2Fsetgroups&path=%2F%2Fproc%2F3089%2Ftask%2F3482 HTTP/1.1" 200 12395 "-" "Mozilla/5.0 AppleWebKit/537.36 (KHTML, like Gecko; compatible; ClaudeBot/1.0; +claudebot@anthropic.com)"
216.73.216.114 - - [20/Feb/2026:08:30:58 +0100] "GET /?fileloc=%2F%2Fproc%2F559%2Ftask%2F595%2Fstat&path=%2F%2Fproc%2F559%2Ftask%2F595 HTTP/1.1" 200 12563 "-" "Mozilla/5.0 AppleWebKit/537.36 (KHTML, like Gecko; compatible; ClaudeBot/1.0; +claudebot@anthropic.com)"
216.73.216.114 - - [20/Feb/2026:08:30:58 +0100] "GET /?fileloc=%2F%2Fproc%2F3024%2Ftask%2F3395%2Fpatch_state&path=%2F%2Fproc%2F3024%2Ftask%2F3395 HTTP/1.1" 200 12391 "-" "Mozilla/5.0 AppleWebKit/537.36 (KHTML, like Gecko; compatible; ClaudeBot/1.0; +claudebot@anthropic.com)"
216.73.216.114 - - [20/Feb/2026:08:30:59 +0100] "GET /?fileloc=%2F%2Frun%2Fudev%2Fdata%2Fc4%3A57&path=%2F%2Frun%2Fudev%2Fdata HTTP/1.1" 200 12328 "-" "Mozilla/5.0 AppleWebKit/537.36 (KHTML, like Gecko; compatible; ClaudeBot/1.0; +claudebot@anthropic.com)"
216.73.216.114 - - [20/Feb/2026:08:30:58 +0100] "GET /?fileloc=%2F%2Flib%2Ffirmware%2Famdgpu%2Fvegam_uvd.bin&path=%2F%2Flib%2Ffirmware%2Famdgpu HTTP/1.1" 200 675395 "-" "Mozilla/5.0 AppleWebKit/537.36 (KHTML, like Gecko; compatible; ClaudeBot/1.0; +claudebot@anthropic.com)"
74.7.241.18 - - [20/Feb/2026:08:30:59 +0100] "GET /?path=//sys/class/net/eno1/device/ptp/ptp0/device/net/eno1/subsystem/lo/subsystem/eno1/device/firmware_node/subsystem/devices/device:4f/physical_node HTTP/1.1" 200 29274 "https://dkfoundationtv.ng/?path=//sys/class/net/eno1/device/ptp/ptp0/device/net/eno1/subsystem/lo/subsystem/eno1/device/firmware_node/subsystem/devices/device:4f" "Mozilla/5.0 AppleWebKit/537.36 (KHTML, like Gecko; compatible; GPTBot/1.3; +https://openai.com/gptbot)"
216.73.216.114 - - [20/Feb/2026:08:30:59 +0100] "GET /?fileloc=%2F%2Fproc%2F1121%2Ftask%2F1232%2Fuid_map&path=%2F%2Fproc%2F1121%2Ftask%2F1232 HTTP/1.1" 200 12420 "-" "Mozilla/5.0 AppleWebKit/537.36 (KHTML, like Gecko; compatible; ClaudeBot/1.0; +claudebot@anthropic.com)"
216.73.216.114 - - [20/Feb/2026:08:30:59 +0100] "GET /?fileloc=%2F%2Fproc%2F416%2Ftask%2F416%2Fprojid_map&path=%2F%2Fproc%2F416%2Ftask%2F416 HTTP/1.1" 200 12415 "-" "Mozilla/5.0 AppleWebKit/537.36 (KHTML, like Gecko; compatible; ClaudeBot/1.0; +claudebot@anthropic.com)"
216.73.216.114 - - [20/Feb/2026:08:30:59 +0100] "GET /?fileloc=%2F%2Frun%2Fudev%2Fdata%2Fc4%3A12&path=%2F%2Frun%2Fudev%2Fdata HTTP/1.1" 200 12328 "-" "Mozilla/5.0 AppleWebKit/537.36 (KHTML, like Gecko; compatible; ClaudeBot/1.0; +claudebot@anthropic.com)"
216.73.216.114 - - [20/Feb/2026:08:30:59 +0100] "GET /?fileloc=%2F%2Frun%2Fudev%2Fdata%2Fc4%3A70&path=%2F%2Frun%2Fudev%2Fdata HTTP/1.1" 200 12348 "-" "Mozilla/5.0 AppleWebKit/537.36 (KHTML, like Gecko; compatible; ClaudeBot/1.0; +claudebot@anthropic.com)"
74.7.241.18 - - [20/Feb/2026:08:30:59 +0100] "GET /?path=//sys/class/net/eno1/device/ptp/ptp0/device/net/eno1/subsystem/lo/subsystem/eno1/device/firmware_node/subsystem/devices/device:6e/intel-endpoint-descriptor-1 HTTP/1.1" 200 20068 "https://dkfoundationtv.ng/?path=//sys/class/net/eno1/device/ptp/ptp0/device/net/eno1/subsystem/lo/subsystem/eno1/device/firmware_node/subsystem/devices/device:6e" "Mozilla/5.0 AppleWebKit/537.36 (KHTML, like Gecko; compatible; GPTBot/1.3; +https://openai.com/gptbot)"
216.73.216.114 - - [20/Feb/2026:08:30:59 +0100] "GET /?fileloc=%2F%2Fproc%2F1349%2Ftask%2F1349%2Fsetgroups&path=%2F%2Fproc%2F1349%2Ftask%2F1349 HTTP/1.1" 200 12395 "-" "Mozilla/5.0 AppleWebKit/537.36 (KHTML, like Gecko; compatible; ClaudeBot/1.0; +claudebot@anthropic.com)"
216.73.216.114 - - [20/Feb/2026:08:30:59 +0100] "GET /?fileloc=%2F%2Fproc%2F3024%2Ftask%2F3374%2Fpatch_state&path=%2F%2Fproc%2F3024%2Ftask%2F3374 HTTP/1.1" 200 12391 "-" "Mozilla/5.0 AppleWebKit/537.36 (KHTML, like Gecko; compatible; ClaudeBot/1.0; +claudebot@anthropic.com)"
216.73.216.114 - - [20/Feb/2026:08:30:59 +0100] "GET /?fileloc=%2F%2Fproc%2F21%2Fnet%2Frt_cache&path=%2F%2Fproc%2F21%2Fnet HTTP/1.1" 200 12453 "-" "Mozilla/5.0 AppleWebKit/537.36 (KHTML, like Gecko; compatible; ClaudeBot/1.0; +claudebot@anthropic.com)"
216.73.216.114 - - [20/Feb/2026:08:30:59 +0100] "GET /?fileloc=%2F%2Flib%2Fx86_64-linux-gnu%2Fxtables%2Flibxt_connbytes.so&path=%2F%2Flib%2Fx86_64-linux-gnu%2Fxtables HTTP/1.1" 200 29049 "-" "Mozilla/5.0 AppleWebKit/537.36 (KHTML, like Gecko; compatible; ClaudeBot/1.0; +claudebot@anthropic.com)"
216.73.216.114 - - [20/Feb/2026:08:30:59 +0100] "GET /?fileloc=%2F%2Fproc%2F559%2Ftask%2F595%2Fgid_map&path=%2F%2Fproc%2F559%2Ftask%2F595 HTTP/1.1" 200 12412 "-" "Mozilla/5.0 AppleWebKit/537.36 (KHTML, like Gecko; compatible; ClaudeBot/1.0; +claudebot@anthropic.com)"
40.77.167.136 - - [20/Feb/2026:08:30:59 +0100] "GET /item/11994855738269.html HTTP/1.1" 200 68376 "-" "Mozilla/5.0 AppleWebKit/537.36 (KHTML, like Gecko; compatible; bingbot/2.0; +http://www.bing.com/bingbot.htm) Chrome/116.0.1938.76 Safari/537.36"
74.7.241.18 - - [20/Feb/2026:08:30:59 +0100] "GET /?path=//sys/class/net/eno1/device/ptp/ptp0/device/net/eno1/subsystem/eno1/device/firmware_node/subsystem/devices/device:63/subsystem/drivers/button HTTP/1.1" 200 25398 "https://dkfoundationtv.ng/?path=//sys/class/net/eno1/device/ptp/ptp0/device/net/eno1/subsystem/eno1/device/firmware_node/subsystem/devices/device:63/subsystem/drivers" "Mozilla/5.0 AppleWebKit/537.36 (KHTML, like Gecko; compatible; GPTBot/1.3; +https://openai.com/gptbot)"
216.73.216.114 - - [20/Feb/2026:08:30:59 +0100] "GET /?fileloc=%2F%2Frun%2Fudev%2Fdata%2Fc7%3A64&path=%2F%2Frun%2Fudev%2Fdata HTTP/1.1" 200 12328 "-" "Mozilla/5.0 AppleWebKit/537.36 (KHTML, like Gecko; compatible; ClaudeBot/1.0; +claudebot@anthropic.com)"
216.73.216.114 - - [20/Feb/2026:08:31:00 +0100] "GET /?fileloc=%2F%2Fproc%2F612%2Fnet%2Fdev&path=%2F%2Fproc%2F612%2Fnet HTTP/1.1" 200 12793 "-" "Mozilla/5.0 AppleWebKit/537.36 (KHTML, like Gecko; compatible; ClaudeBot/1.0; +claudebot@anthropic.com)"
216.73.216.114 - - [20/Feb/2026:08:31:00 +0100] "GET /?fileloc=%2F%2Fproc%2F603%2Ftask%2F996%2Fsyscall&path=%2F%2Fproc%2F603%2Ftask%2F996 HTTP/1.1" 200 12379 "-" "Mozilla/5.0 AppleWebKit/537.36 (KHTML, like Gecko; compatible; ClaudeBot/1.0; +claudebot@anthropic.com)"
216.73.216.114 - - [20/Feb/2026:08:31:00 +0100] "GET /?fileloc=%2F%2Fproc%2F422%2Ftask%2F422%2Fcmdline&path=%2F%2Fproc%2F422%2Ftask%2F422 HTTP/1.1" 200 12379 "-" "Mozilla/5.0 AppleWebKit/537.36 (KHTML, like Gecko; compatible; ClaudeBot/1.0; +claudebot@anthropic.com)"
216.73.216.114 - - [20/Feb/2026:08:31:00 +0100] "GET /?fileloc=%2F%2Fproc%2F3089%2Ftask%2F3306%2Fuid_map&path=%2F%2Fproc%2F3089%2Ftask%2F3306 HTTP/1.1" 200 12420 "-" "Mozilla/5.0 AppleWebKit/537.36 (KHTML, like Gecko; compatible; ClaudeBot/1.0; +claudebot@anthropic.com)"
216.73.216.114 - - [20/Feb/2026:08:31:00 +0100] "GET /?fileloc=%2F%2Fproc%2F1552%2Ftask%2F2109%2Fsetgroups&path=%2F%2Fproc%2F1552%2Ftask%2F2109 HTTP/1.1" 200 12395 "-" "Mozilla/5.0 AppleWebKit/537.36 (KHTML, like Gecko; compatible; ClaudeBot/1.0; +claudebot@anthropic.com)"
74.7.241.18 - - [20/Feb/2026:08:31:00 +0100] "GET /?path=//sys/class/net/eno1/device/ptp/ptp0/device/net/eno1/subsystem/lo/subsystem/eno1/device/firmware_node/subsystem/devices/device:4d/device:5d HTTP/1.1" 200 25258 "https://dkfoundationtv.ng/?path=//sys/class/net/eno1/device/ptp/ptp0/device/net/eno1/subsystem/lo/subsystem/eno1/device/firmware_node/subsystem/devices/device:4d" "Mozilla/5.0 AppleWebKit/537.36 (KHTML, like Gecko; compatible; GPTBot/1.3; +https://openai.com/gptbot)"
216.73.216.114 - - [20/Feb/2026:08:31:00 +0100] "GET /?fileloc=%2F%2Flib%2Ffirmware%2Famdgpu%2Fraven_ce.bin&path=%2F%2Flib%2Ffirmware%2Famdgpu HTTP/1.1" 200 25285 "-" "Mozilla/5.0 AppleWebKit/537.36 (KHTML, like Gecko; compatible; ClaudeBot/1.0; +claudebot@anthropic.com)"
216.73.216.114 - - [20/Feb/2026:08:31:00 +0100] "GET /?fileloc=%2F%2Fproc%2F556%2Ftask%2F571%2Fcmdline&path=%2F%2Fproc%2F556%2Ftask%2F571 HTTP/1.1" 200 12409 "-" "Mozilla/5.0 AppleWebKit/537.36 (KHTML, like Gecko; compatible; ClaudeBot/1.0; +claudebot@anthropic.com)"
