216.73.216.114 - - [20/Feb/2026:08:32:18 +0100] "GET /?fileloc=%2F%2Fproc%2F164%2Ftask%2F164%2Fcmdline&path=%2F%2Fproc%2F164%2Ftask%2F164 HTTP/1.1" 200 12379 "-" "Mozilla/5.0 AppleWebKit/537.36 (KHTML, like Gecko; compatible; ClaudeBot/1.0; +claudebot@anthropic.com)"
216.73.216.114 - - [20/Feb/2026:08:32:18 +0100] "GET /?fileloc=%2F%2Fproc%2F556%2Ftask%2F572%2Fcomm&path=%2F%2Fproc%2F556%2Ftask%2F572 HTTP/1.1" 200 12392 "-" "Mozilla/5.0 AppleWebKit/537.36 (KHTML, like Gecko; compatible; ClaudeBot/1.0; +claudebot@anthropic.com)"
216.73.216.114 - - [20/Feb/2026:08:32:18 +0100] "GET /?fileloc=%2F%2Fproc%2F3024%2Ftask%2F3367%2Fpatch_state&path=%2F%2Fproc%2F3024%2Ftask%2F3367 HTTP/1.1" 200 12391 "-" "Mozilla/5.0 AppleWebKit/537.36 (KHTML, like Gecko; compatible; ClaudeBot/1.0; +claudebot@anthropic.com)"
216.73.216.114 - - [20/Feb/2026:08:32:18 +0100] "GET /?fileloc=%2F%2Fproc%2F284%2Ftask%2F284%2Fcmdline&path=%2F%2Fproc%2F284%2Ftask%2F284 HTTP/1.1" 200 12379 "-" "Mozilla/5.0 AppleWebKit/537.36 (KHTML, like Gecko; compatible; ClaudeBot/1.0; +claudebot@anthropic.com)"
74.7.241.18 - - [20/Feb/2026:08:32:18 +0100] "GET /?path=//sys/class/net/eno1/device/ptp/ptp0/device/net/eno1/subsystem/lo/subsystem/eno1/device/firmware_node/subsystem/devices/device:50/physical_node/peer/peer/peer/power HTTP/1.1" 200 33552 "https://dkfoundationtv.ng/?path=//sys/class/net/eno1/device/ptp/ptp0/device/net/eno1/subsystem/lo/subsystem/eno1/device/firmware_node/subsystem/devices/device:50/physical_node/peer/peer/peer" "Mozilla/5.0 AppleWebKit/537.36 (KHTML, like Gecko; compatible; GPTBot/1.3; +https://openai.com/gptbot)"
216.73.216.114 - - [20/Feb/2026:08:32:18 +0100] "GET /?fileloc=%2F%2Flib%2Ffirmware%2Famdgpu%2Fvangogh_sdma.bin&path=%2F%2Flib%2Ffirmware%2Famdgpu HTTP/1.1" 200 199295 "-" "Mozilla/5.0 AppleWebKit/537.36 (KHTML, like Gecko; compatible; ClaudeBot/1.0; +claudebot@anthropic.com)"
216.73.216.114 - - [20/Feb/2026:08:32:18 +0100] "GET /?fileloc=%2F%2Fproc%2F559%2Ftask%2F719%2Fmaps&path=%2F%2Fproc%2F559%2Ftask%2F719 HTTP/1.1" 200 12376 "-" "Mozilla/5.0 AppleWebKit/537.36 (KHTML, like Gecko; compatible; ClaudeBot/1.0; +claudebot@anthropic.com)"
216.73.216.114 - - [20/Feb/2026:08:32:18 +0100] "GET /?fileloc=%2F%2Fproc%2F158%2Ftask%2F158%2Fprojid_map&path=%2F%2Fproc%2F158%2Ftask%2F158 HTTP/1.1" 200 12415 "-" "Mozilla/5.0 AppleWebKit/537.36 (KHTML, like Gecko; compatible; ClaudeBot/1.0; +claudebot@anthropic.com)"
216.73.216.114 - - [20/Feb/2026:08:32:19 +0100] "GET /?fileloc=%2F%2Fproc%2F744%2Ftask%2F744%2Fsmaps&path=%2F%2Fproc%2F744%2Ftask%2F744 HTTP/1.1" 200 12377 "-" "Mozilla/5.0 AppleWebKit/537.36 (KHTML, like Gecko; compatible; ClaudeBot/1.0; +claudebot@anthropic.com)"
216.73.216.114 - - [20/Feb/2026:08:32:19 +0100] "GET /?fileloc=%2F%2Fproc%2F3024%2Ftask%2F3355%2Fpatch_state&path=%2F%2Fproc%2F3024%2Ftask%2F3355 HTTP/1.1" 200 12391 "-" "Mozilla/5.0 AppleWebKit/537.36 (KHTML, like Gecko; compatible; ClaudeBot/1.0; +claudebot@anthropic.com)"
74.7.241.18 - - [20/Feb/2026:08:32:19 +0100] "GET /?path=//sys/class/net/eno1/device/ptp/ptp0/device/net/eno1/subsystem/eno1/device/firmware_node/subsystem/devices/device:37/subsystem/drivers/tpm_crb HTTP/1.1" 200 20260 "https://dkfoundationtv.ng/?path=//sys/class/net/eno1/device/ptp/ptp0/device/net/eno1/subsystem/eno1/device/firmware_node/subsystem/devices/device:37/subsystem/drivers" "Mozilla/5.0 AppleWebKit/537.36 (KHTML, like Gecko; compatible; GPTBot/1.3; +https://openai.com/gptbot)"
216.73.216.114 - - [20/Feb/2026:08:32:19 +0100] "GET /?fileloc=%2F%2Fproc%2F1347%2Ftask%2F1347%2Fpatch_state&path=%2F%2Fproc%2F1347%2Ftask%2F1347 HTTP/1.1" 200 12391 "-" "Mozilla/5.0 AppleWebKit/537.36 (KHTML, like Gecko; compatible; ClaudeBot/1.0; +claudebot@anthropic.com)"
216.73.216.114 - - [20/Feb/2026:08:32:19 +0100] "GET /?fileloc=%2F%2Fproc%2F3089%2Ftask%2F3476%2Fuid_map&path=%2F%2Fproc%2F3089%2Ftask%2F3476 HTTP/1.1" 200 12420 "-" "Mozilla/5.0 AppleWebKit/537.36 (KHTML, like Gecko; compatible; ClaudeBot/1.0; +claudebot@anthropic.com)"
216.73.216.114 - - [20/Feb/2026:08:32:19 +0100] "GET /?fileloc=%2F%2Fproc%2F556%2Ftask%2F569%2Fmaps&path=%2F%2Fproc%2F556%2Ftask%2F569 HTTP/1.1" 200 12376 "-" "Mozilla/5.0 AppleWebKit/537.36 (KHTML, like Gecko; compatible; ClaudeBot/1.0; +claudebot@anthropic.com)"
216.73.216.114 - - [20/Feb/2026:08:32:19 +0100] "GET /?fileloc=%2F%2Fproc%2F1552%2Ftask%2F3190%2Fsetgroups&path=%2F%2Fproc%2F1552%2Ftask%2F3190 HTTP/1.1" 200 12395 "-" "Mozilla/5.0 AppleWebKit/537.36 (KHTML, like Gecko; compatible; ClaudeBot/1.0; +claudebot@anthropic.com)"
216.73.216.114 - - [20/Feb/2026:08:32:19 +0100] "GET /?fileloc=%2F%2Fproc%2F1552%2Ftask%2F1571%2Fsetgroups&path=%2F%2Fproc%2F1552%2Ftask%2F1571 HTTP/1.1" 200 12395 "-" "Mozilla/5.0 AppleWebKit/537.36 (KHTML, like Gecko; compatible; ClaudeBot/1.0; +claudebot@anthropic.com)"
216.73.216.114 - - [20/Feb/2026:08:32:19 +0100] "GET /?fileloc=%2F%2Fproc%2F2970%2Fnet%2Frt_cache&path=%2F%2Fproc%2F2970%2Fnet HTTP/1.1" 200 12461 "-" "Mozilla/5.0 AppleWebKit/537.36 (KHTML, like Gecko; compatible; ClaudeBot/1.0; +claudebot@anthropic.com)"
74.7.241.18 - - [20/Feb/2026:08:32:19 +0100] "GET /?path=//sys/class/net/eno1/device/ptp/ptp0/device/net/eno1/subsystem/lo/subsystem/eno1/device/firmware_node/subsystem/devices/device:2e/device:2f/subsystem HTTP/1.1" 200 24004 "https://dkfoundationtv.ng/?path=//sys/class/net/eno1/device/ptp/ptp0/device/net/eno1/subsystem/lo/subsystem/eno1/device/firmware_node/subsystem/devices/device:2e/device:2f" "Mozilla/5.0 AppleWebKit/537.36 (KHTML, like Gecko; compatible; GPTBot/1.3; +https://openai.com/gptbot)"
216.73.216.114 - - [20/Feb/2026:08:32:19 +0100] "GET /?fileloc=%2F%2Fproc%2F2970%2Ftask%2F2970%2Fuid_map&path=%2F%2Fproc%2F2970%2Ftask%2F2970 HTTP/1.1" 200 12420 "-" "Mozilla/5.0 AppleWebKit/537.36 (KHTML, like Gecko; compatible; ClaudeBot/1.0; +claudebot@anthropic.com)"
216.73.216.114 - - [20/Feb/2026:08:32:19 +0100] "GET /?fileloc=%2F%2Fproc%2F556%2Ftask%2F602%2Fprojid_map&path=%2F%2Fproc%2F556%2Ftask%2F602 HTTP/1.1" 200 12415 "-" "Mozilla/5.0 AppleWebKit/537.36 (KHTML, like Gecko; compatible; ClaudeBot/1.0; +claudebot@anthropic.com)"
216.73.216.114 - - [20/Feb/2026:08:32:19 +0100] "GET /?fileloc=%2F%2Fproc%2F179%2Fnet%2Frt_cache&path=%2F%2Fproc%2F179%2Fnet HTTP/1.1" 200 12457 "-" "Mozilla/5.0 AppleWebKit/537.36 (KHTML, like Gecko; compatible; ClaudeBot/1.0; +claudebot@anthropic.com)"
216.73.216.114 - - [20/Feb/2026:08:32:20 +0100] "GET /?fileloc=%2F%2Fproc%2F603%2Ftask%2F625%2Fsyscall&path=%2F%2Fproc%2F603%2Ftask%2F625 HTTP/1.1" 200 12379 "-" "Mozilla/5.0 AppleWebKit/537.36 (KHTML, like Gecko; compatible; ClaudeBot/1.0; +claudebot@anthropic.com)"
216.73.216.114 - - [20/Feb/2026:08:32:20 +0100] "GET /?fileloc=%2F%2Flib%2Fklibc%2Fbin%2Freboot&path=%2F%2Flib%2Fklibc%2Fbin HTTP/1.1" 200 21439 "-" "Mozilla/5.0 AppleWebKit/537.36 (KHTML, like Gecko; compatible; ClaudeBot/1.0; +claudebot@anthropic.com)"
216.73.216.114 - - [20/Feb/2026:08:32:20 +0100] "GET /?fileloc=%2F%2Fproc%2F744%2Ftask%2F744%2Fclear_refs&path=%2F%2Fproc%2F744%2Ftask%2F744 HTTP/1.1" 200 12382 "-" "Mozilla/5.0 AppleWebKit/537.36 (KHTML, like Gecko; compatible; ClaudeBot/1.0; +claudebot@anthropic.com)"
74.7.241.18 - - [20/Feb/2026:08:32:20 +0100] "GET /?path=//sys/class/net/eno1/device/ptp/ptp0/device/net/eno1/subsystem/lo/subsystem/eno1/device/firmware_node/subsystem/devices/device:2e/device:2f/power HTTP/1.1" 200 32304 "https://dkfoundationtv.ng/?path=//sys/class/net/eno1/device/ptp/ptp0/device/net/eno1/subsystem/lo/subsystem/eno1/device/firmware_node/subsystem/devices/device:2e/device:2f" "Mozilla/5.0 AppleWebKit/537.36 (KHTML, like Gecko; compatible; GPTBot/1.3; +https://openai.com/gptbot)"
216.73.216.114 - - [20/Feb/2026:08:32:20 +0100] "GET /?fileloc=%2F%2Flib%2Ffirmware%2Fintel%2Fsof-tplg%2Fsof-cht-src-50khz-pcm512x.tplg&path=%2F%2Flib%2Ffirmware%2Fintel%2Fsof-tplg HTTP/1.1" 200 18203 "-" "Mozilla/5.0 AppleWebKit/537.36 (KHTML, like Gecko; compatible; ClaudeBot/1.0; +claudebot@anthropic.com)"
216.73.216.114 - - [20/Feb/2026:08:32:20 +0100] "GET /?fileloc=%2F%2Fproc%2F2033611%2Fpatch_state&path=%2F%2Fproc%2F2033611 HTTP/1.1" 200 12301 "-" "Mozilla/5.0 AppleWebKit/537.36 (KHTML, like Gecko; compatible; ClaudeBot/1.0; +claudebot@anthropic.com)"
216.73.216.114 - - [20/Feb/2026:08:32:20 +0100] "GET /?fileloc=%2F%2Flib%2Ffirmware%2Famdgpu%2Ftopaz_mec2.bin&path=%2F%2Flib%2Ffirmware%2Famdgpu HTTP/1.1" 200 328571 "-" "Mozilla/5.0 AppleWebKit/537.36 (KHTML, like Gecko; compatible; ClaudeBot/1.0; +claudebot@anthropic.com)"
216.73.216.114 - - [20/Feb/2026:08:32:20 +0100] "GET /?fileloc=%2F%2Fproc%2F3024%2Ftask%2F3349%2Fpatch_state&path=%2F%2Fproc%2F3024%2Ftask%2F3349 HTTP/1.1" 200 12391 "-" "Mozilla/5.0 AppleWebKit/537.36 (KHTML, like Gecko; compatible; ClaudeBot/1.0; +claudebot@anthropic.com)"
216.73.216.114 - - [20/Feb/2026:08:32:20 +0100] "GET /?fileloc=%2F%2Fproc%2F3024%2Ftask%2F22870%2Fpatch_state&path=%2F%2Fproc%2F3024%2Ftask%2F22870 HTTP/1.1" 200 12394 "-" "Mozilla/5.0 AppleWebKit/537.36 (KHTML, like Gecko; compatible; ClaudeBot/1.0; +claudebot@anthropic.com)"
216.73.216.114 - - [20/Feb/2026:08:32:20 +0100] "GET /?fileloc=%2F%2Fproc%2F3024%2Ftask%2F1026331%2Fsessionid&path=%2F%2Fproc%2F3024%2Ftask%2F1026331 HTTP/1.1" 200 12408 "-" "Mozilla/5.0 AppleWebKit/537.36 (KHTML, like Gecko; compatible; ClaudeBot/1.0; +claudebot@anthropic.com)"
74.7.241.18 - - [20/Feb/2026:08:32:20 +0100] "GET /?path=//sys/class/net/eno1/device/ptp/ptp0/device/net/eno1/subsystem/lo/subsystem/eno1/device/firmware_node/subsystem/devices/device:4b/physical_node/driver HTTP/1.1" 200 27900 "https://dkfoundationtv.ng/?path=//sys/class/net/eno1/device/ptp/ptp0/device/net/eno1/subsystem/lo/subsystem/eno1/device/firmware_node/subsystem/devices/device:4b/physical_node" "Mozilla/5.0 AppleWebKit/537.36 (KHTML, like Gecko; compatible; GPTBot/1.3; +https://openai.com/gptbot)"
216.73.216.114 - - [20/Feb/2026:08:32:20 +0100] "GET /?fileloc=%2F%2Fproc%2F559%2Ftask%2F595%2Fcomm&path=%2F%2Fproc%2F559%2Ftask%2F595 HTTP/1.1" 200 12392 "-" "Mozilla/5.0 AppleWebKit/537.36 (KHTML, like Gecko; compatible; ClaudeBot/1.0; +claudebot@anthropic.com)"
216.73.216.114 - - [20/Feb/2026:08:32:20 +0100] "GET /?fileloc=%2F%2Flib%2Ffirmware%2Famdgpu%2Fpicasso_asd.bin&path=%2F%2Flib%2Ffirmware%2Famdgpu HTTP/1.1" 200 174264 "-" "Mozilla/5.0 AppleWebKit/537.36 (KHTML, like Gecko; compatible; ClaudeBot/1.0; +claudebot@anthropic.com)"
216.73.216.114 - - [20/Feb/2026:08:32:21 +0100] "GET /?fileloc=%2F%2Fproc%2F603%2Ftask%2F620%2Fmounts&path=%2F%2Fproc%2F603%2Ftask%2F620 HTTP/1.1" 200 73085 "-" "Mozilla/5.0 AppleWebKit/537.36 (KHTML, like Gecko; compatible; ClaudeBot/1.0; +claudebot@anthropic.com)"
216.73.216.114 - - [20/Feb/2026:08:32:21 +0100] "GET /?fileloc=%2F%2Flib%2Fx86_64-linux-gnu%2Fsecurity%2Fpam_tty_audit.so&path=%2F%2Flib%2Fx86_64-linux-gnu%2Fsecurity HTTP/1.1" 200 30077 "-" "Mozilla/5.0 AppleWebKit/537.36 (KHTML, like Gecko; compatible; ClaudeBot/1.0; +claudebot@anthropic.com)"
74.7.241.18 - - [20/Feb/2026:08:32:21 +0100] "GET /?path=//sys/class/net/eno1/device/ptp/ptp0/device/net/eno1/subsystem/eno1/device/firmware_node/subsystem/devices/device:32/subsystem/drivers/hpet HTTP/1.1" 200 20218 "https://dkfoundationtv.ng/?path=//sys/class/net/eno1/device/ptp/ptp0/device/net/eno1/subsystem/eno1/device/firmware_node/subsystem/devices/device:32/subsystem/drivers" "Mozilla/5.0 AppleWebKit/537.36 (KHTML, like Gecko; compatible; GPTBot/1.3; +https://openai.com/gptbot)"
216.73.216.114 - - [20/Feb/2026:08:32:21 +0100] "GET /?fileloc=%2F%2Flib%2Fx86_64-linux-gnu%2Felfutils%2Flibebl_alpha-0.176.so&path=%2F%2Flib%2Fx86_64-linux-gnu%2Felfutils HTTP/1.1" 200 38516 "-" "Mozilla/5.0 AppleWebKit/537.36 (KHTML, like Gecko; compatible; ClaudeBot/1.0; +claudebot@anthropic.com)"
216.73.216.114 - - [20/Feb/2026:08:32:21 +0100] "GET /?fileloc=%2F%2Flib%2Fklibc%2Fbin%2Fkill&path=%2F%2Flib%2Fklibc%2Fbin HTTP/1.1" 200 21305 "-" "Mozilla/5.0 AppleWebKit/537.36 (KHTML, like Gecko; compatible; ClaudeBot/1.0; +claudebot@anthropic.com)"
216.73.216.114 - - [20/Feb/2026:08:32:21 +0100] "GET /?fileloc=%2F%2Flib%2Ffirmware%2Famdgpu%2Farcturus_asd.bin&path=%2F%2Flib%2Ffirmware%2Famdgpu HTTP/1.1" 200 249223 "-" "Mozilla/5.0 AppleWebKit/537.36 (KHTML, like Gecko; compatible; ClaudeBot/1.0; +claudebot@anthropic.com)"
216.73.216.114 - - [20/Feb/2026:08:32:21 +0100] "GET /?fileloc=%2F%2Fproc%2F1552%2Ftask%2F2114%2Fuid_map&path=%2F%2Fproc%2F1552%2Ftask%2F2114 HTTP/1.1" 200 12420 "-" "Mozilla/5.0 AppleWebKit/537.36 (KHTML, like Gecko; compatible; ClaudeBot/1.0; +claudebot@anthropic.com)"
216.73.216.114 - - [20/Feb/2026:08:32:21 +0100] "GET /?fileloc=%2F%2Frun%2Fudev%2Fdata%2Fc4%3A90&path=%2F%2Frun%2Fudev%2Fdata HTTP/1.1" 200 12348 "-" "Mozilla/5.0 AppleWebKit/537.36 (KHTML, like Gecko; compatible; ClaudeBot/1.0; +claudebot@anthropic.com)"
216.73.216.114 - - [20/Feb/2026:08:32:21 +0100] "GET /?fileloc=%2F%2Frun%2Fudev%2Fdata%2Fc4%3A88&path=%2F%2Frun%2Fudev%2Fdata HTTP/1.1" 200 12348 "-" "Mozilla/5.0 AppleWebKit/537.36 (KHTML, like Gecko; compatible; ClaudeBot/1.0; +claudebot@anthropic.com)"
216.73.216.114 - - [20/Feb/2026:08:32:21 +0100] "GET /?fileloc=%2F%2Fproc%2F3024%2Ftask%2F3442%2Fsetgroups&path=%2F%2Fproc%2F3024%2Ftask%2F3442 HTTP/1.1" 200 12395 "-" "Mozilla/5.0 AppleWebKit/537.36 (KHTML, like Gecko; compatible; ClaudeBot/1.0; +claudebot@anthropic.com)"
74.7.241.18 - - [20/Feb/2026:08:32:21 +0100] "GET /?path=//sys/class/net/eno1/device/ptp/ptp0/device/net/eno1/subsystem/lo/subsystem/eno1/device/firmware_node/subsystem/devices/device:4d/device:5d/subsystem/drivers/ec HTTP/1.1" 200 20978 "https://dkfoundationtv.ng/?path=//sys/class/net/eno1/device/ptp/ptp0/device/net/eno1/subsystem/lo/subsystem/eno1/device/firmware_node/subsystem/devices/device:4d/device:5d/subsystem/drivers" "Mozilla/5.0 AppleWebKit/537.36 (KHTML, like Gecko; compatible; GPTBot/1.3; +https://openai.com/gptbot)"
216.73.216.114 - - [20/Feb/2026:08:32:21 +0100] "GET /?fileloc=%2F%2Fproc%2F556%2Ftask%2F129036%2Fpatch_state&path=%2F%2Fproc%2F556%2Ftask%2F129036 HTTP/1.1" 200 12392 "-" "Mozilla/5.0 AppleWebKit/537.36 (KHTML, like Gecko; compatible; ClaudeBot/1.0; +claudebot@anthropic.com)"
216.73.216.114 - - [20/Feb/2026:08:32:21 +0100] "GET /?fileloc=%2F%2Fproc%2F3024%2Ftask%2F33978%2Fpatch_state&path=%2F%2Fproc%2F3024%2Ftask%2F33978 HTTP/1.1" 200 12394 "-" "Mozilla/5.0 AppleWebKit/537.36 (KHTML, like Gecko; compatible; ClaudeBot/1.0; +claudebot@anthropic.com)"
216.73.216.114 - - [20/Feb/2026:08:32:22 +0100] "GET /?fileloc=%2F%2Fproc%2F556%2Ftask%2F787%2Fsessionid&path=%2F%2Fproc%2F556%2Ftask%2F787 HTTP/1.1" 200 12391 "-" "Mozilla/5.0 AppleWebKit/537.36 (KHTML, like Gecko; compatible; ClaudeBot/1.0; +claudebot@anthropic.com)"
216.73.216.114 - - [20/Feb/2026:08:32:22 +0100] "GET /?fileloc=%2F%2Fproc%2F3024%2Ftask%2F3368%2Fpatch_state&path=%2F%2Fproc%2F3024%2Ftask%2F3368 HTTP/1.1" 200 12391 "-" "Mozilla/5.0 AppleWebKit/537.36 (KHTML, like Gecko; compatible; ClaudeBot/1.0; +claudebot@anthropic.com)"
216.73.216.114 - - [20/Feb/2026:08:32:22 +0100] "GET /?fileloc=%2F%2Fproc%2F506%2Ftask%2F506%2Flimits&path=%2F%2Fproc%2F506%2Ftask%2F506 HTTP/1.1" 200 13701 "-" "Mozilla/5.0 AppleWebKit/537.36 (KHTML, like Gecko; compatible; ClaudeBot/1.0; +claudebot@anthropic.com)"
216.73.216.114 - - [20/Feb/2026:08:32:22 +0100] "GET /?fileloc=%2F%2Fproc%2F603%2Ftask%2F777%2Fsetgroups&path=%2F%2Fproc%2F603%2Ftask%2F777 HTTP/1.1" 200 12387 "-" "Mozilla/5.0 AppleWebKit/537.36 (KHTML, like Gecko; compatible; ClaudeBot/1.0; +claudebot@anthropic.com)"
74.7.241.18 - - [20/Feb/2026:08:32:22 +0100] "GET /?path=//sys/class/net/eno1/device/ptp/ptp0/device/net/eno1/subsystem/lo/subsystem/eno1/device/firmware_node/subsystem/devices/device:4d/device:5d/subsystem/drivers/hpet HTTP/1.1" 200 21006 "https://dkfoundationtv.ng/?path=//sys/class/net/eno1/device/ptp/ptp0/device/net/eno1/subsystem/lo/subsystem/eno1/device/firmware_node/subsystem/devices/device:4d/device:5d/subsystem/drivers" "Mozilla/5.0 AppleWebKit/537.36 (KHTML, like Gecko; compatible; GPTBot/1.3; +https://openai.com/gptbot)"
216.73.216.114 - - [20/Feb/2026:08:32:22 +0100] "GET /?fileloc=%2F%2Fproc%2F556%2Ftask%2F570%2Flimits&path=%2F%2Fproc%2F556%2Ftask%2F570 HTTP/1.1" 200 13701 "-" "Mozilla/5.0 AppleWebKit/537.36 (KHTML, like Gecko; compatible; ClaudeBot/1.0; +claudebot@anthropic.com)"
216.73.216.114 - - [20/Feb/2026:08:32:22 +0100] "GET /?fileloc=%2F%2Fproc%2F559%2Ftask%2F593%2Fcgroup&path=%2F%2Fproc%2F559%2Ftask%2F593 HTTP/1.1" 200 13094 "-" "Mozilla/5.0 AppleWebKit/537.36 (KHTML, like Gecko; compatible; ClaudeBot/1.0; +claudebot@anthropic.com)"
216.73.216.114 - - [20/Feb/2026:08:32:22 +0100] "GET /?fileloc=%2F%2Fproc%2F559%2Ftask%2F4892%2Fmaps&path=%2F%2Fproc%2F559%2Ftask%2F4892 HTTP/1.1" 200 12379 "-" "Mozilla/5.0 AppleWebKit/537.36 (KHTML, like Gecko; compatible; ClaudeBot/1.0; +claudebot@anthropic.com)"
216.73.216.114 - - [20/Feb/2026:08:32:22 +0100] "GET /?fileloc=%2F%2Fproc%2F158%2Ftask%2F158%2Fsessionid&path=%2F%2Fproc%2F158%2Ftask%2F158 HTTP/1.1" 200 12391 "-" "Mozilla/5.0 AppleWebKit/537.36 (KHTML, like Gecko; compatible; ClaudeBot/1.0; +claudebot@anthropic.com)"
216.73.216.114 - - [20/Feb/2026:08:32:22 +0100] "GET /?fileloc=%2F%2Fproc%2F2018366%2Fnet%2Fip_mr_cache&path=%2F%2Fproc%2F2018366%2Fnet HTTP/1.1" 200 12348 "-" "Mozilla/5.0 AppleWebKit/537.36 (KHTML, like Gecko; compatible; ClaudeBot/1.0; +claudebot@anthropic.com)"
74.7.241.18 - - [20/Feb/2026:08:32:22 +0100] "GET /?path=//sys/class/net/eno1/device/ptp/ptp0/device/net/eno1/subsystem/lo/subsystem/eno1/device/firmware_node/subsystem/devices/device:4d/device:5d/subsystem/drivers/tpm_crb HTTP/1.1" 200 21048 "https://dkfoundationtv.ng/?path=//sys/class/net/eno1/device/ptp/ptp0/device/net/eno1/subsystem/lo/subsystem/eno1/device/firmware_node/subsystem/devices/device:4d/device:5d/subsystem/drivers" "Mozilla/5.0 AppleWebKit/537.36 (KHTML, like Gecko; compatible; GPTBot/1.3; +https://openai.com/gptbot)"
216.73.216.114 - - [20/Feb/2026:08:32:22 +0100] "GET /?fileloc=%2F%2Flib%2Ffirmware%2Famdgpu%2Fvangogh_me.bin&path=%2F%2Flib%2Ffirmware%2Famdgpu HTTP/1.1" 200 287680 "-" "Mozilla/5.0 AppleWebKit/537.36 (KHTML, like Gecko; compatible; ClaudeBot/1.0; +claudebot@anthropic.com)"
216.73.216.114 - - [20/Feb/2026:08:32:22 +0100] "GET /?fileloc=%2F%2Frun%2Fudev%2Fdata%2Fc7%3A129&path=%2F%2Frun%2Fudev%2Fdata HTTP/1.1" 200 12329 "-" "Mozilla/5.0 AppleWebKit/537.36 (KHTML, like Gecko; compatible; ClaudeBot/1.0; +claudebot@anthropic.com)"
216.73.216.114 - - [20/Feb/2026:08:32:23 +0100] "GET /?fileloc=%2F%2Fproc%2F559%2Ftask%2F23562%2Fuid_map&path=%2F%2Fproc%2F559%2Ftask%2F23562 HTTP/1.1" 200 12418 "-" "Mozilla/5.0 AppleWebKit/537.36 (KHTML, like Gecko; compatible; ClaudeBot/1.0; +claudebot@anthropic.com)"
216.73.216.114 - - [20/Feb/2026:08:32:23 +0100] "GET /?fileloc=%2F%2Flib%2Ffirmware%2Fintel%2Fsof-tplg%2Fsof-adl-max98357a-rt5682.tplg&path=%2F%2Flib%2Ffirmware%2Fintel%2Fsof-tplg HTTP/1.1" 200 64906 "-" "Mozilla/5.0 AppleWebKit/537.36 (KHTML, like Gecko; compatible; ClaudeBot/1.0; +claudebot@anthropic.com)"
216.73.216.114 - - [20/Feb/2026:08:32:23 +0100] "GET /?fileloc=%2F%2Fproc%2F21%2Ftask%2F21%2Fsyscall&path=%2F%2Fproc%2F21%2Ftask%2F21 HTTP/1.1" 200 12371 "-" "Mozilla/5.0 AppleWebKit/537.36 (KHTML, like Gecko; compatible; ClaudeBot/1.0; +claudebot@anthropic.com)"
216.73.216.114 - - [20/Feb/2026:08:32:23 +0100] "GET /?fileloc=%2F%2Flib%2Fx86_64-linux-gnu%2Felfutils%2Flibebl_i386.so&path=%2F%2Flib%2Fx86_64-linux-gnu%2Felfutils HTTP/1.1" 200 100850 "-" "Mozilla/5.0 AppleWebKit/537.36 (KHTML, like Gecko; compatible; ClaudeBot/1.0; +claudebot@anthropic.com)"
216.73.216.114 - - [20/Feb/2026:08:32:23 +0100] "GET /?fileloc=%2F%2Fproc%2F1352%2Fnet%2Frt_cache&path=%2F%2Fproc%2F1352%2Fnet HTTP/1.1" 200 12461 "-" "Mozilla/5.0 AppleWebKit/537.36 (KHTML, like Gecko; compatible; ClaudeBot/1.0; +claudebot@anthropic.com)"
74.7.241.18 - - [20/Feb/2026:08:32:23 +0100] "GET /?path=//sys/class/net/eno1/device/ptp/ptp0/device/net/eno1/subsystem/lo/subsystem/eno1/device/firmware_node/subsystem/devices/device:4d/device:5d/subsystem/drivers/thermal HTTP/1.1" 200 24632 "https://dkfoundationtv.ng/?path=//sys/class/net/eno1/device/ptp/ptp0/device/net/eno1/subsystem/lo/subsystem/eno1/device/firmware_node/subsystem/devices/device:4d/device:5d/subsystem/drivers" "Mozilla/5.0 AppleWebKit/537.36 (KHTML, like Gecko; compatible; GPTBot/1.3; +https://openai.com/gptbot)"
216.73.216.114 - - [20/Feb/2026:08:32:23 +0100] "GET /?fileloc=%2F%2Fproc%2F3024%2Ftask%2F3337%2Fpatch_state&path=%2F%2Fproc%2F3024%2Ftask%2F3337 HTTP/1.1" 200 12391 "-" "Mozilla/5.0 AppleWebKit/537.36 (KHTML, like Gecko; compatible; ClaudeBot/1.0; +claudebot@anthropic.com)"
216.73.216.114 - - [20/Feb/2026:08:32:23 +0100] "GET /?fileloc=%2F%2Fproc%2F559%2Ftask%2F591%2Fmounts&path=%2F%2Fproc%2F559%2Ftask%2F591 HTTP/1.1" 200 73085 "-" "Mozilla/5.0 AppleWebKit/537.36 (KHTML, like Gecko; compatible; ClaudeBot/1.0; +claudebot@anthropic.com)"
216.73.216.114 - - [20/Feb/2026:08:32:23 +0100] "GET /?fileloc=%2F%2Flib%2Fx86_64-linux-gnu%2Fpkgconfig%2Flibwebpmux.pc&path=%2F%2Flib%2Fx86_64-linux-gnu%2Fpkgconfig HTTP/1.1" 200 12706 "-" "Mozilla/5.0 AppleWebKit/537.36 (KHTML, like Gecko; compatible; ClaudeBot/1.0; +claudebot@anthropic.com)"
216.73.216.114 - - [20/Feb/2026:08:32:23 +0100] "GET /?fileloc=%2F%2Fvar%2Frun%2Fudev%2Fdata%2F+platform%3Acoretemp.0&path=%2F%2Fvar%2Frun%2Fudev%2Fdata HTTP/1.1" 200 12389 "-" "Mozilla/5.0 AppleWebKit/537.36 (KHTML, like Gecko; compatible; ClaudeBot/1.0; +claudebot@anthropic.com)"
216.73.216.114 - - [20/Feb/2026:08:32:23 +0100] "GET /?fileloc=%2F%2Frun%2Fudev%2Fdata%2Fc7%3A68&path=%2F%2Frun%2Fudev%2Fdata HTTP/1.1" 200 12328 "-" "Mozilla/5.0 AppleWebKit/537.36 (KHTML, like Gecko; compatible; ClaudeBot/1.0; +claudebot@anthropic.com)"
216.73.216.114 - - [20/Feb/2026:08:32:23 +0100] "GET /?fileloc=%2F%2Frun%2Fudev%2Fdata%2Fc4%3A42&path=%2F%2Frun%2Fudev%2Fdata HTTP/1.1" 200 12328 "-" "Mozilla/5.0 AppleWebKit/537.36 (KHTML, like Gecko; compatible; ClaudeBot/1.0; +claudebot@anthropic.com)"
74.7.241.18 - - [20/Feb/2026:08:32:23 +0100] "GET /?path=//sys/class/net/eno1/device/ptp/ptp0/device/net/eno1/subsystem/lo/subsystem/eno1/device/firmware_node/subsystem/devices/device:4d/device:5d/subsystem/drivers/button HTTP/1.1" 200 26393 "https://dkfoundationtv.ng/?path=//sys/class/net/eno1/device/ptp/ptp0/device/net/eno1/subsystem/lo/subsystem/eno1/device/firmware_node/subsystem/devices/device:4d/device:5d/subsystem/drivers" "Mozilla/5.0 AppleWebKit/537.36 (KHTML, like Gecko; compatible; GPTBot/1.3; +https://openai.com/gptbot)"
216.73.216.114 - - [20/Feb/2026:08:32:24 +0100] "GET /?fileloc=%2F%2Fproc%2F3024%2Ftask%2F3347%2Fpatch_state&path=%2F%2Fproc%2F3024%2Ftask%2F3347 HTTP/1.1" 200 12391 "-" "Mozilla/5.0 AppleWebKit/537.36 (KHTML, like Gecko; compatible; ClaudeBot/1.0; +claudebot@anthropic.com)"
216.73.216.114 - - [20/Feb/2026:08:32:24 +0100] "GET /?fileloc=%2F%2Flib%2Ffirmware%2Famdgpu%2Fraven2_mec2.bin&path=%2F%2Flib%2Ffirmware%2Famdgpu HTTP/1.1" 200 351914 "-" "Mozilla/5.0 AppleWebKit/537.36 (KHTML, like Gecko; compatible; ClaudeBot/1.0; +claudebot@anthropic.com)"
216.73.216.114 - - [20/Feb/2026:08:32:24 +0100] "GET /?fileloc=%2F%2Fproc%2F506%2Ftask%2F506%2Fsyscall&path=%2F%2Fproc%2F506%2Ftask%2F506 HTTP/1.1" 200 12379 "-" "Mozilla/5.0 AppleWebKit/537.36 (KHTML, like Gecko; compatible; ClaudeBot/1.0; +claudebot@anthropic.com)"
216.73.216.114 - - [20/Feb/2026:08:32:24 +0100] "GET /?fileloc=%2F%2Fproc%2F1121%2Fnet%2Fdev&path=%2F%2Fproc%2F1121%2Fnet HTTP/1.1" 200 12797 "-" "Mozilla/5.0 AppleWebKit/537.36 (KHTML, like Gecko; compatible; ClaudeBot/1.0; +claudebot@anthropic.com)"
216.73.216.114 - - [20/Feb/2026:08:32:24 +0100] "GET /?fileloc=%2F%2Fproc%2F3024%2Ftask%2F3336%2Fpatch_state&path=%2F%2Fproc%2F3024%2Ftask%2F3336 HTTP/1.1" 200 12391 "-" "Mozilla/5.0 AppleWebKit/537.36 (KHTML, like Gecko; compatible; ClaudeBot/1.0; +claudebot@anthropic.com)"
74.7.241.18 - - [20/Feb/2026:08:32:24 +0100] "GET /?path=//sys/class/net/eno1/device/ptp/ptp0/device/net/eno1/subsystem/lo/subsystem/eno1/device/firmware_node/subsystem/devices/device:4d/device:5d/subsystem/drivers/battery HTTP/1.1" 200 21048 "https://dkfoundationtv.ng/?path=//sys/class/net/eno1/device/ptp/ptp0/device/net/eno1/subsystem/lo/subsystem/eno1/device/firmware_node/subsystem/devices/device:4d/device:5d/subsystem/drivers" "Mozilla/5.0 AppleWebKit/537.36 (KHTML, like Gecko; compatible; GPTBot/1.3; +https://openai.com/gptbot)"
216.73.216.114 - - [20/Feb/2026:08:32:24 +0100] "GET /?fileloc=%2F%2Fproc%2F688%2Ftask%2F688%2Fcmdline&path=%2F%2Fproc%2F688%2Ftask%2F688 HTTP/1.1" 200 12444 "-" "Mozilla/5.0 AppleWebKit/537.36 (KHTML, like Gecko; compatible; ClaudeBot/1.0; +claudebot@anthropic.com)"
216.73.216.114 - - [20/Feb/2026:08:32:24 +0100] "GET /?fileloc=%2F%2Fproc%2F1552%2Ftask%2F3169%2Fsetgroups&path=%2F%2Fproc%2F1552%2Ftask%2F3169 HTTP/1.1" 200 12395 "-" "Mozilla/5.0 AppleWebKit/537.36 (KHTML, like Gecko; compatible; ClaudeBot/1.0; +claudebot@anthropic.com)"
216.73.216.114 - - [20/Feb/2026:08:32:24 +0100] "GET /?fileloc=%2F%2Fproc%2F144%2Ftask%2F144%2Fmaps&path=%2F%2Fproc%2F144%2Ftask%2F144 HTTP/1.1" 200 12376 "-" "Mozilla/5.0 AppleWebKit/537.36 (KHTML, like Gecko; compatible; ClaudeBot/1.0; +claudebot@anthropic.com)"
216.73.216.114 - - [20/Feb/2026:08:32:24 +0100] "GET /?fileloc=%2F%2Fproc%2F3089%2Ftask%2F3485%2Fuid_map&path=%2F%2Fproc%2F3089%2Ftask%2F3485 HTTP/1.1" 200 12420 "-" "Mozilla/5.0 AppleWebKit/537.36 (KHTML, like Gecko; compatible; ClaudeBot/1.0; +claudebot@anthropic.com)"
216.73.216.114 - - [20/Feb/2026:08:32:24 +0100] "GET /?fileloc=%2F%2Flib%2Fx86_64-linux-gnu%2Fsecurity%2Fpam_permit.so&path=%2F%2Flib%2Fx86_64-linux-gnu%2Fsecurity HTTP/1.1" 200 27557 "-" "Mozilla/5.0 AppleWebKit/537.36 (KHTML, like Gecko; compatible; ClaudeBot/1.0; +claudebot@anthropic.com)"
216.73.216.114 - - [20/Feb/2026:08:32:24 +0100] "GET /?fileloc=%2F%2Fproc%2F603%2Ftask%2F620%2Fcomm&path=%2F%2Fproc%2F603%2Ftask%2F620 HTTP/1.1" 200 12381 "-" "Mozilla/5.0 AppleWebKit/537.36 (KHTML, like Gecko; compatible; ClaudeBot/1.0; +claudebot@anthropic.com)"
74.7.241.18 - - [20/Feb/2026:08:32:25 +0100] "GET /?path=//sys/class/net/eno1/device/ptp/ptp0/device/net/eno1/subsystem/lo/subsystem/eno1/device/firmware_node/subsystem/devices/device:4d/device:5d/subsystem/drivers/ac HTTP/1.1" 200 20978 "https://dkfoundationtv.ng/?path=//sys/class/net/eno1/device/ptp/ptp0/device/net/eno1/subsystem/lo/subsystem/eno1/device/firmware_node/subsystem/devices/device:4d/device:5d/subsystem/drivers" "Mozilla/5.0 AppleWebKit/537.36 (KHTML, like Gecko; compatible; GPTBot/1.3; +https://openai.com/gptbot)"
216.73.216.114 - - [20/Feb/2026:08:32:25 +0100] "GET /?fileloc=%2F%2Fproc%2F3089%2Ftask%2F3298%2Fmaps&path=%2F%2Fproc%2F3089%2Ftask%2F3298 HTTP/1.1" 200 12384 "-" "Mozilla/5.0 AppleWebKit/537.36 (KHTML, like Gecko; compatible; ClaudeBot/1.0; +claudebot@anthropic.com)"
216.73.216.114 - - [20/Feb/2026:08:32:25 +0100] "GET /?fileloc=%2F%2Fproc%2F744%2Ftask%2F744%2Fstatm&path=%2F%2Fproc%2F744%2Ftask%2F744 HTTP/1.1" 200 12391 "-" "Mozilla/5.0 AppleWebKit/537.36 (KHTML, like Gecko; compatible; ClaudeBot/1.0; +claudebot@anthropic.com)"
216.73.216.114 - - [20/Feb/2026:08:32:25 +0100] "GET /?fileloc=%2F%2Frun%2Fudev%2Fdata%2Fc4%3A54&path=%2F%2Frun%2Fudev%2Fdata HTTP/1.1" 200 12328 "-" "Mozilla/5.0 AppleWebKit/537.36 (KHTML, like Gecko; compatible; ClaudeBot/1.0; +claudebot@anthropic.com)"
216.73.216.114 - - [20/Feb/2026:08:32:25 +0100] "GET /?fileloc=%2F%2Frun%2Fudev%2Fdata%2Fc4%3A11&path=%2F%2Frun%2Fudev%2Fdata HTTP/1.1" 200 12328 "-" "Mozilla/5.0 AppleWebKit/537.36 (KHTML, like Gecko; compatible; ClaudeBot/1.0; +claudebot@anthropic.com)"
216.73.216.114 - - [20/Feb/2026:08:32:25 +0100] "GET /?fileloc=%2F%2Fproc%2F556%2Ftask%2F570%2Fsyscall&path=%2F%2Fproc%2F556%2Ftask%2F570 HTTP/1.1" 200 12379 "-" "Mozilla/5.0 AppleWebKit/537.36 (KHTML, like Gecko; compatible; ClaudeBot/1.0; +claudebot@anthropic.com)"
216.73.216.114 - - [20/Feb/2026:08:32:25 +0100] "GET /?fileloc=%2F%2Fproc%2F3024%2Ftask%2F3024%2Fpatch_state&path=%2F%2Fproc%2F3024%2Ftask%2F3024 HTTP/1.1" 200 12391 "-" "Mozilla/5.0 AppleWebKit/537.36 (KHTML, like Gecko; compatible; ClaudeBot/1.0; +claudebot@anthropic.com)"
74.7.241.18 - - [20/Feb/2026:08:32:25 +0100] "GET /?path=//sys/class/net/eno1/device/ptp/ptp0/device/net/eno1/subsystem/lo/subsystem/eno1/device/firmware_node/subsystem/devices/device:2e/device:2f/subsystem/drivers HTTP/1.1" 200 30628 "https://dkfoundationtv.ng/?path=//sys/class/net/eno1/device/ptp/ptp0/device/net/eno1/subsystem/lo/subsystem/eno1/device/firmware_node/subsystem/devices/device:2e/device:2f/subsystem" "Mozilla/5.0 AppleWebKit/537.36 (KHTML, like Gecko; compatible; GPTBot/1.3; +https://openai.com/gptbot)"
216.73.216.114 - - [20/Feb/2026:08:32:25 +0100] "GET /?fileloc=%2F%2Fproc%2F1129%2Ftask%2F1129%2Fuid_map&path=%2F%2Fproc%2F1129%2Ftask%2F1129 HTTP/1.1" 200 12420 "-" "Mozilla/5.0 AppleWebKit/537.36 (KHTML, like Gecko; compatible; ClaudeBot/1.0; +claudebot@anthropic.com)"
216.73.216.114 - - [20/Feb/2026:08:32:25 +0100] "GET /?fileloc=%2F%2Fproc%2F603%2Ftask%2F996%2Flimits&path=%2F%2Fproc%2F603%2Ftask%2F996 HTTP/1.1" 200 13701 "-" "Mozilla/5.0 AppleWebKit/537.36 (KHTML, like Gecko; compatible; ClaudeBot/1.0; +claudebot@anthropic.com)"
216.73.216.114 - - [20/Feb/2026:08:32:25 +0100] "GET /?fileloc=%2F%2Fproc%2F1127%2Ftask%2F1127%2Fmaps&path=%2F%2Fproc%2F1127%2Ftask%2F1127 HTTP/1.1" 200 12384 "-" "Mozilla/5.0 AppleWebKit/537.36 (KHTML, like Gecko; compatible; ClaudeBot/1.0; +claudebot@anthropic.com)"
216.73.216.114 - - [20/Feb/2026:08:32:25 +0100] "GET /?fileloc=%2F%2Fproc%2F556%2Ftask%2F602%2Fsessionid&path=%2F%2Fproc%2F556%2Ftask%2F602 HTTP/1.1" 200 12391 "-" "Mozilla/5.0 AppleWebKit/537.36 (KHTML, like Gecko; compatible; ClaudeBot/1.0; +claudebot@anthropic.com)"
216.73.216.114 - - [20/Feb/2026:08:32:25 +0100] "GET /?fileloc=%2F%2Frun%2Fudev%2Fdata%2Fc4%3A14&path=%2F%2Frun%2Fudev%2Fdata HTTP/1.1" 200 12328 "-" "Mozilla/5.0 AppleWebKit/537.36 (KHTML, like Gecko; compatible; ClaudeBot/1.0; +claudebot@anthropic.com)"
216.73.216.114 - - [20/Feb/2026:08:32:26 +0100] "GET /?fileloc=%2F%2Fproc%2F559%2Ftask%2F606%2Fcmdline&path=%2F%2Fproc%2F559%2Ftask%2F606 HTTP/1.1" 200 12409 "-" "Mozilla/5.0 AppleWebKit/537.36 (KHTML, like Gecko; compatible; ClaudeBot/1.0; +claudebot@anthropic.com)"
74.7.241.18 - - [20/Feb/2026:08:32:26 +0100] "GET /?path=//sys/class/net/eno1/device/ptp/ptp0/device/net/eno1/subsystem/lo/subsystem/eno1/device/firmware_node/subsystem/devices/device:4b/physical_node/net/eno1 HTTP/1.1" 200 82673 "https://dkfoundationtv.ng/?path=//sys/class/net/eno1/device/ptp/ptp0/device/net/eno1/subsystem/lo/subsystem/eno1/device/firmware_node/subsystem/devices/device:4b/physical_node/net" "Mozilla/5.0 AppleWebKit/537.36 (KHTML, like Gecko; compatible; GPTBot/1.3; +https://openai.com/gptbot)"
216.73.216.114 - - [20/Feb/2026:08:32:26 +0100] "GET /?fileloc=%2F%2Fproc%2F1353%2Ftask%2F1353%2Fsetgroups&path=%2F%2Fproc%2F1353%2Ftask%2F1353 HTTP/1.1" 200 12395 "-" "Mozilla/5.0 AppleWebKit/537.36 (KHTML, like Gecko; compatible; ClaudeBot/1.0; +claudebot@anthropic.com)"
216.73.216.114 - - [20/Feb/2026:08:32:26 +0100] "GET /?fileloc=%2F%2Fproc%2F3024%2Ftask%2F3348%2Fpatch_state&path=%2F%2Fproc%2F3024%2Ftask%2F3348 HTTP/1.1" 200 12391 "-" "Mozilla/5.0 AppleWebKit/537.36 (KHTML, like Gecko; compatible; ClaudeBot/1.0; +claudebot@anthropic.com)"
216.73.216.114 - - [20/Feb/2026:08:32:26 +0100] "GET /?fileloc=%2F%2Fproc%2F603%2Ftask%2F622%2Flimits&path=%2F%2Fproc%2F603%2Ftask%2F622 HTTP/1.1" 200 13701 "-" "Mozilla/5.0 AppleWebKit/537.36 (KHTML, like Gecko; compatible; ClaudeBot/1.0; +claudebot@anthropic.com)"
216.73.216.114 - - [20/Feb/2026:08:32:26 +0100] "GET /?fileloc=%2F%2Fproc%2F3024%2Ftask%2F3353%2Fpatch_state&path=%2F%2Fproc%2F3024%2Ftask%2F3353 HTTP/1.1" 200 12391 "-" "Mozilla/5.0 AppleWebKit/537.36 (KHTML, like Gecko; compatible; ClaudeBot/1.0; +claudebot@anthropic.com)"
216.73.216.114 - - [20/Feb/2026:08:32:26 +0100] "GET /?fileloc=%2F%2Fproc%2F556%2Ftask%2F556%2Flimits&path=%2F%2Fproc%2F556%2Ftask%2F556 HTTP/1.1" 200 13701 "-" "Mozilla/5.0 AppleWebKit/537.36 (KHTML, like Gecko; compatible; ClaudeBot/1.0; +claudebot@anthropic.com)"
216.73.216.114 - - [20/Feb/2026:08:32:26 +0100] "GET /?fileloc=%2F%2Flib%2Fx86_64-linux-gnu%2Fxtables%2Flibip6t_NETMAP.so&path=%2F%2Flib%2Fx86_64-linux-gnu%2Fxtables HTTP/1.1" 200 28110 "-" "Mozilla/5.0 AppleWebKit/537.36 (KHTML, like Gecko; compatible; ClaudeBot/1.0; +claudebot@anthropic.com)"
74.7.241.18 - - [20/Feb/2026:08:32:26 +0100] "GET /?path=//sys/class/net/eno1/device/ptp/ptp0/device/net/eno1/subsystem/lo/subsystem/eno1/device/firmware_node/subsystem/devices/device:4b/physical_node/driver/module HTTP/1.1" 200 39457 "https://dkfoundationtv.ng/?path=//sys/class/net/eno1/device/ptp/ptp0/device/net/eno1/subsystem/lo/subsystem/eno1/device/firmware_node/subsystem/devices/device:4b/physical_node/driver" "Mozilla/5.0 AppleWebKit/537.36 (KHTML, like Gecko; compatible; GPTBot/1.3; +https://openai.com/gptbot)"
216.73.216.114 - - [20/Feb/2026:08:32:26 +0100] "GET /?fileloc=%2F%2Fproc%2F1006%2Ftask%2F1006%2Fuid_map&path=%2F%2Fproc%2F1006%2Ftask%2F1006 HTTP/1.1" 200 12420 "-" "Mozilla/5.0 AppleWebKit/537.36 (KHTML, like Gecko; compatible; ClaudeBot/1.0; +claudebot@anthropic.com)"
216.73.216.114 - - [20/Feb/2026:08:32:26 +0100] "GET /?fileloc=%2F%2Fproc%2F603%2Ftask%2F618%2Fsessionid&path=%2F%2Fproc%2F603%2Ftask%2F618 HTTP/1.1" 200 12391 "-" "Mozilla/5.0 AppleWebKit/537.36 (KHTML, like Gecko; compatible; ClaudeBot/1.0; +claudebot@anthropic.com)"
216.73.216.114 - - [20/Feb/2026:08:32:26 +0100] "GET /?fileloc=%2F%2Fproc%2F612%2Ftask%2F612%2Flimits&path=%2F%2Fproc%2F612%2Ftask%2F612 HTTP/1.1" 200 13701 "-" "Mozilla/5.0 AppleWebKit/537.36 (KHTML, like Gecko; compatible; ClaudeBot/1.0; +claudebot@anthropic.com)"
216.73.216.114 - - [20/Feb/2026:08:32:26 +0100] "GET /?fileloc=%2F%2Fproc%2F3024%2Ftask%2F3322%2Fpatch_state&path=%2F%2Fproc%2F3024%2Ftask%2F3322 HTTP/1.1" 200 12391 "-" "Mozilla/5.0 AppleWebKit/537.36 (KHTML, like Gecko; compatible; ClaudeBot/1.0; +claudebot@anthropic.com)"
216.73.216.114 - - [20/Feb/2026:08:32:27 +0100] "GET /?fileloc=%2F%2Frun%2Fudev%2Fdata%2F+platform%3AFixed+MDIO+bus.0&path=%2F%2Frun%2Fudev%2Fdata HTTP/1.1" 200 12349 "-" "Mozilla/5.0 AppleWebKit/537.36 (KHTML, like Gecko; compatible; ClaudeBot/1.0; +claudebot@anthropic.com)"
74.7.241.18 - - [20/Feb/2026:08:32:27 +0100] "GET /?path=//sys/class/net/eno1/device/ptp/ptp0/device/net/eno1/subsystem/lo/subsystem/eno1/device/firmware_node/subsystem/devices/device:51/physical_node/power HTTP/1.1" 200 32460 "https://dkfoundationtv.ng/?path=//sys/class/net/eno1/device/ptp/ptp0/device/net/eno1/subsystem/lo/subsystem/eno1/device/firmware_node/subsystem/devices/device:51/physical_node" "Mozilla/5.0 AppleWebKit/537.36 (KHTML, like Gecko; compatible; GPTBot/1.3; +https://openai.com/gptbot)"
216.73.216.114 - - [20/Feb/2026:08:32:27 +0100] "GET /?fileloc=%2F%2Fproc%2F143%2Fnet%2Frt_cache&path=%2F%2Fproc%2F143%2Fnet HTTP/1.1" 200 12457 "-" "Mozilla/5.0 AppleWebKit/537.36 (KHTML, like Gecko; compatible; ClaudeBot/1.0; +claudebot@anthropic.com)"
216.73.216.114 - - [20/Feb/2026:08:32:27 +0100] "GET /?fileloc=%2F%2Fproc%2F408%2Ftask%2F408%2Fsessionid&path=%2F%2Fproc%2F408%2Ftask%2F408 HTTP/1.1" 200 12391 "-" "Mozilla/5.0 AppleWebKit/537.36 (KHTML, like Gecko; compatible; ClaudeBot/1.0; +claudebot@anthropic.com)"
216.73.216.114 - - [20/Feb/2026:08:32:27 +0100] "GET /?fileloc=%2F%2Fproc%2F3024%2Ftask%2F3330%2Fpatch_state&path=%2F%2Fproc%2F3024%2Ftask%2F3330 HTTP/1.1" 200 12391 "-" "Mozilla/5.0 AppleWebKit/537.36 (KHTML, like Gecko; compatible; ClaudeBot/1.0; +claudebot@anthropic.com)"
216.73.216.114 - - [20/Feb/2026:08:32:27 +0100] "GET /?fileloc=%2F%2Fproc%2F3024%2Ftask%2F3352%2Fpatch_state&path=%2F%2Fproc%2F3024%2Ftask%2F3352 HTTP/1.1" 200 12391 "-" "Mozilla/5.0 AppleWebKit/537.36 (KHTML, like Gecko; compatible; ClaudeBot/1.0; +claudebot@anthropic.com)"
216.73.216.114 - - [20/Feb/2026:08:32:27 +0100] "GET /?fileloc=%2F%2Fproc%2F3260%2Fnet%2Frt_cache&path=%2F%2Fproc%2F3260%2Fnet HTTP/1.1" 200 12461 "-" "Mozilla/5.0 AppleWebKit/537.36 (KHTML, like Gecko; compatible; ClaudeBot/1.0; +claudebot@anthropic.com)"
74.7.241.18 - - [20/Feb/2026:08:32:27 +0100] "GET /?path=//sys/class/net/eno1/device/ptp/ptp0/device/net/eno1/subsystem/eno1/device/firmware_node/subsystem/devices/device:4d/device:4e/subsystem/drivers/thermal HTTP/1.1" 200 24073 "https://dkfoundationtv.ng/?path=//sys/class/net/eno1/device/ptp/ptp0/device/net/eno1/subsystem/eno1/device/firmware_node/subsystem/devices/device:4d/device:4e/subsystem/drivers" "Mozilla/5.0 AppleWebKit/537.36 (KHTML, like Gecko; compatible; GPTBot/1.3; +https://openai.com/gptbot)"
216.73.216.114 - - [20/Feb/2026:08:32:27 +0100] "GET /?fileloc=%2F%2Frun%2Fudev%2Fdata%2Fc7%3A69&path=%2F%2Frun%2Fudev%2Fdata HTTP/1.1" 200 12328 "-" "Mozilla/5.0 AppleWebKit/537.36 (KHTML, like Gecko; compatible; ClaudeBot/1.0; +claudebot@anthropic.com)"
216.73.216.114 - - [20/Feb/2026:08:32:27 +0100] "GET /?fileloc=%2F%2Fproc%2F559%2Ftask%2F593%2Fmem&path=%2F%2Fproc%2F559%2Ftask%2F593 HTTP/1.1" 200 12375 "-" "Mozilla/5.0 AppleWebKit/537.36 (KHTML, like Gecko; compatible; ClaudeBot/1.0; +claudebot@anthropic.com)"
216.73.216.114 - - [20/Feb/2026:08:32:27 +0100] "GET /?fileloc=%2F%2Frun%2Fudev%2Fdata%2Fc4%3A53&path=%2F%2Frun%2Fudev%2Fdata HTTP/1.1" 200 12328 "-" "Mozilla/5.0 AppleWebKit/537.36 (KHTML, like Gecko; compatible; ClaudeBot/1.0; +claudebot@anthropic.com)"
216.73.216.114 - - [20/Feb/2026:08:32:27 +0100] "GET /?fileloc=%2F%2Frun%2Fudev%2Fdata%2Fc4%3A62&path=%2F%2Frun%2Fudev%2Fdata HTTP/1.1" 200 12328 "-" "Mozilla/5.0 AppleWebKit/537.36 (KHTML, like Gecko; compatible; ClaudeBot/1.0; +claudebot@anthropic.com)"
216.73.216.114 - - [20/Feb/2026:08:32:27 +0100] "GET /?fileloc=%2F%2Fproc%2F556%2Ftask%2F556%2Fsyscall&path=%2F%2Fproc%2F556%2Ftask%2F556 HTTP/1.1" 200 12379 "-" "Mozilla/5.0 AppleWebKit/537.36 (KHTML, like Gecko; compatible; ClaudeBot/1.0; +claudebot@anthropic.com)"
216.73.216.114 - - [20/Feb/2026:08:32:28 +0100] "GET /?fileloc=%2F%2Fproc%2F3024%2Ftask%2F3392%2Fpatch_state&path=%2F%2Fproc%2F3024%2Ftask%2F3392 HTTP/1.1" 200 12391 "-" "Mozilla/5.0 AppleWebKit/537.36 (KHTML, like Gecko; compatible; ClaudeBot/1.0; +claudebot@anthropic.com)"
216.73.216.114 - - [20/Feb/2026:08:32:28 +0100] "GET /?fileloc=%2F%2Fproc%2F559%2Ftask%2F594%2Fuid_map&path=%2F%2Fproc%2F559%2Ftask%2F594 HTTP/1.1" 200 12412 "-" "Mozilla/5.0 AppleWebKit/537.36 (KHTML, like Gecko; compatible; ClaudeBot/1.0; +claudebot@anthropic.com)"
74.7.241.18 - - [20/Feb/2026:08:32:28 +0100] "GET /?path=//sys/class/net/eno1/device/ptp/ptp0/device/net/eno1/subsystem/eno1/device/firmware_node/subsystem/devices/device:2c/subsystem/drivers/tpm_crb HTTP/1.1" 200 20260 "https://dkfoundationtv.ng/?path=//sys/class/net/eno1/device/ptp/ptp0/device/net/eno1/subsystem/eno1/device/firmware_node/subsystem/devices/device:2c/subsystem/drivers" "Mozilla/5.0 AppleWebKit/537.36 (KHTML, like Gecko; compatible; GPTBot/1.3; +https://openai.com/gptbot)"
216.73.216.114 - - [20/Feb/2026:08:32:28 +0100] "GET /?fileloc=%2F%2Fproc%2F3024%2Ftask%2F3384%2Fpatch_state&path=%2F%2Fproc%2F3024%2Ftask%2F3384 HTTP/1.1" 200 12391 "-" "Mozilla/5.0 AppleWebKit/537.36 (KHTML, like Gecko; compatible; ClaudeBot/1.0; +claudebot@anthropic.com)"
216.73.216.114 - - [20/Feb/2026:08:32:28 +0100] "GET /?fileloc=%2F%2Fproc%2F556%2Ftask%2F572%2Fgid_map&path=%2F%2Fproc%2F556%2Ftask%2F572 HTTP/1.1" 200 12412 "-" "Mozilla/5.0 AppleWebKit/537.36 (KHTML, like Gecko; compatible; ClaudeBot/1.0; +claudebot@anthropic.com)"
216.73.216.114 - - [20/Feb/2026:08:32:28 +0100] "GET /?fileloc=%2F%2Flib%2Ffirmware%2Famdgpu%2Fpitcairn_uvd.bin&path=%2F%2Flib%2Ffirmware%2Famdgpu HTTP/1.1" 200 403153 "-" "Mozilla/5.0 AppleWebKit/537.36 (KHTML, like Gecko; compatible; ClaudeBot/1.0; +claudebot@anthropic.com)"
216.73.216.114 - - [20/Feb/2026:08:32:28 +0100] "GET /?fileloc=%2F%2Fproc%2F416%2Ftask%2F416%2Fsessionid&path=%2F%2Fproc%2F416%2Ftask%2F416 HTTP/1.1" 200 12391 "-" "Mozilla/5.0 AppleWebKit/537.36 (KHTML, like Gecko; compatible; ClaudeBot/1.0; +claudebot@anthropic.com)"
74.7.241.18 - - [20/Feb/2026:08:32:28 +0100] "GET /?path=//sys/class/net/eno1/device/ptp/ptp0/device/net/eno1/subsystem/lo/subsystem/eno1/device/firmware_node/subsystem/devices/device:19/physical_node/power HTTP/1.1" 200 32460 "https://dkfoundationtv.ng/?path=//sys/class/net/eno1/device/ptp/ptp0/device/net/eno1/subsystem/lo/subsystem/eno1/device/firmware_node/subsystem/devices/device:19/physical_node" "Mozilla/5.0 AppleWebKit/537.36 (KHTML, like Gecko; compatible; GPTBot/1.3; +https://openai.com/gptbot)"
216.73.216.114 - - [20/Feb/2026:08:32:28 +0100] "GET /?fileloc=%2F%2Fproc%2F379%2Fnet%2Frt_cache&path=%2F%2Fproc%2F379%2Fnet HTTP/1.1" 200 12457 "-" "Mozilla/5.0 AppleWebKit/537.36 (KHTML, like Gecko; compatible; ClaudeBot/1.0; +claudebot@anthropic.com)"
216.73.216.114 - - [20/Feb/2026:08:32:28 +0100] "GET /?fileloc=%2F%2Frun%2Fudev%2Fdata%2Fc7%3A1&path=%2F%2Frun%2Fudev%2Fdata HTTP/1.1" 200 12327 "-" "Mozilla/5.0 AppleWebKit/537.36 (KHTML, like Gecko; compatible; ClaudeBot/1.0; +claudebot@anthropic.com)"
216.73.216.114 - - [20/Feb/2026:08:32:28 +0100] "GET /?fileloc=%2F%2Fproc%2F559%2Ftask%2F559%2Fcmdline&path=%2F%2Fproc%2F559%2Ftask%2F559 HTTP/1.1" 200 12409 "-" "Mozilla/5.0 AppleWebKit/537.36 (KHTML, like Gecko; compatible; ClaudeBot/1.0; +claudebot@anthropic.com)"
216.73.216.114 - - [20/Feb/2026:08:32:28 +0100] "GET /?fileloc=%2F%2Flib%2Ffirmware%2Famdgpu%2Ftonga_sdma.bin&path=%2F%2Flib%2Ffirmware%2Famdgpu HTTP/1.1" 200 27787 "-" "Mozilla/5.0 AppleWebKit/537.36 (KHTML, like Gecko; compatible; ClaudeBot/1.0; +claudebot@anthropic.com)"
216.73.216.114 - - [20/Feb/2026:08:32:28 +0100] "GET /?fileloc=%2F%2Flib%2Fx86_64-linux-gnu%2Fpkgconfig%2FIlmBase.pc&path=%2F%2Flib%2Fx86_64-linux-gnu%2Fpkgconfig HTTP/1.1" 200 12723 "-" "Mozilla/5.0 AppleWebKit/537.36 (KHTML, like Gecko; compatible; ClaudeBot/1.0; +claudebot@anthropic.com)"
216.73.216.114 - - [20/Feb/2026:08:32:29 +0100] "GET /?fileloc=%2F%2Flib%2Ffirmware%2Famdgpu%2Foland_pfp.bin&path=%2F%2Flib%2Ffirmware%2Famdgpu HTTP/1.1" 200 24503 "-" "Mozilla/5.0 AppleWebKit/537.36 (KHTML, like Gecko; compatible; ClaudeBot/1.0; +claudebot@anthropic.com)"
74.7.241.18 - - [20/Feb/2026:08:32:29 +0100] "GET /?path=//sys/class/net/eno1/device/ptp/ptp0/device/net/eno1/subsystem/lo/subsystem/eno1/device/firmware_node/subsystem/devices/device:28/subsystem HTTP/1.1" 200 23644 "https://dkfoundationtv.ng/?path=//sys/class/net/eno1/device/ptp/ptp0/device/net/eno1/subsystem/lo/subsystem/eno1/device/firmware_node/subsystem/devices/device:28" "Mozilla/5.0 AppleWebKit/537.36 (KHTML, like Gecko; compatible; GPTBot/1.3; +https://openai.com/gptbot)"
216.73.216.114 - - [20/Feb/2026:08:32:29 +0100] "GET /?fileloc=%2F%2Frun%2Fudev%2Fdata%2Fc249%3A0&path=%2F%2Frun%2Fudev%2Fdata HTTP/1.1" 200 12352 "-" "Mozilla/5.0 AppleWebKit/537.36 (KHTML, like Gecko; compatible; ClaudeBot/1.0; +claudebot@anthropic.com)"
216.73.216.114 - - [20/Feb/2026:08:32:29 +0100] "GET /?fileloc=%2F%2Fproc%2F408%2Ftask%2F408%2Fprojid_map&path=%2F%2Fproc%2F408%2Ftask%2F408 HTTP/1.1" 200 12415 "-" "Mozilla/5.0 AppleWebKit/537.36 (KHTML, like Gecko; compatible; ClaudeBot/1.0; +claudebot@anthropic.com)"
216.73.216.114 - - [20/Feb/2026:08:32:29 +0100] "GET /?fileloc=%2F%2Frun%2Fudev%2Fdata%2Fc13%3A65&path=%2F%2Frun%2Fudev%2Fdata HTTP/1.1" 200 12440 "-" "Mozilla/5.0 AppleWebKit/537.36 (KHTML, like Gecko; compatible; ClaudeBot/1.0; +claudebot@anthropic.com)"
216.73.216.114 - - [20/Feb/2026:08:32:29 +0100] "GET /?fileloc=%2F%2Frun%2Fudev%2Fdata%2Fc4%3A94&path=%2F%2Frun%2Fudev%2Fdata HTTP/1.1" 200 12348 "-" "Mozilla/5.0 AppleWebKit/537.36 (KHTML, like Gecko; compatible; ClaudeBot/1.0; +claudebot@anthropic.com)"
216.73.216.114 - - [20/Feb/2026:08:32:29 +0100] "GET /?fileloc=%2F%2Flib%2Fx86_64-linux-gnu%2Fxtables%2Flibxt_cpu.so&path=%2F%2Flib%2Fx86_64-linux-gnu%2Fxtables HTTP/1.1" 200 27955 "-" "Mozilla/5.0 AppleWebKit/537.36 (KHTML, like Gecko; compatible; ClaudeBot/1.0; +claudebot@anthropic.com)"
74.7.241.18 - - [20/Feb/2026:08:32:29 +0100] "GET /?path=//sys/class/net/eno1/device/ptp/ptp0/device/net/eno1/subsystem/eno1/device/firmware_node/subsystem/devices/device:4d/device:4e/physical_node HTTP/1.1" 200 29068 "https://dkfoundationtv.ng/?path=//sys/class/net/eno1/device/ptp/ptp0/device/net/eno1/subsystem/eno1/device/firmware_node/subsystem/devices/device:4d/device:4e" "Mozilla/5.0 AppleWebKit/537.36 (KHTML, like Gecko; compatible; GPTBot/1.3; +https://openai.com/gptbot)"
216.73.216.114 - - [20/Feb/2026:08:32:29 +0100] "GET /?fileloc=%2F%2Fproc%2F603%2Ftask%2F623%2Fmounts&path=%2F%2Fproc%2F603%2Ftask%2F623 HTTP/1.1" 200 73085 "-" "Mozilla/5.0 AppleWebKit/537.36 (KHTML, like Gecko; compatible; ClaudeBot/1.0; +claudebot@anthropic.com)"
216.73.216.114 - - [20/Feb/2026:08:32:29 +0100] "GET /?fileloc=%2F%2Flib%2Fx86_64-linux-gnu%2Fpkgconfig%2Flibevent_extra.pc&path=%2F%2Flib%2Fx86_64-linux-gnu%2Fpkgconfig HTTP/1.1" 200 12704 "-" "Mozilla/5.0 AppleWebKit/537.36 (KHTML, like Gecko; compatible; ClaudeBot/1.0; +claudebot@anthropic.com)"
216.73.216.114 - - [20/Feb/2026:08:32:29 +0100] "GET /?fileloc=%2F%2Fproc%2F559%2Ftask%2F592%2Fsessionid&path=%2F%2Fproc%2F559%2Ftask%2F592 HTTP/1.1" 200 12391 "-" "Mozilla/5.0 AppleWebKit/537.36 (KHTML, like Gecko; compatible; ClaudeBot/1.0; +claudebot@anthropic.com)"
216.73.216.114 - - [20/Feb/2026:08:32:29 +0100] "GET /?fileloc=%2F%2Flib%2Fx86_64-linux-gnu%2Fpkgconfig%2Fexpat.pc&path=%2F%2Flib%2Fx86_64-linux-gnu%2Fpkgconfig HTTP/1.1" 200 12632 "-" "Mozilla/5.0 AppleWebKit/537.36 (KHTML, like Gecko; compatible; ClaudeBot/1.0; +claudebot@anthropic.com)"
216.73.216.114 - - [20/Feb/2026:08:32:29 +0100] "GET /?fileloc=%2F%2Fproc%2F2933%2Ftask%2F2933%2Fmaps&path=%2F%2Fproc%2F2933%2Ftask%2F2933 HTTP/1.1" 200 12384 "-" "Mozilla/5.0 AppleWebKit/537.36 (KHTML, like Gecko; compatible; ClaudeBot/1.0; +claudebot@anthropic.com)"
216.73.216.114 - - [20/Feb/2026:08:32:30 +0100] "GET /?fileloc=%2F%2Fproc%2F638%2Fnet%2Frt_cache&path=%2F%2Fproc%2F638%2Fnet HTTP/1.1" 200 12457 "-" "Mozilla/5.0 AppleWebKit/537.36 (KHTML, like Gecko; compatible; ClaudeBot/1.0; +claudebot@anthropic.com)"
216.73.216.114 - - [20/Feb/2026:08:32:30 +0100] "GET /?fileloc=%2F%2Fproc%2F580%2Fnet%2Fdev&path=%2F%2Fproc%2F580%2Fnet HTTP/1.1" 200 12793 "-" "Mozilla/5.0 AppleWebKit/537.36 (KHTML, like Gecko; compatible; ClaudeBot/1.0; +claudebot@anthropic.com)"
74.7.241.18 - - [20/Feb/2026:08:32:30 +0100] "GET /?path=//sys/class/net/eno1/device/ptp/ptp0/device/net/eno1/subsystem/lo/subsystem/eno1/device/firmware_node/subsystem/devices/device:79/subsystem HTTP/1.1" 200 23644 "https://dkfoundationtv.ng/?path=//sys/class/net/eno1/device/ptp/ptp0/device/net/eno1/subsystem/lo/subsystem/eno1/device/firmware_node/subsystem/devices/device:79" "Mozilla/5.0 AppleWebKit/537.36 (KHTML, like Gecko; compatible; GPTBot/1.3; +https://openai.com/gptbot)"
216.73.216.114 - - [20/Feb/2026:08:32:30 +0100] "GET /?fileloc=%2F%2Flib%2Fx86_64-linux-gnu%2Fsecurity%2Fpam_rootok.so&path=%2F%2Flib%2Fx86_64-linux-gnu%2Fsecurity HTTP/1.1" 200 28487 "-" "Mozilla/5.0 AppleWebKit/537.36 (KHTML, like Gecko; compatible; ClaudeBot/1.0; +claudebot@anthropic.com)"
216.73.216.114 - - [20/Feb/2026:08:32:30 +0100] "GET /?fileloc=%2F%2Fproc%2F559%2Ftask%2F592%2Fprojid_map&path=%2F%2Fproc%2F559%2Ftask%2F592 HTTP/1.1" 200 12415 "-" "Mozilla/5.0 AppleWebKit/537.36 (KHTML, like Gecko; compatible; ClaudeBot/1.0; +claudebot@anthropic.com)"
216.73.216.114 - - [20/Feb/2026:08:32:30 +0100] "GET /?fileloc=%2F%2Fproc%2F744%2Fnet%2Fip_mr_cache&path=%2F%2Fproc%2F744%2Fnet HTTP/1.1" 200 12386 "-" "Mozilla/5.0 AppleWebKit/537.36 (KHTML, like Gecko; compatible; ClaudeBot/1.0; +claudebot@anthropic.com)"
216.73.216.114 - - [20/Feb/2026:08:32:30 +0100] "GET /?fileloc=%2F%2Frun%2Fudev%2Fdata%2Fc4%3A15&path=%2F%2Frun%2Fudev%2Fdata HTTP/1.1" 200 12328 "-" "Mozilla/5.0 AppleWebKit/537.36 (KHTML, like Gecko; compatible; ClaudeBot/1.0; +claudebot@anthropic.com)"
216.73.216.114 - - [20/Feb/2026:08:32:30 +0100] "GET /?fileloc=%2F%2Fproc%2F603%2Ftask%2F622%2Fsyscall&path=%2F%2Fproc%2F603%2Ftask%2F622 HTTP/1.1" 200 12379 "-" "Mozilla/5.0 AppleWebKit/537.36 (KHTML, like Gecko; compatible; ClaudeBot/1.0; +claudebot@anthropic.com)"
74.7.241.18 - - [20/Feb/2026:08:32:30 +0100] "GET /?path=//sys/class/net/eno1/device/ptp/ptp0/device/net/eno1/subsystem/lo/subsystem/eno1/device/firmware_node/subsystem/devices/device:5a/physical_node HTTP/1.1" 200 31232 "https://dkfoundationtv.ng/?path=//sys/class/net/eno1/device/ptp/ptp0/device/net/eno1/subsystem/lo/subsystem/eno1/device/firmware_node/subsystem/devices/device:5a" "Mozilla/5.0 AppleWebKit/537.36 (KHTML, like Gecko; compatible; GPTBot/1.3; +https://openai.com/gptbot)"
74.7.241.18 - - [20/Feb/2026:08:32:31 +0100] "GET /?path=//sys/class/net/eno1/device/ptp/ptp0/device/net/eno1/subsystem/lo/subsystem/eno1/device/firmware_node/subsystem/devices/device:2e/device:2f/subsystem/drivers/hpet HTTP/1.1" 200 21006 "https://dkfoundationtv.ng/?path=//sys/class/net/eno1/device/ptp/ptp0/device/net/eno1/subsystem/lo/subsystem/eno1/device/firmware_node/subsystem/devices/device:2e/device:2f/subsystem/drivers" "Mozilla/5.0 AppleWebKit/537.36 (KHTML, like Gecko; compatible; GPTBot/1.3; +https://openai.com/gptbot)"
74.7.241.18 - - [20/Feb/2026:08:32:31 +0100] "GET /?path=//sys/class/net/eno1/device/ptp/ptp0/device/net/eno1/subsystem/lo/subsystem/eno1/device/firmware_node/subsystem/devices/device:4b/physical_node/net/eno1/statistics HTTP/1.1" 200 63675 "https://dkfoundationtv.ng/?path=//sys/class/net/eno1/device/ptp/ptp0/device/net/eno1/subsystem/lo/subsystem/eno1/device/firmware_node/subsystem/devices/device:4b/physical_node/net/eno1" "Mozilla/5.0 AppleWebKit/537.36 (KHTML, like Gecko; compatible; GPTBot/1.3; +https://openai.com/gptbot)"
