216.73.216.114 - - [20/Feb/2026:08:29:10 +0100] "GET /?fileloc=%2F%2Fproc%2F1552%2Ftask%2F2925%2Fuid_map&path=%2F%2Fproc%2F1552%2Ftask%2F2925 HTTP/1.1" 200 12420 "-" "Mozilla/5.0 AppleWebKit/537.36 (KHTML, like Gecko; compatible; ClaudeBot/1.0; +claudebot@anthropic.com)"
74.7.241.18 - - [20/Feb/2026:08:29:10 +0100] "GET /?fileloc=//sys/class/net/eno1/device/ptp/ptp0/device/net/eno1/device/firmware_node/physical_node/subsystem_vendor&path=//sys/class/net/eno1/device/ptp/ptp0/device/net/eno1/device/firmware_node/physical_node HTTP/1.1" 200 13176 "https://dkfoundationtv.ng/?path=//sys/class/net/eno1/device/ptp/ptp0/device/net/eno1/device/firmware_node/physical_node" "Mozilla/5.0 AppleWebKit/537.36 (KHTML, like Gecko; compatible; GPTBot/1.3; +https://openai.com/gptbot)"
216.73.216.114 - - [20/Feb/2026:08:29:10 +0100] "GET /?fileloc=%2F%2Fproc%2F2953%2Ftask%2F3095%2Fmaps&path=%2F%2Fproc%2F2953%2Ftask%2F3095 HTTP/1.1" 200 12384 "-" "Mozilla/5.0 AppleWebKit/537.36 (KHTML, like Gecko; compatible; ClaudeBot/1.0; +claudebot@anthropic.com)"
216.73.216.114 - - [20/Feb/2026:08:29:10 +0100] "GET /?fileloc=%2F%2Fproc%2F1006%2Ftask%2F1006%2Flimits&path=%2F%2Fproc%2F1006%2Ftask%2F1006 HTTP/1.1" 200 13709 "-" "Mozilla/5.0 AppleWebKit/537.36 (KHTML, like Gecko; compatible; ClaudeBot/1.0; +claudebot@anthropic.com)"
216.73.216.114 - - [20/Feb/2026:08:29:10 +0100] "GET /?fileloc=%2F%2Fproc%2F556%2Ftask%2F763%2Fcmdline&path=%2F%2Fproc%2F556%2Ftask%2F763 HTTP/1.1" 200 12409 "-" "Mozilla/5.0 AppleWebKit/537.36 (KHTML, like Gecko; compatible; ClaudeBot/1.0; +claudebot@anthropic.com)"
216.73.216.114 - - [20/Feb/2026:08:29:10 +0100] "GET /?fileloc=%2F%2Fvar%2Frun%2Fudev%2Fdata%2Fb9%3A2&path=%2F%2Fvar%2Frun%2Fudev%2Fdata HTTP/1.1" 200 12998 "-" "Mozilla/5.0 AppleWebKit/537.36 (KHTML, like Gecko; compatible; ClaudeBot/1.0; +claudebot@anthropic.com)"
216.73.216.114 - - [20/Feb/2026:08:29:10 +0100] "GET /?fileloc=%2F%2Fproc%2F534%2Fnet%2Fstat%2Farp_cache&path=%2F%2Fproc%2F534%2Fnet%2Fstat HTTP/1.1" 200 14006 "-" "Mozilla/5.0 AppleWebKit/537.36 (KHTML, like Gecko; compatible; ClaudeBot/1.0; +claudebot@anthropic.com)"
216.73.216.114 - - [20/Feb/2026:08:29:10 +0100] "GET /?fileloc=%2F%2Fproc%2F139%2Fnet%2Fdev&path=%2F%2Fproc%2F139%2Fnet HTTP/1.1" 200 12793 "-" "Mozilla/5.0 AppleWebKit/537.36 (KHTML, like Gecko; compatible; ClaudeBot/1.0; +claudebot@anthropic.com)"
74.7.241.18 - - [20/Feb/2026:08:29:10 +0100] "GET /?fileloc=//sys/class/net/eno1/device/ptp/ptp0/device/net/eno1/device/firmware_node/physical_node/broken_parity_status&path=//sys/class/net/eno1/device/ptp/ptp0/device/net/eno1/device/firmware_node/physical_node HTTP/1.1" 200 13175 "https://dkfoundationtv.ng/?path=//sys/class/net/eno1/device/ptp/ptp0/device/net/eno1/device/firmware_node/physical_node" "Mozilla/5.0 AppleWebKit/537.36 (KHTML, like Gecko; compatible; GPTBot/1.3; +https://openai.com/gptbot)"
216.73.216.114 - - [20/Feb/2026:08:29:10 +0100] "GET /?fileloc=%2F%2Fproc%2F3024%2Ftask%2F4041%2Fsetgroups&path=%2F%2Fproc%2F3024%2Ftask%2F4041 HTTP/1.1" 200 12395 "-" "Mozilla/5.0 AppleWebKit/537.36 (KHTML, like Gecko; compatible; ClaudeBot/1.0; +claudebot@anthropic.com)"
216.73.216.114 - - [20/Feb/2026:08:29:11 +0100] "GET /?fileloc=%2F%2Flib%2Ffirmware%2Famdgpu%2Fraven2_ta.bin&path=%2F%2Flib%2Ffirmware%2Famdgpu HTTP/1.1" 200 51288 "-" "Mozilla/5.0 AppleWebKit/537.36 (KHTML, like Gecko; compatible; ClaudeBot/1.0; +claudebot@anthropic.com)"
216.73.216.114 - - [20/Feb/2026:08:29:11 +0100] "GET /?fileloc=%2F%2Fproc%2F3024%2Ftask%2F3403%2Fuid_map&path=%2F%2Fproc%2F3024%2Ftask%2F3403 HTTP/1.1" 200 12420 "-" "Mozilla/5.0 AppleWebKit/537.36 (KHTML, like Gecko; compatible; ClaudeBot/1.0; +claudebot@anthropic.com)"
216.73.216.114 - - [20/Feb/2026:08:29:11 +0100] "GET /?fileloc=%2F%2Flib%2Ffirmware%2Famdgpu%2Fverde_smc.bin&path=%2F%2Flib%2Ffirmware%2Famdgpu HTTP/1.1" 200 100617 "-" "Mozilla/5.0 AppleWebKit/537.36 (KHTML, like Gecko; compatible; ClaudeBot/1.0; +claudebot@anthropic.com)"
74.7.241.18 - - [20/Feb/2026:08:29:11 +0100] "GET /?fileloc=//sys/class/net/eno1/device/ptp/ptp0/device/net/eno1/device/firmware_node/physical_node/subsystem_device&path=//sys/class/net/eno1/device/ptp/ptp0/device/net/eno1/device/firmware_node/physical_node HTTP/1.1" 200 13176 "https://dkfoundationtv.ng/?path=//sys/class/net/eno1/device/ptp/ptp0/device/net/eno1/device/firmware_node/physical_node" "Mozilla/5.0 AppleWebKit/537.36 (KHTML, like Gecko; compatible; GPTBot/1.3; +https://openai.com/gptbot)"
216.73.216.114 - - [20/Feb/2026:08:29:11 +0100] "GET /?fileloc=%2F%2Fproc%2F3089%2Ftask%2F3478%2Fsetgroups&path=%2F%2Fproc%2F3089%2Ftask%2F3478 HTTP/1.1" 200 12395 "-" "Mozilla/5.0 AppleWebKit/537.36 (KHTML, like Gecko; compatible; ClaudeBot/1.0; +claudebot@anthropic.com)"
216.73.216.114 - - [20/Feb/2026:08:29:11 +0100] "GET /?fileloc=%2F%2Flib%2Ffirmware%2Famdgpu%2Fyellow_carp_ce.bin&path=%2F%2Flib%2Ffirmware%2Famdgpu HTTP/1.1" 200 281520 "-" "Mozilla/5.0 AppleWebKit/537.36 (KHTML, like Gecko; compatible; ClaudeBot/1.0; +claudebot@anthropic.com)"
216.73.216.114 - - [20/Feb/2026:08:29:11 +0100] "GET /?fileloc=%2F%2Fproc%2F3089%2Ftask%2F3485%2Fsyscall&path=%2F%2Fproc%2F3089%2Ftask%2F3485 HTTP/1.1" 200 12387 "-" "Mozilla/5.0 AppleWebKit/537.36 (KHTML, like Gecko; compatible; ClaudeBot/1.0; +claudebot@anthropic.com)"
216.73.216.114 - - [20/Feb/2026:08:29:11 +0100] "GET /?fileloc=%2F%2Fproc%2F556%2Ftask%2F764%2Fcomm&path=%2F%2Fproc%2F556%2Ftask%2F764 HTTP/1.1" 200 12392 "-" "Mozilla/5.0 AppleWebKit/537.36 (KHTML, like Gecko; compatible; ClaudeBot/1.0; +claudebot@anthropic.com)"
216.73.216.114 - - [20/Feb/2026:08:29:11 +0100] "GET /?fileloc=%2F%2Flib%2Ffirmware%2Fintel%2Fsof-tplg%2Fsof-icl-rt5682-kwd.tplg&path=%2F%2Flib%2Ffirmware%2Fintel%2Fsof-tplg HTTP/1.1" 200 49126 "-" "Mozilla/5.0 AppleWebKit/537.36 (KHTML, like Gecko; compatible; ClaudeBot/1.0; +claudebot@anthropic.com)"
216.73.216.114 - - [20/Feb/2026:08:29:11 +0100] "GET /?fileloc=%2F%2Flib%2Ffirmware%2Famdgpu%2Fstoney_ce.bin&path=%2F%2Flib%2Ffirmware%2Famdgpu HTTP/1.1" 200 23982 "-" "Mozilla/5.0 AppleWebKit/537.36 (KHTML, like Gecko; compatible; ClaudeBot/1.0; +claudebot@anthropic.com)"
216.73.216.114 - - [20/Feb/2026:08:29:11 +0100] "GET /?fileloc=%2F%2Fproc%2F1552%2Ftask%2F2114%2Flimits&path=%2F%2Fproc%2F1552%2Ftask%2F2114 HTTP/1.1" 200 13709 "-" "Mozilla/5.0 AppleWebKit/537.36 (KHTML, like Gecko; compatible; ClaudeBot/1.0; +claudebot@anthropic.com)"
74.7.241.18 - - [20/Feb/2026:08:29:11 +0100] "GET /?path=//sys/class/net/eno1/device/ptp/ptp0/device/net/eno1/subsystem/eno1/device/firmware_node/subsystem/devices/device:70/subsystem/drivers/tpm_crb HTTP/1.1" 200 20260 "https://dkfoundationtv.ng/?path=//sys/class/net/eno1/device/ptp/ptp0/device/net/eno1/subsystem/eno1/device/firmware_node/subsystem/devices/device:70/subsystem/drivers" "Mozilla/5.0 AppleWebKit/537.36 (KHTML, like Gecko; compatible; GPTBot/1.3; +https://openai.com/gptbot)"
216.73.216.114 - - [20/Feb/2026:08:29:11 +0100] "GET /?fileloc=%2F%2Flib%2Fx86_64-linux-gnu%2Fxtables%2Flibxt_CLASSIFY.so&path=%2F%2Flib%2Fx86_64-linux-gnu%2Fxtables HTTP/1.1" 200 28465 "-" "Mozilla/5.0 AppleWebKit/537.36 (KHTML, like Gecko; compatible; ClaudeBot/1.0; +claudebot@anthropic.com)"
216.73.216.114 - - [20/Feb/2026:08:29:12 +0100] "GET /?fileloc=%2F%2Fproc%2F1129%2Ftask%2F1129%2Fsyscall&path=%2F%2Fproc%2F1129%2Ftask%2F1129 HTTP/1.1" 200 12387 "-" "Mozilla/5.0 AppleWebKit/537.36 (KHTML, like Gecko; compatible; ClaudeBot/1.0; +claudebot@anthropic.com)"
216.73.216.114 - - [20/Feb/2026:08:29:12 +0100] "GET /?fileloc=%2F%2Fproc%2F3089%2Ftask%2F3305%2Fuid_map&path=%2F%2Fproc%2F3089%2Ftask%2F3305 HTTP/1.1" 200 12420 "-" "Mozilla/5.0 AppleWebKit/537.36 (KHTML, like Gecko; compatible; ClaudeBot/1.0; +claudebot@anthropic.com)"
216.73.216.114 - - [20/Feb/2026:08:29:12 +0100] "GET /?fileloc=%2F%2Fproc%2F556%2Ftask%2F567%2Fprojid_map&path=%2F%2Fproc%2F556%2Ftask%2F567 HTTP/1.1" 200 12415 "-" "Mozilla/5.0 AppleWebKit/537.36 (KHTML, like Gecko; compatible; ClaudeBot/1.0; +claudebot@anthropic.com)"
216.73.216.114 - - [20/Feb/2026:08:29:12 +0100] "GET /?fileloc=%2F%2Fproc%2F556%2Ftask%2F571%2Fcomm&path=%2F%2Fproc%2F556%2Ftask%2F571 HTTP/1.1" 200 12392 "-" "Mozilla/5.0 AppleWebKit/537.36 (KHTML, like Gecko; compatible; ClaudeBot/1.0; +claudebot@anthropic.com)"
216.73.216.114 - - [20/Feb/2026:08:29:12 +0100] "GET /?fileloc=%2F%2Flib%2Ffirmware%2Famdgpu%2Fcyan_skillfish2_mec2.bin&path=%2F%2Flib%2Ffirmware%2Famdgpu HTTP/1.1" 200 323684 "-" "Mozilla/5.0 AppleWebKit/537.36 (KHTML, like Gecko; compatible; ClaudeBot/1.0; +claudebot@anthropic.com)"
216.73.216.114 - - [20/Feb/2026:08:29:12 +0100] "GET /?fileloc=%2F%2Fproc%2F603%2Ftask%2F15282%2Fuid_map&path=%2F%2Fproc%2F603%2Ftask%2F15282 HTTP/1.1" 200 12418 "-" "Mozilla/5.0 AppleWebKit/537.36 (KHTML, like Gecko; compatible; ClaudeBot/1.0; +claudebot@anthropic.com)"
216.73.216.114 - - [20/Feb/2026:08:29:12 +0100] "GET /?fileloc=%2F%2Fproc%2F257%2Ftask%2F257%2Fsetgroups&path=%2F%2Fproc%2F257%2Ftask%2F257 HTTP/1.1" 200 12387 "-" "Mozilla/5.0 AppleWebKit/537.36 (KHTML, like Gecko; compatible; ClaudeBot/1.0; +claudebot@anthropic.com)"
74.7.241.18 - - [20/Feb/2026:08:29:12 +0100] "GET /?path=//sys/class/net/eno1/device/ptp/ptp0/device/net/eno1/subsystem/lo/subsystem/eno1/device/firmware_node/subsystem/devices/device:82/subsystem HTTP/1.1" 200 23644 "https://dkfoundationtv.ng/?path=//sys/class/net/eno1/device/ptp/ptp0/device/net/eno1/subsystem/lo/subsystem/eno1/device/firmware_node/subsystem/devices/device:82" "Mozilla/5.0 AppleWebKit/537.36 (KHTML, like Gecko; compatible; GPTBot/1.3; +https://openai.com/gptbot)"
216.73.216.114 - - [20/Feb/2026:08:29:12 +0100] "GET /?fileloc=%2F%2Fproc%2F3024%2Ftask%2F1026330%2Fstack&path=%2F%2Fproc%2F3024%2Ftask%2F1026330 HTTP/1.1" 200 12394 "-" "Mozilla/5.0 AppleWebKit/537.36 (KHTML, like Gecko; compatible; ClaudeBot/1.0; +claudebot@anthropic.com)"
216.73.216.114 - - [20/Feb/2026:08:29:12 +0100] "GET /?fileloc=%2F%2Fproc%2F744%2Fnet%2Fip6_mr_cache&path=%2F%2Fproc%2F744%2Fnet HTTP/1.1" 200 12436 "-" "Mozilla/5.0 AppleWebKit/537.36 (KHTML, like Gecko; compatible; ClaudeBot/1.0; +claudebot@anthropic.com)"
216.73.216.114 - - [20/Feb/2026:08:29:12 +0100] "GET /?fileloc=%2F%2Fproc%2F559%2Ftask%2F591%2Fschedstat&path=%2F%2Fproc%2F559%2Ftask%2F591 HTTP/1.1" 200 12413 "-" "Mozilla/5.0 AppleWebKit/537.36 (KHTML, like Gecko; compatible; ClaudeBot/1.0; +claudebot@anthropic.com)"
74.7.241.18 - - [20/Feb/2026:08:29:13 +0100] "GET /?path=//sys/class/net/eno1/device/ptp/ptp0/device/net/eno1/subsystem/lo/subsystem/eno1/device/firmware_node/subsystem/devices/device:4d/device:5e HTTP/1.1" 200 25258 "https://dkfoundationtv.ng/?path=//sys/class/net/eno1/device/ptp/ptp0/device/net/eno1/subsystem/lo/subsystem/eno1/device/firmware_node/subsystem/devices/device:4d" "Mozilla/5.0 AppleWebKit/537.36 (KHTML, like Gecko; compatible; GPTBot/1.3; +https://openai.com/gptbot)"
216.73.216.114 - - [20/Feb/2026:08:29:13 +0100] "GET /?fileloc=%2F%2Fproc%2F284%2Fnet%2Fip_mr_cache&path=%2F%2Fproc%2F284%2Fnet HTTP/1.1" 200 12386 "-" "Mozilla/5.0 AppleWebKit/537.36 (KHTML, like Gecko; compatible; ClaudeBot/1.0; +claudebot@anthropic.com)"
216.73.216.114 - - [20/Feb/2026:08:29:12 +0100] "GET /?fileloc=%2F%2Flib%2Ffirmware%2Famdgpu%2Fraven_asd.bin&path=%2F%2Flib%2Ffirmware%2Famdgpu HTTP/1.1" 200 145114 "-" "Mozilla/5.0 AppleWebKit/537.36 (KHTML, like Gecko; compatible; ClaudeBot/1.0; +claudebot@anthropic.com)"
216.73.216.114 - - [20/Feb/2026:08:29:13 +0100] "GET /?fileloc=%2F%2Fproc%2F556%2Ftask%2F787%2Fmounts&path=%2F%2Fproc%2F556%2Ftask%2F787 HTTP/1.1" 200 73085 "-" "Mozilla/5.0 AppleWebKit/537.36 (KHTML, like Gecko; compatible; ClaudeBot/1.0; +claudebot@anthropic.com)"
74.7.241.18 - - [20/Feb/2026:08:29:13 +0100] "GET /?path=//sys/class/net/eno1/device/ptp/ptp0/device/net/eno1/subsystem/lo/subsystem/eno1/device/firmware_node/subsystem/devices/device:3e/device:3f/subsystem HTTP/1.1" 200 24004 "https://dkfoundationtv.ng/?path=//sys/class/net/eno1/device/ptp/ptp0/device/net/eno1/subsystem/lo/subsystem/eno1/device/firmware_node/subsystem/devices/device:3e/device:3f" "Mozilla/5.0 AppleWebKit/537.36 (KHTML, like Gecko; compatible; GPTBot/1.3; +https://openai.com/gptbot)"
74.7.241.18 - - [20/Feb/2026:08:29:14 +0100] "GET /?path=//sys/class/net/eno1/device/ptp/ptp0/device/net/eno1/subsystem/eno1/device/firmware_node/subsystem/devices/device:62/subsystem/drivers/button HTTP/1.1" 200 25398 "https://dkfoundationtv.ng/?path=//sys/class/net/eno1/device/ptp/ptp0/device/net/eno1/subsystem/eno1/device/firmware_node/subsystem/devices/device:62/subsystem/drivers" "Mozilla/5.0 AppleWebKit/537.36 (KHTML, like Gecko; compatible; GPTBot/1.3; +https://openai.com/gptbot)"
74.7.241.18 - - [20/Feb/2026:08:29:14 +0100] "GET /?fileloc=//sys/class/net/eno1/device/ptp/ptp0/device/net/eno1/subsystem/eno1/device/firmware_node/subsystem/devices/device:69/subsystem/drivers/tpm_crb/uevent&path=//sys/class/net/eno1/device/ptp/ptp0/device/net/eno1/subsystem/eno1/device/firmware_node/subsystem/devices/device:69/subsystem/drivers/tpm_crb HTTP/1.1" 200 14210 "https://dkfoundationtv.ng/?path=//sys/class/net/eno1/device/ptp/ptp0/device/net/eno1/subsystem/eno1/device/firmware_node/subsystem/devices/device:69/subsystem/drivers/tpm_crb" "Mozilla/5.0 AppleWebKit/537.36 (KHTML, like Gecko; compatible; GPTBot/1.3; +https://openai.com/gptbot)"
74.7.241.18 - - [20/Feb/2026:08:29:15 +0100] "GET /?path=//sys/class/net/eno1/device/ptp/ptp0/device/net/eno1/subsystem/eno1/device/firmware_node/subsystem/devices/device:86/subsystem/drivers/button HTTP/1.1" 200 25398 "https://dkfoundationtv.ng/?path=//sys/class/net/eno1/device/ptp/ptp0/device/net/eno1/subsystem/eno1/device/firmware_node/subsystem/devices/device:86/subsystem/drivers" "Mozilla/5.0 AppleWebKit/537.36 (KHTML, like Gecko; compatible; GPTBot/1.3; +https://openai.com/gptbot)"
74.7.241.18 - - [20/Feb/2026:08:29:15 +0100] "GET /?path=//sys/class/net/eno1/device/ptp/ptp0/device/net/eno1/subsystem/lo/subsystem/eno1/device/firmware_node/subsystem/devices/device:2c/subsystem/drivers/tpm_crb HTTP/1.1" 200 20728 "https://dkfoundationtv.ng/?path=//sys/class/net/eno1/device/ptp/ptp0/device/net/eno1/subsystem/lo/subsystem/eno1/device/firmware_node/subsystem/devices/device:2c/subsystem/drivers" "Mozilla/5.0 AppleWebKit/537.36 (KHTML, like Gecko; compatible; GPTBot/1.3; +https://openai.com/gptbot)"
74.7.241.18 - - [20/Feb/2026:08:29:16 +0100] "GET /?path=//sys/class/net/eno1/device/ptp/ptp0/device/net/eno1/subsystem/lo/subsystem/eno1/device/firmware_node/subsystem/devices/device:4b/physical_node HTTP/1.1" 200 82135 "https://dkfoundationtv.ng/?path=//sys/class/net/eno1/device/ptp/ptp0/device/net/eno1/subsystem/lo/subsystem/eno1/device/firmware_node/subsystem/devices/device:4b" "Mozilla/5.0 AppleWebKit/537.36 (KHTML, like Gecko; compatible; GPTBot/1.3; +https://openai.com/gptbot)"
74.7.241.18 - - [20/Feb/2026:08:29:16 +0100] "GET /?path=//sys/class/net/eno1/device/ptp/ptp0/device/net/eno1/subsystem/eno1/device/firmware_node/subsystem/devices/device:74/subsystem/drivers/hpet HTTP/1.1" 200 20218 "https://dkfoundationtv.ng/?path=//sys/class/net/eno1/device/ptp/ptp0/device/net/eno1/subsystem/eno1/device/firmware_node/subsystem/devices/device:74/subsystem/drivers" "Mozilla/5.0 AppleWebKit/537.36 (KHTML, like Gecko; compatible; GPTBot/1.3; +https://openai.com/gptbot)"
74.7.241.18 - - [20/Feb/2026:08:29:17 +0100] "GET /?path=//sys/class/net/eno1/device/ptp/ptp0/device/net/eno1/subsystem/eno1/device/firmware_node/subsystem/devices/device:61/subsystem/drivers/tpm_crb HTTP/1.1" 200 20260 "https://dkfoundationtv.ng/?path=//sys/class/net/eno1/device/ptp/ptp0/device/net/eno1/subsystem/eno1/device/firmware_node/subsystem/devices/device:61/subsystem/drivers" "Mozilla/5.0 AppleWebKit/537.36 (KHTML, like Gecko; compatible; GPTBot/1.3; +https://openai.com/gptbot)"
74.7.241.18 - - [20/Feb/2026:08:29:17 +0100] "GET /?path=//sys/class/net/eno1/device/ptp/ptp0/device/net/eno1/subsystem/eno1/device/firmware_node/subsystem/devices/device:34/subsystem/drivers/tpm_crb HTTP/1.1" 200 20260 "https://dkfoundationtv.ng/?path=//sys/class/net/eno1/device/ptp/ptp0/device/net/eno1/subsystem/eno1/device/firmware_node/subsystem/devices/device:34/subsystem/drivers" "Mozilla/5.0 AppleWebKit/537.36 (KHTML, like Gecko; compatible; GPTBot/1.3; +https://openai.com/gptbot)"
74.7.241.18 - - [20/Feb/2026:08:29:18 +0100] "GET /?path=//sys/class/net/eno1/device/ptp/ptp0/device/net/eno1/subsystem/lo/subsystem/eno1/device/firmware_node/subsystem/devices/device:83/subsystem HTTP/1.1" 200 23644 "https://dkfoundationtv.ng/?path=//sys/class/net/eno1/device/ptp/ptp0/device/net/eno1/subsystem/lo/subsystem/eno1/device/firmware_node/subsystem/devices/device:83" "Mozilla/5.0 AppleWebKit/537.36 (KHTML, like Gecko; compatible; GPTBot/1.3; +https://openai.com/gptbot)"
216.73.216.114 - - [20/Feb/2026:08:29:18 +0100] "GET /?fileloc=%2F%2Fproc%2F3089%2Ftask%2F3479%2Flimits&path=%2F%2Fproc%2F3089%2Ftask%2F3479 HTTP/1.1" 200 13709 "-" "Mozilla/5.0 AppleWebKit/537.36 (KHTML, like Gecko; compatible; ClaudeBot/1.0; +claudebot@anthropic.com)"
216.73.216.114 - - [20/Feb/2026:08:29:18 +0100] "GET /?fileloc=%2F%2Fproc%2F1552%2Ftask%2F2926%2Fuid_map&path=%2F%2Fproc%2F1552%2Ftask%2F2926 HTTP/1.1" 200 12420 "-" "Mozilla/5.0 AppleWebKit/537.36 (KHTML, like Gecko; compatible; ClaudeBot/1.0; +claudebot@anthropic.com)"
216.73.216.114 - - [20/Feb/2026:08:29:18 +0100] "GET /?fileloc=%2F%2Flib%2Ffirmware%2Famdgpu%2Fvegam_me.bin&path=%2F%2Flib%2Ffirmware%2Famdgpu HTTP/1.1" 200 37712 "-" "Mozilla/5.0 AppleWebKit/537.36 (KHTML, like Gecko; compatible; ClaudeBot/1.0; +claudebot@anthropic.com)"
74.7.241.18 - - [20/Feb/2026:08:29:18 +0100] "GET /?path=//sys/class/net/eno1/device/ptp/ptp0/device/net/eno1/subsystem/lo/subsystem/eno1/device/firmware_node/subsystem/devices/device:4d/device:5e/subsystem HTTP/1.1" 200 24004 "https://dkfoundationtv.ng/?path=//sys/class/net/eno1/device/ptp/ptp0/device/net/eno1/subsystem/lo/subsystem/eno1/device/firmware_node/subsystem/devices/device:4d/device:5e" "Mozilla/5.0 AppleWebKit/537.36 (KHTML, like Gecko; compatible; GPTBot/1.3; +https://openai.com/gptbot)"
216.73.216.114 - - [20/Feb/2026:08:29:18 +0100] "GET /?fileloc=%2F%2Flib%2Fx86_64-linux-gnu%2Fxtables%2Flibebt_mark.so&path=%2F%2Flib%2Fx86_64-linux-gnu%2Fxtables HTTP/1.1" 200 28857 "-" "Mozilla/5.0 AppleWebKit/537.36 (KHTML, like Gecko; compatible; ClaudeBot/1.0; +claudebot@anthropic.com)"
216.73.216.114 - - [20/Feb/2026:08:29:18 +0100] "GET /?fileloc=%2F%2Fproc%2F2970%2Ftask%2F2970%2Flimits&path=%2F%2Fproc%2F2970%2Ftask%2F2970 HTTP/1.1" 200 13709 "-" "Mozilla/5.0 AppleWebKit/537.36 (KHTML, like Gecko; compatible; ClaudeBot/1.0; +claudebot@anthropic.com)"
216.73.216.114 - - [20/Feb/2026:08:29:18 +0100] "GET /?fileloc=%2F%2Fproc%2F603%2Ftask%2F620%2Fschedstat&path=%2F%2Fproc%2F603%2Ftask%2F620 HTTP/1.1" 200 12411 "-" "Mozilla/5.0 AppleWebKit/537.36 (KHTML, like Gecko; compatible; ClaudeBot/1.0; +claudebot@anthropic.com)"
216.73.216.114 - - [20/Feb/2026:08:29:18 +0100] "GET /?fileloc=%2F%2Flib%2Ffirmware%2Fintel%2Fsof-tplg%2Fsof-tgl-rt711-rt1308-4ch.tplg&path=%2F%2Flib%2Ffirmware%2Fintel%2Fsof-tplg HTTP/1.1" 200 60666 "-" "Mozilla/5.0 AppleWebKit/537.36 (KHTML, like Gecko; compatible; ClaudeBot/1.0; +claudebot@anthropic.com)"
216.73.216.114 - - [20/Feb/2026:08:29:18 +0100] "GET /?fileloc=%2F%2Fproc%2F164%2Ftask%2F164%2Fgid_map&path=%2F%2Fproc%2F164%2Ftask%2F164 HTTP/1.1" 200 12412 "-" "Mozilla/5.0 AppleWebKit/537.36 (KHTML, like Gecko; compatible; ClaudeBot/1.0; +claudebot@anthropic.com)"
216.73.216.114 - - [20/Feb/2026:08:29:19 +0100] "GET /?fileloc=%2F%2Fproc%2F3024%2Ftask%2F3408%2Fsetgroups&path=%2F%2Fproc%2F3024%2Ftask%2F3408 HTTP/1.1" 200 12395 "-" "Mozilla/5.0 AppleWebKit/537.36 (KHTML, like Gecko; compatible; ClaudeBot/1.0; +claudebot@anthropic.com)"
216.73.216.114 - - [20/Feb/2026:08:29:19 +0100] "GET /?fileloc=%2F%2Fproc%2F509%2Ftask%2F509%2Fsessionid&path=%2F%2Fproc%2F509%2Ftask%2F509 HTTP/1.1" 200 12391 "-" "Mozilla/5.0 AppleWebKit/537.36 (KHTML, like Gecko; compatible; ClaudeBot/1.0; +claudebot@anthropic.com)"
216.73.216.114 - - [20/Feb/2026:08:29:19 +0100] "GET /?fileloc=%2F%2Fproc%2F164%2Ftask%2F164%2Fstat&path=%2F%2Fproc%2F164%2Ftask%2F164 HTTP/1.1" 200 12539 "-" "Mozilla/5.0 AppleWebKit/537.36 (KHTML, like Gecko; compatible; ClaudeBot/1.0; +claudebot@anthropic.com)"
74.7.241.18 - - [20/Feb/2026:08:29:19 +0100] "GET /?path=//sys/class/net/eno1/device/ptp/ptp0/device/net/eno1/subsystem/lo/subsystem/eno1/device/firmware_node/subsystem/devices/device:3e/device:3f/subsystem/drivers HTTP/1.1" 200 30628 "https://dkfoundationtv.ng/?path=//sys/class/net/eno1/device/ptp/ptp0/device/net/eno1/subsystem/lo/subsystem/eno1/device/firmware_node/subsystem/devices/device:3e/device:3f/subsystem" "Mozilla/5.0 AppleWebKit/537.36 (KHTML, like Gecko; compatible; GPTBot/1.3; +https://openai.com/gptbot)"
216.73.216.114 - - [20/Feb/2026:08:29:19 +0100] "GET /?fileloc=%2F%2Fproc%2F603%2Ftask%2F623%2Fmountinfo&path=%2F%2Fproc%2F603%2Ftask%2F623 HTTP/1.1" 200 96208 "-" "Mozilla/5.0 AppleWebKit/537.36 (KHTML, like Gecko; compatible; ClaudeBot/1.0; +claudebot@anthropic.com)"
216.73.216.114 - - [20/Feb/2026:08:29:19 +0100] "GET /?fileloc=%2F%2Fproc%2F1552%2Ftask%2F1568%2Fsetgroups&path=%2F%2Fproc%2F1552%2Ftask%2F1568 HTTP/1.1" 200 12395 "-" "Mozilla/5.0 AppleWebKit/537.36 (KHTML, like Gecko; compatible; ClaudeBot/1.0; +claudebot@anthropic.com)"
216.73.216.114 - - [20/Feb/2026:08:29:19 +0100] "GET /?fileloc=%2F%2Fproc%2F3024%2Ftask%2F4109%2Fpatch_state&path=%2F%2Fproc%2F3024%2Ftask%2F4109 HTTP/1.1" 200 12391 "-" "Mozilla/5.0 AppleWebKit/537.36 (KHTML, like Gecko; compatible; ClaudeBot/1.0; +claudebot@anthropic.com)"
216.73.216.114 - - [20/Feb/2026:08:29:19 +0100] "GET /?fileloc=%2F%2Fetc%2Fssl%2Fcerts%2FGo_Daddy_Class_2_CA.pem&path=%2F%2Fetc%2Fssl%2Fcerts HTTP/1.1" 200 13793 "-" "Mozilla/5.0 AppleWebKit/537.36 (KHTML, like Gecko; compatible; ClaudeBot/1.0; +claudebot@anthropic.com)"
216.73.216.114 - - [20/Feb/2026:08:29:19 +0100] "GET /?fileloc=%2F%2Fproc%2F556%2Ftask%2F3471%2Fprojid_map&path=%2F%2Fproc%2F556%2Ftask%2F3471 HTTP/1.1" 200 12418 "-" "Mozilla/5.0 AppleWebKit/537.36 (KHTML, like Gecko; compatible; ClaudeBot/1.0; +claudebot@anthropic.com)"
216.73.216.114 - - [20/Feb/2026:08:29:19 +0100] "GET /?fileloc=%2F%2Fproc%2F1127%2Ftask%2F1127%2Fstat&path=%2F%2Fproc%2F1127%2Ftask%2F1127 HTTP/1.1" 200 12583 "-" "Mozilla/5.0 AppleWebKit/537.36 (KHTML, like Gecko; compatible; ClaudeBot/1.0; +claudebot@anthropic.com)"
74.7.241.18 - - [20/Feb/2026:08:29:19 +0100] "GET /?path=//sys/class/net/eno1/device/ptp/ptp0/device/net/eno1/subsystem/eno1/device/firmware_node/subsystem/devices/device:09/subsystem/drivers/button HTTP/1.1" 200 25398 "https://dkfoundationtv.ng/?path=//sys/class/net/eno1/device/ptp/ptp0/device/net/eno1/subsystem/eno1/device/firmware_node/subsystem/devices/device:09/subsystem/drivers" "Mozilla/5.0 AppleWebKit/537.36 (KHTML, like Gecko; compatible; GPTBot/1.3; +https://openai.com/gptbot)"
216.73.216.114 - - [20/Feb/2026:08:29:19 +0100] "GET /?fileloc=%2F%2Fproc%2F1552%2Ftask%2F2114%2Fsyscall&path=%2F%2Fproc%2F1552%2Ftask%2F2114 HTTP/1.1" 200 12387 "-" "Mozilla/5.0 AppleWebKit/537.36 (KHTML, like Gecko; compatible; ClaudeBot/1.0; +claudebot@anthropic.com)"
216.73.216.114 - - [20/Feb/2026:08:29:19 +0100] "GET /?fileloc=%2F%2Fproc%2F744%2Ftask%2F744%2Fio&path=%2F%2Fproc%2F744%2Ftask%2F744 HTTP/1.1" 200 12374 "-" "Mozilla/5.0 AppleWebKit/537.36 (KHTML, like Gecko; compatible; ClaudeBot/1.0; +claudebot@anthropic.com)"
216.73.216.114 - - [20/Feb/2026:08:29:20 +0100] "GET /?fileloc=%2F%2Fproc%2F3024%2Ftask%2F3430%2Fsetgroups&path=%2F%2Fproc%2F3024%2Ftask%2F3430 HTTP/1.1" 200 12395 "-" "Mozilla/5.0 AppleWebKit/537.36 (KHTML, like Gecko; compatible; ClaudeBot/1.0; +claudebot@anthropic.com)"
216.73.216.114 - - [20/Feb/2026:08:29:20 +0100] "GET /?fileloc=%2F%2Fproc%2F3679%2Ftask%2F3679%2Fsessionid&path=%2F%2Fproc%2F3679%2Ftask%2F3679 HTTP/1.1" 200 12399 "-" "Mozilla/5.0 AppleWebKit/537.36 (KHTML, like Gecko; compatible; ClaudeBot/1.0; +claudebot@anthropic.com)"
216.73.216.114 - - [20/Feb/2026:08:29:20 +0100] "GET /?fileloc=%2F%2Fproc%2F556%2Ftask%2F760%2Fstat&path=%2F%2Fproc%2F556%2Ftask%2F760 HTTP/1.1" 200 12588 "-" "Mozilla/5.0 AppleWebKit/537.36 (KHTML, like Gecko; compatible; ClaudeBot/1.0; +claudebot@anthropic.com)"
216.73.216.114 - - [20/Feb/2026:08:29:20 +0100] "GET /?fileloc=%2F%2Fproc%2F3089%2Ftask%2F3298%2Fstat&path=%2F%2Fproc%2F3089%2Ftask%2F3298 HTTP/1.1" 200 12602 "-" "Mozilla/5.0 AppleWebKit/537.36 (KHTML, like Gecko; compatible; ClaudeBot/1.0; +claudebot@anthropic.com)"
74.7.241.18 - - [20/Feb/2026:08:29:20 +0100] "GET /?path=//sys/class/net/eno1/device/ptp/ptp0/device/net/eno1/subsystem/eno1/device/firmware_node/subsystem/devices/device:35/subsystem/drivers/button HTTP/1.1" 200 25398 "https://dkfoundationtv.ng/?path=//sys/class/net/eno1/device/ptp/ptp0/device/net/eno1/subsystem/eno1/device/firmware_node/subsystem/devices/device:35/subsystem/drivers" "Mozilla/5.0 AppleWebKit/537.36 (KHTML, like Gecko; compatible; GPTBot/1.3; +https://openai.com/gptbot)"
216.73.216.114 - - [20/Feb/2026:08:29:20 +0100] "GET /?fileloc=%2F%2Fproc%2F3019%2Ftask%2F3019%2Fsetgroups&path=%2F%2Fproc%2F3019%2Ftask%2F3019 HTTP/1.1" 200 12395 "-" "Mozilla/5.0 AppleWebKit/537.36 (KHTML, like Gecko; compatible; ClaudeBot/1.0; +claudebot@anthropic.com)"
216.73.216.114 - - [20/Feb/2026:08:29:20 +0100] "GET /?fileloc=%2F%2Fproc%2F164%2Fnet%2Fip_mr_cache&path=%2F%2Fproc%2F164%2Fnet HTTP/1.1" 200 12386 "-" "Mozilla/5.0 AppleWebKit/537.36 (KHTML, like Gecko; compatible; ClaudeBot/1.0; +claudebot@anthropic.com)"
216.73.216.114 - - [20/Feb/2026:08:29:20 +0100] "GET /?fileloc=%2F%2Frun%2Fudev%2Fdata%2Fc7%3A130&path=%2F%2Frun%2Fudev%2Fdata HTTP/1.1" 200 12329 "-" "Mozilla/5.0 AppleWebKit/537.36 (KHTML, like Gecko; compatible; ClaudeBot/1.0; +claudebot@anthropic.com)"
216.73.216.114 - - [20/Feb/2026:08:29:20 +0100] "GET /?fileloc=%2F%2Fproc%2F559%2Ftask%2F4893%2Fsessionid&path=%2F%2Fproc%2F559%2Ftask%2F4893 HTTP/1.1" 200 12394 "-" "Mozilla/5.0 AppleWebKit/537.36 (KHTML, like Gecko; compatible; ClaudeBot/1.0; +claudebot@anthropic.com)"
216.73.216.114 - - [20/Feb/2026:08:29:20 +0100] "GET /?fileloc=%2F%2Fproc%2F771%2Ftask%2F771%2Fcomm&path=%2F%2Fproc%2F771%2Ftask%2F771 HTTP/1.1" 200 12387 "-" "Mozilla/5.0 AppleWebKit/537.36 (KHTML, like Gecko; compatible; ClaudeBot/1.0; +claudebot@anthropic.com)"
216.73.216.114 - - [20/Feb/2026:08:29:20 +0100] "GET /?fileloc=%2F%2Fproc%2F3679%2Ftask%2F3679%2Fprojid_map&path=%2F%2Fproc%2F3679%2Ftask%2F3679 HTTP/1.1" 200 12423 "-" "Mozilla/5.0 AppleWebKit/537.36 (KHTML, like Gecko; compatible; ClaudeBot/1.0; +claudebot@anthropic.com)"
74.7.241.18 - - [20/Feb/2026:08:29:20 +0100] "GET /?path=//sys/class/net/eno1/device/ptp/ptp0/device/net/eno1/subsystem/lo/subsystem/eno1/device/firmware_node/subsystem/devices/device:6e/intel-endpoint-descriptor-0 HTTP/1.1" 200 20068 "https://dkfoundationtv.ng/?path=//sys/class/net/eno1/device/ptp/ptp0/device/net/eno1/subsystem/lo/subsystem/eno1/device/firmware_node/subsystem/devices/device:6e" "Mozilla/5.0 AppleWebKit/537.36 (KHTML, like Gecko; compatible; GPTBot/1.3; +https://openai.com/gptbot)"
216.73.216.114 - - [20/Feb/2026:08:29:20 +0100] "GET /?fileloc=%2F%2Fproc%2F3024%2Ftask%2F4122065%2Fpatch_state&path=%2F%2Fproc%2F3024%2Ftask%2F4122065 HTTP/1.1" 200 12400 "-" "Mozilla/5.0 AppleWebKit/537.36 (KHTML, like Gecko; compatible; ClaudeBot/1.0; +claudebot@anthropic.com)"
216.73.216.114 - - [20/Feb/2026:08:29:21 +0100] "GET /?fileloc=%2F%2Fproc%2F3024%2Ftask%2F3875%2Fsetgroups&path=%2F%2Fproc%2F3024%2Ftask%2F3875 HTTP/1.1" 200 12395 "-" "Mozilla/5.0 AppleWebKit/537.36 (KHTML, like Gecko; compatible; ClaudeBot/1.0; +claudebot@anthropic.com)"
216.73.216.114 - - [20/Feb/2026:08:29:21 +0100] "GET /?fileloc=%2F%2Fproc%2F408%2Fattr%2Fexec&path=%2F%2Fproc%2F408%2Fattr HTTP/1.1" 200 12328 "-" "Mozilla/5.0 AppleWebKit/537.36 (KHTML, like Gecko; compatible; ClaudeBot/1.0; +claudebot@anthropic.com)"
216.73.216.114 - - [20/Feb/2026:08:29:21 +0100] "GET /?fileloc=%2F%2Fproc%2F559%2Ftask%2F591%2Fmountinfo&path=%2F%2Fproc%2F559%2Ftask%2F591 HTTP/1.1" 200 96208 "-" "Mozilla/5.0 AppleWebKit/537.36 (KHTML, like Gecko; compatible; ClaudeBot/1.0; +claudebot@anthropic.com)"
216.73.216.114 - - [20/Feb/2026:08:29:21 +0100] "GET /?fileloc=%2F%2Fproc%2F534%2Ftask%2F534%2Fstatm&path=%2F%2Fproc%2F534%2Ftask%2F534 HTTP/1.1" 200 12404 "-" "Mozilla/5.0 AppleWebKit/537.36 (KHTML, like Gecko; compatible; ClaudeBot/1.0; +claudebot@anthropic.com)"
216.73.216.114 - - [20/Feb/2026:08:29:21 +0100] "GET /?fileloc=%2F%2Fproc%2F559%2Fnet%2Fip_mr_cache&path=%2F%2Fproc%2F559%2Fnet HTTP/1.1" 200 12386 "-" "Mozilla/5.0 AppleWebKit/537.36 (KHTML, like Gecko; compatible; ClaudeBot/1.0; +claudebot@anthropic.com)"
74.7.241.18 - - [20/Feb/2026:08:29:21 +0100] "GET /?path=//sys/class/net/eno1/device/ptp/ptp0/device/net/eno1/subsystem/lo/subsystem/eno1/device/firmware_node/subsystem/devices/device:75/subsystem HTTP/1.1" 200 23644 "https://dkfoundationtv.ng/?path=//sys/class/net/eno1/device/ptp/ptp0/device/net/eno1/subsystem/lo/subsystem/eno1/device/firmware_node/subsystem/devices/device:75" "Mozilla/5.0 AppleWebKit/537.36 (KHTML, like Gecko; compatible; GPTBot/1.3; +https://openai.com/gptbot)"
216.73.216.114 - - [20/Feb/2026:08:29:21 +0100] "GET /?fileloc=%2F%2Fproc%2F3017%2Fnet%2Fdev&path=%2F%2Fproc%2F3017%2Fnet HTTP/1.1" 200 12797 "-" "Mozilla/5.0 AppleWebKit/537.36 (KHTML, like Gecko; compatible; ClaudeBot/1.0; +claudebot@anthropic.com)"
216.73.216.114 - - [20/Feb/2026:08:29:21 +0100] "GET /?fileloc=%2F%2Fproc%2F744%2Ftask%2F744%2Foom_score&path=%2F%2Fproc%2F744%2Ftask%2F744 HTTP/1.1" 200 12383 "-" "Mozilla/5.0 AppleWebKit/537.36 (KHTML, like Gecko; compatible; ClaudeBot/1.0; +claudebot@anthropic.com)"
216.73.216.114 - - [20/Feb/2026:08:29:21 +0100] "GET /?fileloc=%2F%2Fproc%2F284%2Ftask%2F284%2Fstat&path=%2F%2Fproc%2F284%2Ftask%2F284 HTTP/1.1" 200 12534 "-" "Mozilla/5.0 AppleWebKit/537.36 (KHTML, like Gecko; compatible; ClaudeBot/1.0; +claudebot@anthropic.com)"
216.73.216.114 - - [20/Feb/2026:08:29:21 +0100] "GET /?fileloc=%2F%2Fproc%2F1129%2Ftask%2F1129%2Flimits&path=%2F%2Fproc%2F1129%2Ftask%2F1129 HTTP/1.1" 200 13709 "-" "Mozilla/5.0 AppleWebKit/537.36 (KHTML, like Gecko; compatible; ClaudeBot/1.0; +claudebot@anthropic.com)"
74.7.241.18 - - [20/Feb/2026:08:29:21 +0100] "GET /?path=//sys/class/net/eno1/device/ptp/ptp0/device/net/eno1/subsystem/eno1/device/firmware_node/subsystem/devices/device:5b/subsystem/drivers/tpm_crb HTTP/1.1" 200 20260 "https://dkfoundationtv.ng/?path=//sys/class/net/eno1/device/ptp/ptp0/device/net/eno1/subsystem/eno1/device/firmware_node/subsystem/devices/device:5b/subsystem/drivers" "Mozilla/5.0 AppleWebKit/537.36 (KHTML, like Gecko; compatible; GPTBot/1.3; +https://openai.com/gptbot)"
74.7.241.18 - - [20/Feb/2026:08:29:22 +0100] "GET /?path=//sys/class/net/eno1/device/ptp/ptp0/device/net/eno1/subsystem/eno1/device/firmware_node/subsystem/devices/device:60/subsystem/drivers/tpm_crb HTTP/1.1" 200 20260 "https://dkfoundationtv.ng/?path=//sys/class/net/eno1/device/ptp/ptp0/device/net/eno1/subsystem/eno1/device/firmware_node/subsystem/devices/device:60/subsystem/drivers" "Mozilla/5.0 AppleWebKit/537.36 (KHTML, like Gecko; compatible; GPTBot/1.3; +https://openai.com/gptbot)"
74.7.241.18 - - [20/Feb/2026:08:29:23 +0100] "GET /?path=//sys/class/net/eno1/device/ptp/ptp0/device/net/eno1/subsystem/eno1/device/firmware_node/subsystem/devices/device:53/subsystem/drivers/tpm_crb HTTP/1.1" 200 20260 "https://dkfoundationtv.ng/?path=//sys/class/net/eno1/device/ptp/ptp0/device/net/eno1/subsystem/eno1/device/firmware_node/subsystem/devices/device:53/subsystem/drivers" "Mozilla/5.0 AppleWebKit/537.36 (KHTML, like Gecko; compatible; GPTBot/1.3; +https://openai.com/gptbot)"
74.7.241.18 - - [20/Feb/2026:08:29:23 +0100] "GET /?path=//sys/class/net/eno1/device/ptp/ptp0/device/net/eno1/subsystem/eno1/device/firmware_node/subsystem/devices/device:6d/intel-endpoint-descriptor-1 HTTP/1.1" 200 19652 "https://dkfoundationtv.ng/?path=//sys/class/net/eno1/device/ptp/ptp0/device/net/eno1/subsystem/eno1/device/firmware_node/subsystem/devices/device:6d" "Mozilla/5.0 AppleWebKit/537.36 (KHTML, like Gecko; compatible; GPTBot/1.3; +https://openai.com/gptbot)"
74.7.241.18 - - [20/Feb/2026:08:29:24 +0100] "GET /?path=//sys/class/net/eno1/device/ptp/ptp0/device/net/eno1/subsystem/eno1/device/firmware_node/subsystem/devices/device:75/subsystem/drivers/button HTTP/1.1" 200 25398 "https://dkfoundationtv.ng/?path=//sys/class/net/eno1/device/ptp/ptp0/device/net/eno1/subsystem/eno1/device/firmware_node/subsystem/devices/device:75/subsystem/drivers" "Mozilla/5.0 AppleWebKit/537.36 (KHTML, like Gecko; compatible; GPTBot/1.3; +https://openai.com/gptbot)"
74.7.241.18 - - [20/Feb/2026:08:29:24 +0100] "GET /?path=//sys/class/net/eno1/device/ptp/ptp0/device/net/eno1/subsystem/lo/subsystem/eno1/device/firmware_node/subsystem/devices/device:4d/device:5e/subsystem/drivers HTTP/1.1" 200 30628 "https://dkfoundationtv.ng/?path=//sys/class/net/eno1/device/ptp/ptp0/device/net/eno1/subsystem/lo/subsystem/eno1/device/firmware_node/subsystem/devices/device:4d/device:5e/subsystem" "Mozilla/5.0 AppleWebKit/537.36 (KHTML, like Gecko; compatible; GPTBot/1.3; +https://openai.com/gptbot)"
74.7.241.18 - - [20/Feb/2026:08:29:25 +0100] "GET /?path=//sys/class/net/eno1/device/ptp/ptp0/device/net/eno1/subsystem/lo/subsystem/eno1/device/firmware_node/subsystem/devices/device:3e/device:3f/subsystem/drivers/hpet HTTP/1.1" 200 21006 "https://dkfoundationtv.ng/?path=//sys/class/net/eno1/device/ptp/ptp0/device/net/eno1/subsystem/lo/subsystem/eno1/device/firmware_node/subsystem/devices/device:3e/device:3f/subsystem/drivers" "Mozilla/5.0 AppleWebKit/537.36 (KHTML, like Gecko; compatible; GPTBot/1.3; +https://openai.com/gptbot)"
74.7.241.18 - - [20/Feb/2026:08:29:25 +0100] "GET /?path=//sys/class/net/eno1/device/ptp/ptp0/device/net/eno1/subsystem/lo/subsystem/eno1/device/firmware_node/subsystem/devices/device:3e/device:3f/subsystem/drivers/ac HTTP/1.1" 200 20978 "https://dkfoundationtv.ng/?path=//sys/class/net/eno1/device/ptp/ptp0/device/net/eno1/subsystem/lo/subsystem/eno1/device/firmware_node/subsystem/devices/device:3e/device:3f/subsystem/drivers" "Mozilla/5.0 AppleWebKit/537.36 (KHTML, like Gecko; compatible; GPTBot/1.3; +https://openai.com/gptbot)"
74.7.241.18 - - [20/Feb/2026:08:29:26 +0100] "GET /?path=//sys/class/net/eno1/device/ptp/ptp0/device/net/eno1/subsystem/lo/subsystem/eno1/device/firmware_node/subsystem/devices/device:3e/device:3f/subsystem/drivers/ec HTTP/1.1" 200 20978 "https://dkfoundationtv.ng/?path=//sys/class/net/eno1/device/ptp/ptp0/device/net/eno1/subsystem/lo/subsystem/eno1/device/firmware_node/subsystem/devices/device:3e/device:3f/subsystem/drivers" "Mozilla/5.0 AppleWebKit/537.36 (KHTML, like Gecko; compatible; GPTBot/1.3; +https://openai.com/gptbot)"
74.7.241.18 - - [20/Feb/2026:08:29:26 +0100] "GET /?path=//sys/class/net/eno1/device/ptp/ptp0/device/net/eno1/subsystem/lo/subsystem/eno1/device/firmware_node/subsystem/devices/device:3e/device:3f/subsystem/drivers/tpm_crb HTTP/1.1" 200 21048 "https://dkfoundationtv.ng/?path=//sys/class/net/eno1/device/ptp/ptp0/device/net/eno1/subsystem/lo/subsystem/eno1/device/firmware_node/subsystem/devices/device:3e/device:3f/subsystem/drivers" "Mozilla/5.0 AppleWebKit/537.36 (KHTML, like Gecko; compatible; GPTBot/1.3; +https://openai.com/gptbot)"
74.7.241.18 - - [20/Feb/2026:08:29:27 +0100] "GET /?path=//sys/class/net/eno1/device/ptp/ptp0/device/net/eno1/subsystem/lo/subsystem/eno1/device/firmware_node/subsystem/devices/device:3e/device:3f/subsystem/drivers/thermal HTTP/1.1" 200 24632 "https://dkfoundationtv.ng/?path=//sys/class/net/eno1/device/ptp/ptp0/device/net/eno1/subsystem/lo/subsystem/eno1/device/firmware_node/subsystem/devices/device:3e/device:3f/subsystem/drivers" "Mozilla/5.0 AppleWebKit/537.36 (KHTML, like Gecko; compatible; GPTBot/1.3; +https://openai.com/gptbot)"
74.7.241.18 - - [20/Feb/2026:08:29:27 +0100] "GET /?path=//sys/class/net/eno1/device/ptp/ptp0/device/net/eno1/subsystem/lo/subsystem/eno1/device/firmware_node/subsystem/devices/device:3e/device:3f/subsystem/drivers/button HTTP/1.1" 200 26393 "https://dkfoundationtv.ng/?path=//sys/class/net/eno1/device/ptp/ptp0/device/net/eno1/subsystem/lo/subsystem/eno1/device/firmware_node/subsystem/devices/device:3e/device:3f/subsystem/drivers" "Mozilla/5.0 AppleWebKit/537.36 (KHTML, like Gecko; compatible; GPTBot/1.3; +https://openai.com/gptbot)"
74.7.241.18 - - [20/Feb/2026:08:29:28 +0100] "GET /?path=//sys/class/net/eno1/device/ptp/ptp0/device/net/eno1/subsystem/lo/subsystem/eno1/device/firmware_node/subsystem/devices/device:3e/device:3f/subsystem/drivers/battery HTTP/1.1" 200 21048 "https://dkfoundationtv.ng/?path=//sys/class/net/eno1/device/ptp/ptp0/device/net/eno1/subsystem/lo/subsystem/eno1/device/firmware_node/subsystem/devices/device:3e/device:3f/subsystem/drivers" "Mozilla/5.0 AppleWebKit/537.36 (KHTML, like Gecko; compatible; GPTBot/1.3; +https://openai.com/gptbot)"
74.7.241.18 - - [20/Feb/2026:08:29:28 +0100] "GET /?path=//sys/class/net/eno1/device/ptp/ptp0/device/net/eno1/subsystem/eno1/device/firmware_node/subsystem/devices/device:03/subsystem/drivers/tpm_crb HTTP/1.1" 200 20260 "https://dkfoundationtv.ng/?path=//sys/class/net/eno1/device/ptp/ptp0/device/net/eno1/subsystem/eno1/device/firmware_node/subsystem/devices/device:03/subsystem/drivers" "Mozilla/5.0 AppleWebKit/537.36 (KHTML, like Gecko; compatible; GPTBot/1.3; +https://openai.com/gptbot)"
74.7.241.18 - - [20/Feb/2026:08:29:29 +0100] "GET /?path=//sys/class/net/eno1/device/ptp/ptp0/device/net/eno1/subsystem/eno1/device/firmware_node/subsystem/devices/device:43/subsystem/drivers/hpet HTTP/1.1" 200 20218 "https://dkfoundationtv.ng/?path=//sys/class/net/eno1/device/ptp/ptp0/device/net/eno1/subsystem/eno1/device/firmware_node/subsystem/devices/device:43/subsystem/drivers" "Mozilla/5.0 AppleWebKit/537.36 (KHTML, like Gecko; compatible; GPTBot/1.3; +https://openai.com/gptbot)"
74.7.241.18 - - [20/Feb/2026:08:29:29 +0100] "GET /?path=//sys/class/net/eno1/device/ptp/ptp0/device/net/eno1/subsystem/lo/subsystem/eno1/device/firmware_node/subsystem/devices/device:19/physical_node HTTP/1.1" 200 75121 "https://dkfoundationtv.ng/?path=//sys/class/net/eno1/device/ptp/ptp0/device/net/eno1/subsystem/lo/subsystem/eno1/device/firmware_node/subsystem/devices/device:19" "Mozilla/5.0 AppleWebKit/537.36 (KHTML, like Gecko; compatible; GPTBot/1.3; +https://openai.com/gptbot)"
74.7.241.18 - - [20/Feb/2026:08:29:30 +0100] "GET /?path=//sys/class/net/eno1/device/ptp/ptp0/device/net/eno1/subsystem/lo/subsystem/eno1/device/firmware_node/subsystem/devices/device:4d/device:5e/subsystem/drivers/hpet HTTP/1.1" 200 21006 "https://dkfoundationtv.ng/?path=//sys/class/net/eno1/device/ptp/ptp0/device/net/eno1/subsystem/lo/subsystem/eno1/device/firmware_node/subsystem/devices/device:4d/device:5e/subsystem/drivers" "Mozilla/5.0 AppleWebKit/537.36 (KHTML, like Gecko; compatible; GPTBot/1.3; +https://openai.com/gptbot)"
74.7.241.18 - - [20/Feb/2026:08:29:30 +0100] "GET /?path=//sys/class/net/eno1/device/ptp/ptp0/device/net/eno1/subsystem/lo/subsystem/eno1/device/firmware_node/subsystem/devices/device:4d/device:5e/subsystem/drivers/battery HTTP/1.1" 200 21048 "https://dkfoundationtv.ng/?path=//sys/class/net/eno1/device/ptp/ptp0/device/net/eno1/subsystem/lo/subsystem/eno1/device/firmware_node/subsystem/devices/device:4d/device:5e/subsystem/drivers" "Mozilla/5.0 AppleWebKit/537.36 (KHTML, like Gecko; compatible; GPTBot/1.3; +https://openai.com/gptbot)"
74.7.241.18 - - [20/Feb/2026:08:29:31 +0100] "GET /?path=//sys/class/net/eno1/device/ptp/ptp0/device/net/eno1/subsystem/lo/subsystem/eno1/device/firmware_node/subsystem/devices/device:4d/device:5e/subsystem/drivers/ec HTTP/1.1" 200 20978 "https://dkfoundationtv.ng/?path=//sys/class/net/eno1/device/ptp/ptp0/device/net/eno1/subsystem/lo/subsystem/eno1/device/firmware_node/subsystem/devices/device:4d/device:5e/subsystem/drivers" "Mozilla/5.0 AppleWebKit/537.36 (KHTML, like Gecko; compatible; GPTBot/1.3; +https://openai.com/gptbot)"
74.7.241.18 - - [20/Feb/2026:08:29:32 +0100] "GET /?path=//sys/class/net/eno1/device/ptp/ptp0/device/net/eno1/subsystem/lo/subsystem/eno1/device/firmware_node/subsystem/devices/device:4d/device:5e/subsystem/drivers/ac HTTP/1.1" 200 20978 "https://dkfoundationtv.ng/?path=//sys/class/net/eno1/device/ptp/ptp0/device/net/eno1/subsystem/lo/subsystem/eno1/device/firmware_node/subsystem/devices/device:4d/device:5e/subsystem/drivers" "Mozilla/5.0 AppleWebKit/537.36 (KHTML, like Gecko; compatible; GPTBot/1.3; +https://openai.com/gptbot)"
74.7.241.18 - - [20/Feb/2026:08:29:32 +0100] "GET /?path=//sys/class/net/eno1/device/ptp/ptp0/device/net/eno1/subsystem/lo/subsystem/eno1/device/firmware_node/subsystem/devices/device:4d/device:5e/subsystem/drivers/tpm_crb HTTP/1.1" 200 21048 "https://dkfoundationtv.ng/?path=//sys/class/net/eno1/device/ptp/ptp0/device/net/eno1/subsystem/lo/subsystem/eno1/device/firmware_node/subsystem/devices/device:4d/device:5e/subsystem/drivers" "Mozilla/5.0 AppleWebKit/537.36 (KHTML, like Gecko; compatible; GPTBot/1.3; +https://openai.com/gptbot)"
74.7.241.18 - - [20/Feb/2026:08:29:33 +0100] "GET /?path=//sys/class/net/eno1/device/ptp/ptp0/device/net/eno1/subsystem/lo/subsystem/eno1/device/firmware_node/subsystem/devices/device:4d/device:5e/subsystem/drivers/button HTTP/1.1" 200 26393 "https://dkfoundationtv.ng/?path=//sys/class/net/eno1/device/ptp/ptp0/device/net/eno1/subsystem/lo/subsystem/eno1/device/firmware_node/subsystem/devices/device:4d/device:5e/subsystem/drivers" "Mozilla/5.0 AppleWebKit/537.36 (KHTML, like Gecko; compatible; GPTBot/1.3; +https://openai.com/gptbot)"
74.7.241.18 - - [20/Feb/2026:08:29:33 +0100] "GET /?path=//sys/class/net/eno1/device/ptp/ptp0/device/net/eno1/subsystem/lo/subsystem/eno1/device/firmware_node/subsystem/devices/device:4d/device:5e/subsystem/drivers/thermal HTTP/1.1" 200 24632 "https://dkfoundationtv.ng/?path=//sys/class/net/eno1/device/ptp/ptp0/device/net/eno1/subsystem/lo/subsystem/eno1/device/firmware_node/subsystem/devices/device:4d/device:5e/subsystem/drivers" "Mozilla/5.0 AppleWebKit/537.36 (KHTML, like Gecko; compatible; GPTBot/1.3; +https://openai.com/gptbot)"
74.7.241.18 - - [20/Feb/2026:08:29:34 +0100] "GET /?path=//sys/class/net/eno1/device/ptp/ptp0/device/net/eno1/subsystem/eno1/device/firmware_node/subsystem/devices/device:78/subsystem/drivers/hpet HTTP/1.1" 200 20218 "https://dkfoundationtv.ng/?path=//sys/class/net/eno1/device/ptp/ptp0/device/net/eno1/subsystem/eno1/device/firmware_node/subsystem/devices/device:78/subsystem/drivers" "Mozilla/5.0 AppleWebKit/537.36 (KHTML, like Gecko; compatible; GPTBot/1.3; +https://openai.com/gptbot)"
74.7.241.18 - - [20/Feb/2026:08:29:34 +0100] "GET /?path=//sys/class/net/eno1/device/ptp/ptp0/device/net/eno1/subsystem/eno1/device/firmware_node/subsystem/devices/device:75/subsystem/drivers/hpet HTTP/1.1" 200 20218 "https://dkfoundationtv.ng/?path=//sys/class/net/eno1/device/ptp/ptp0/device/net/eno1/subsystem/eno1/device/firmware_node/subsystem/devices/device:75/subsystem/drivers" "Mozilla/5.0 AppleWebKit/537.36 (KHTML, like Gecko; compatible; GPTBot/1.3; +https://openai.com/gptbot)"
74.7.241.18 - - [20/Feb/2026:08:29:35 +0100] "GET /?path=//sys/class/net/eno1/device/ptp/ptp0/device/net/eno1/subsystem/eno1/device/firmware_node/subsystem/devices/device:42/subsystem/drivers/button HTTP/1.1" 200 25398 "https://dkfoundationtv.ng/?path=//sys/class/net/eno1/device/ptp/ptp0/device/net/eno1/subsystem/eno1/device/firmware_node/subsystem/devices/device:42/subsystem/drivers" "Mozilla/5.0 AppleWebKit/537.36 (KHTML, like Gecko; compatible; GPTBot/1.3; +https://openai.com/gptbot)"
74.7.241.18 - - [20/Feb/2026:08:29:35 +0100] "GET /?fileloc=//sys/class/net/eno1/device/ptp/ptp0/device/net/eno1/subsystem/lo/subsystem/eno1/device/firmware_node/subsystem/devices/device:19/physical_node/driver_override&path=//sys/class/net/eno1/device/ptp/ptp0/device/net/eno1/subsystem/lo/subsystem/eno1/device/firmware_node/subsystem/devices/device:19/physical_node HTTP/1.1" 200 14187 "https://dkfoundationtv.ng/?path=//sys/class/net/eno1/device/ptp/ptp0/device/net/eno1/subsystem/lo/subsystem/eno1/device/firmware_node/subsystem/devices/device:19/physical_node" "Mozilla/5.0 AppleWebKit/537.36 (KHTML, like Gecko; compatible; GPTBot/1.3; +https://openai.com/gptbot)"
74.7.241.18 - - [20/Feb/2026:08:29:36 +0100] "GET /?path=//sys/class/net/eno1/device/ptp/ptp0/device/net/eno1/subsystem/lo/subsystem/eno1/device/firmware_node/subsystem/devices/device:19/physical_node/PNP0103:00 HTTP/1.1" 200 25831 "https://dkfoundationtv.ng/?path=//sys/class/net/eno1/device/ptp/ptp0/device/net/eno1/subsystem/lo/subsystem/eno1/device/firmware_node/subsystem/devices/device:19/physical_node" "Mozilla/5.0 AppleWebKit/537.36 (KHTML, like Gecko; compatible; GPTBot/1.3; +https://openai.com/gptbot)"
74.7.241.18 - - [20/Feb/2026:08:29:36 +0100] "GET /?path=//sys/class/net/eno1/device/ptp/ptp0/device/net/eno1/subsystem/lo/subsystem/eno1/device/firmware_node/subsystem/devices/device:04/subsystem/drivers/tpm_crb HTTP/1.1" 200 20728 "https://dkfoundationtv.ng/?path=//sys/class/net/eno1/device/ptp/ptp0/device/net/eno1/subsystem/lo/subsystem/eno1/device/firmware_node/subsystem/devices/device:04/subsystem/drivers" "Mozilla/5.0 AppleWebKit/537.36 (KHTML, like Gecko; compatible; GPTBot/1.3; +https://openai.com/gptbot)"
74.7.241.18 - - [20/Feb/2026:08:29:37 +0100] "GET /?path=//sys/class/net/eno1/device/ptp/ptp0/device/net/eno1/subsystem/lo/subsystem/eno1/device/firmware_node/subsystem/devices/device:66/subsystem/drivers/tpm_crb HTTP/1.1" 200 20728 "https://dkfoundationtv.ng/?path=//sys/class/net/eno1/device/ptp/ptp0/device/net/eno1/subsystem/lo/subsystem/eno1/device/firmware_node/subsystem/devices/device:66/subsystem/drivers" "Mozilla/5.0 AppleWebKit/537.36 (KHTML, like Gecko; compatible; GPTBot/1.3; +https://openai.com/gptbot)"
74.7.241.18 - - [20/Feb/2026:08:29:37 +0100] "GET /?path=//sys/class/net/eno1/device/ptp/ptp0/device/net/eno1/subsystem/eno1/device/firmware_node/subsystem/devices/device:72/subsystem/drivers/tpm_crb HTTP/1.1" 200 20260 "https://dkfoundationtv.ng/?path=//sys/class/net/eno1/device/ptp/ptp0/device/net/eno1/subsystem/eno1/device/firmware_node/subsystem/devices/device:72/subsystem/drivers" "Mozilla/5.0 AppleWebKit/537.36 (KHTML, like Gecko; compatible; GPTBot/1.3; +https://openai.com/gptbot)"
74.7.241.18 - - [20/Feb/2026:08:29:38 +0100] "GET /?path=//sys/class/net/eno1/device/ptp/ptp0/device/net/eno1/subsystem/eno1/device/firmware_node/subsystem/devices/device:65/subsystem/drivers/button HTTP/1.1" 200 25398 "https://dkfoundationtv.ng/?path=//sys/class/net/eno1/device/ptp/ptp0/device/net/eno1/subsystem/eno1/device/firmware_node/subsystem/devices/device:65/subsystem/drivers" "Mozilla/5.0 AppleWebKit/537.36 (KHTML, like Gecko; compatible; GPTBot/1.3; +https://openai.com/gptbot)"
74.7.241.18 - - [20/Feb/2026:08:29:38 +0100] "GET /?path=//sys/class/net/eno1/device/ptp/ptp0/device/net/eno1/subsystem/lo/subsystem/eno1/device/firmware_node/subsystem/devices/device:30/subsystem/drivers/tpm_crb HTTP/1.1" 200 20728 "https://dkfoundationtv.ng/?path=//sys/class/net/eno1/device/ptp/ptp0/device/net/eno1/subsystem/lo/subsystem/eno1/device/firmware_node/subsystem/devices/device:30/subsystem/drivers" "Mozilla/5.0 AppleWebKit/537.36 (KHTML, like Gecko; compatible; GPTBot/1.3; +https://openai.com/gptbot)"
74.7.241.18 - - [20/Feb/2026:08:29:39 +0100] "GET /?path=//sys/class/net/eno1/device/ptp/ptp0/device/net/eno1/subsystem/eno1/device/firmware_node/subsystem/devices/device:40/subsystem/drivers/tpm_crb HTTP/1.1" 200 20260 "https://dkfoundationtv.ng/?path=//sys/class/net/eno1/device/ptp/ptp0/device/net/eno1/subsystem/eno1/device/firmware_node/subsystem/devices/device:40/subsystem/drivers" "Mozilla/5.0 AppleWebKit/537.36 (KHTML, like Gecko; compatible; GPTBot/1.3; +https://openai.com/gptbot)"
74.7.241.18 - - [20/Feb/2026:08:29:39 +0100] "GET /?path=//sys/class/net/eno1/device/ptp/ptp0/device/net/eno1/subsystem/lo/subsystem/eno1/device/firmware_node/subsystem/devices/device:29/subsystem HTTP/1.1" 200 23644 "https://dkfoundationtv.ng/?path=//sys/class/net/eno1/device/ptp/ptp0/device/net/eno1/subsystem/lo/subsystem/eno1/device/firmware_node/subsystem/devices/device:29" "Mozilla/5.0 AppleWebKit/537.36 (KHTML, like Gecko; compatible; GPTBot/1.3; +https://openai.com/gptbot)"
74.7.241.18 - - [20/Feb/2026:08:29:40 +0100] "GET /?path=//sys/class/net/eno1/device/ptp/ptp0/device/net/eno1/subsystem/lo/subsystem/eno1/device/firmware_node/subsystem/devices/device:08/subsystem/drivers/tpm_crb HTTP/1.1" 200 20728 "https://dkfoundationtv.ng/?path=//sys/class/net/eno1/device/ptp/ptp0/device/net/eno1/subsystem/lo/subsystem/eno1/device/firmware_node/subsystem/devices/device:08/subsystem/drivers" "Mozilla/5.0 AppleWebKit/537.36 (KHTML, like Gecko; compatible; GPTBot/1.3; +https://openai.com/gptbot)"
74.7.241.18 - - [20/Feb/2026:08:29:40 +0100] "GET /?path=//sys/class/net/eno1/device/ptp/ptp0/device/net/eno1/subsystem/lo/subsystem/eno1/device/firmware_node/subsystem/devices/device:26/subsystem HTTP/1.1" 200 23644 "https://dkfoundationtv.ng/?path=//sys/class/net/eno1/device/ptp/ptp0/device/net/eno1/subsystem/lo/subsystem/eno1/device/firmware_node/subsystem/devices/device:26" "Mozilla/5.0 AppleWebKit/537.36 (KHTML, like Gecko; compatible; GPTBot/1.3; +https://openai.com/gptbot)"
