216.73.216.114 - - [20/Feb/2026:08:23:31 +0100] "GET /?fileloc=%2F%2Fproc%2F3089%2Ftask%2F3476%2Fnet%2Fip6_mr_vif&path=%2F%2Fproc%2F3089%2Ftask%2F3476%2Fnet HTTP/1.1" 200 12499 "-" "Mozilla/5.0 AppleWebKit/537.36 (KHTML, like Gecko; compatible; ClaudeBot/1.0; +claudebot@anthropic.com)"
216.73.216.114 - - [20/Feb/2026:08:23:31 +0100] "GET /?fileloc=%2F%2Fproc%2F3024%2Ftask%2F3351%2Fsched&path=%2F%2Fproc%2F3024%2Ftask%2F3351 HTTP/1.1" 200 14296 "-" "Mozilla/5.0 AppleWebKit/537.36 (KHTML, like Gecko; compatible; ClaudeBot/1.0; +claudebot@anthropic.com)"
216.73.216.114 - - [20/Feb/2026:08:23:32 +0100] "GET /?fileloc=%2F%2Fproc%2F603%2Ftask%2F777%2Fnet%2Fip_tables_targets&path=%2F%2Fproc%2F603%2Ftask%2F777%2Fnet HTTP/1.1" 200 12441 "-" "Mozilla/5.0 AppleWebKit/537.36 (KHTML, like Gecko; compatible; ClaudeBot/1.0; +claudebot@anthropic.com)"
216.73.216.114 - - [20/Feb/2026:08:23:32 +0100] "GET /?fileloc=%2F%2Fproc%2F3089%2Ftask%2F3486%2Fnet%2Fip6_flowlabel&path=%2F%2Fproc%2F3089%2Ftask%2F3486%2Fnet HTTP/1.1" 200 12522 "-" "Mozilla/5.0 AppleWebKit/537.36 (KHTML, like Gecko; compatible; ClaudeBot/1.0; +claudebot@anthropic.com)"
216.73.216.114 - - [20/Feb/2026:08:23:32 +0100] "GET /?fileloc=%2F%2Fproc%2F3024%2Ftask%2F3338%2Fpersonality&path=%2F%2Fproc%2F3024%2Ftask%2F3338 HTTP/1.1" 200 12391 "-" "Mozilla/5.0 AppleWebKit/537.36 (KHTML, like Gecko; compatible; ClaudeBot/1.0; +claudebot@anthropic.com)"
74.7.241.18 - - [20/Feb/2026:08:23:32 +0100] "GET /?path=//sys/class/net/eno1/device/ptp/ptp0/device/net/eno1/subsystem/lo/subsystem/eno1/device/firmware_node/subsystem/devices/device:13/subsystem/drivers/ac HTTP/1.1" 200 20658 "https://dkfoundationtv.ng/?path=//sys/class/net/eno1/device/ptp/ptp0/device/net/eno1/subsystem/lo/subsystem/eno1/device/firmware_node/subsystem/devices/device:13/subsystem/drivers" "Mozilla/5.0 AppleWebKit/537.36 (KHTML, like Gecko; compatible; GPTBot/1.3; +https://openai.com/gptbot)"
216.73.216.114 - - [20/Feb/2026:08:23:32 +0100] "GET /?fileloc=%2F%2Fproc%2F1552%2Ftask%2F2955%2Fnet%2Fip6_flowlabel&path=%2F%2Fproc%2F1552%2Ftask%2F2955%2Fnet HTTP/1.1" 200 12522 "-" "Mozilla/5.0 AppleWebKit/537.36 (KHTML, like Gecko; compatible; ClaudeBot/1.0; +claudebot@anthropic.com)"
216.73.216.114 - - [20/Feb/2026:08:23:32 +0100] "GET /?fileloc=%2F%2Fproc%2F3024%2Ftask%2F3346%2Fchildren&path=%2F%2Fproc%2F3024%2Ftask%2F3346 HTTP/1.1" 200 12388 "-" "Mozilla/5.0 AppleWebKit/537.36 (KHTML, like Gecko; compatible; ClaudeBot/1.0; +claudebot@anthropic.com)"
216.73.216.114 - - [20/Feb/2026:08:23:32 +0100] "GET /?fileloc=%2F%2Fproc%2F1552%2Ftask%2F2252%2Fnet%2Fip_tables_matches&path=%2F%2Fproc%2F1552%2Ftask%2F2252%2Fnet HTTP/1.1" 200 12451 "-" "Mozilla/5.0 AppleWebKit/537.36 (KHTML, like Gecko; compatible; ClaudeBot/1.0; +claudebot@anthropic.com)"
216.73.216.114 - - [20/Feb/2026:08:23:32 +0100] "GET /?fileloc=%2F%2Fproc%2F3024%2Ftask%2F4121760%2Fsched&path=%2F%2Fproc%2F3024%2Ftask%2F4121760 HTTP/1.1" 200 14308 "-" "Mozilla/5.0 AppleWebKit/537.36 (KHTML, like Gecko; compatible; ClaudeBot/1.0; +claudebot@anthropic.com)"
216.73.216.114 - - [20/Feb/2026:08:23:32 +0100] "GET /?fileloc=%2F%2Fproc%2F1552%2Ftask%2F1573%2Fnet%2Fip_mr_vif&path=%2F%2Fproc%2F1552%2Ftask%2F1573%2Fnet HTTP/1.1" 200 12514 "-" "Mozilla/5.0 AppleWebKit/537.36 (KHTML, like Gecko; compatible; ClaudeBot/1.0; +claudebot@anthropic.com)"
216.73.216.114 - - [20/Feb/2026:08:23:32 +0100] "GET /?fileloc=%2F%2Fproc%2F3024%2Ftask%2F3418%2Fnet%2Fip6_flowlabel&path=%2F%2Fproc%2F3024%2Ftask%2F3418%2Fnet HTTP/1.1" 200 12522 "-" "Mozilla/5.0 AppleWebKit/537.36 (KHTML, like Gecko; compatible; ClaudeBot/1.0; +claudebot@anthropic.com)"
74.7.241.18 - - [20/Feb/2026:08:23:32 +0100] "GET /?path=//sys/class/net/eno1/device/ptp/ptp0/device/net/eno1/subsystem/lo/subsystem/eno1/device/firmware_node/subsystem/devices/device:13/subsystem/drivers/hpet HTTP/1.1" 200 20686 "https://dkfoundationtv.ng/?path=//sys/class/net/eno1/device/ptp/ptp0/device/net/eno1/subsystem/lo/subsystem/eno1/device/firmware_node/subsystem/devices/device:13/subsystem/drivers" "Mozilla/5.0 AppleWebKit/537.36 (KHTML, like Gecko; compatible; GPTBot/1.3; +https://openai.com/gptbot)"
216.73.216.114 - - [20/Feb/2026:08:23:32 +0100] "GET /?fileloc=%2F%2Fproc%2F1552%2Ftask%2F2859%2Fnet%2Fip6_mr_vif&path=%2F%2Fproc%2F1552%2Ftask%2F2859%2Fnet HTTP/1.1" 200 12499 "-" "Mozilla/5.0 AppleWebKit/537.36 (KHTML, like Gecko; compatible; ClaudeBot/1.0; +claudebot@anthropic.com)"
216.73.216.114 - - [20/Feb/2026:08:23:33 +0100] "GET /?fileloc=%2F%2Fproc%2F193%2Ftask%2F193%2Fnet%2Fip_tables_matches&path=%2F%2Fproc%2F193%2Ftask%2F193%2Fnet HTTP/1.1" 200 12441 "-" "Mozilla/5.0 AppleWebKit/537.36 (KHTML, like Gecko; compatible; ClaudeBot/1.0; +claudebot@anthropic.com)"
216.73.216.114 - - [20/Feb/2026:08:23:33 +0100] "GET /?fileloc=%2F%2Fproc%2F1121%2Ftask%2F1232%2Fnet%2Fip_tables_matches&path=%2F%2Fproc%2F1121%2Ftask%2F1232%2Fnet HTTP/1.1" 200 12451 "-" "Mozilla/5.0 AppleWebKit/537.36 (KHTML, like Gecko; compatible; ClaudeBot/1.0; +claudebot@anthropic.com)"
216.73.216.114 - - [20/Feb/2026:08:23:33 +0100] "GET /?fileloc=%2F%2Fproc%2F3024%2Ftask%2F4121582%2Fsched&path=%2F%2Fproc%2F3024%2Ftask%2F4121582 HTTP/1.1" 200 14308 "-" "Mozilla/5.0 AppleWebKit/537.36 (KHTML, like Gecko; compatible; ClaudeBot/1.0; +claudebot@anthropic.com)"
74.7.241.18 - - [20/Feb/2026:08:23:33 +0100] "GET /?path=//sys/class/net/eno1/device/ptp/ptp0/device/net/eno1/subsystem/lo/subsystem/eno1/device/firmware_node/subsystem/devices/device:13/subsystem/drivers/battery HTTP/1.1" 200 20728 "https://dkfoundationtv.ng/?path=//sys/class/net/eno1/device/ptp/ptp0/device/net/eno1/subsystem/lo/subsystem/eno1/device/firmware_node/subsystem/devices/device:13/subsystem/drivers" "Mozilla/5.0 AppleWebKit/537.36 (KHTML, like Gecko; compatible; GPTBot/1.3; +https://openai.com/gptbot)"
216.73.216.114 - - [20/Feb/2026:08:23:33 +0100] "GET /?fileloc=%2F%2Fproc%2F3089%2Ftask%2F3487%2Fnet%2Fip6_flowlabel&path=%2F%2Fproc%2F3089%2Ftask%2F3487%2Fnet HTTP/1.1" 200 12522 "-" "Mozilla/5.0 AppleWebKit/537.36 (KHTML, like Gecko; compatible; ClaudeBot/1.0; +claudebot@anthropic.com)"
216.73.216.114 - - [20/Feb/2026:08:23:33 +0100] "GET /?fileloc=%2F%2Fproc%2F559%2Ftask%2F1617453%2Fwchan&path=%2F%2Fproc%2F559%2Ftask%2F1617453 HTTP/1.1" 200 12390 "-" "Mozilla/5.0 AppleWebKit/537.36 (KHTML, like Gecko; compatible; ClaudeBot/1.0; +claudebot@anthropic.com)"
216.73.216.114 - - [20/Feb/2026:08:23:33 +0100] "GET /?fileloc=%2F%2Fproc%2F1552%2Ftask%2F1576%2Fnet%2Fip_mr_vif&path=%2F%2Fproc%2F1552%2Ftask%2F1576%2Fnet HTTP/1.1" 200 12514 "-" "Mozilla/5.0 AppleWebKit/537.36 (KHTML, like Gecko; compatible; ClaudeBot/1.0; +claudebot@anthropic.com)"
216.73.216.114 - - [20/Feb/2026:08:23:33 +0100] "GET /?fileloc=%2F%2Fproc%2F3024%2Ftask%2F3925%2Fenviron&path=%2F%2Fproc%2F3024%2Ftask%2F3925 HTTP/1.1" 200 12387 "-" "Mozilla/5.0 AppleWebKit/537.36 (KHTML, like Gecko; compatible; ClaudeBot/1.0; +claudebot@anthropic.com)"
216.73.216.114 - - [20/Feb/2026:08:23:33 +0100] "GET /?fileloc=%2F%2Fproc%2F638%2Ftask%2F638%2Fnet%2Fip_tables_matches&path=%2F%2Fproc%2F638%2Ftask%2F638%2Fnet HTTP/1.1" 200 12441 "-" "Mozilla/5.0 AppleWebKit/537.36 (KHTML, like Gecko; compatible; ClaudeBot/1.0; +claudebot@anthropic.com)"
216.73.216.114 - - [20/Feb/2026:08:23:33 +0100] "GET /?fileloc=%2F%2Fproc%2F3024%2Ftask%2F3362%2Fauxv&path=%2F%2Fproc%2F3024%2Ftask%2F3362 HTTP/1.1" 200 12384 "-" "Mozilla/5.0 AppleWebKit/537.36 (KHTML, like Gecko; compatible; ClaudeBot/1.0; +claudebot@anthropic.com)"
74.7.241.18 - - [20/Feb/2026:08:23:33 +0100] "GET /?path=//sys/class/net/eno1/device/ptp/ptp0/device/net/eno1/subsystem/lo/subsystem/eno1/device/firmware_node/subsystem/devices/device:7b/subsystem/drivers/ec HTTP/1.1" 200 20658 "https://dkfoundationtv.ng/?path=//sys/class/net/eno1/device/ptp/ptp0/device/net/eno1/subsystem/lo/subsystem/eno1/device/firmware_node/subsystem/devices/device:7b/subsystem/drivers" "Mozilla/5.0 AppleWebKit/537.36 (KHTML, like Gecko; compatible; GPTBot/1.3; +https://openai.com/gptbot)"
216.73.216.114 - - [20/Feb/2026:08:23:33 +0100] "GET /?fileloc=%2F%2Fproc%2F3024%2Ftask%2F4121670%2Fsched&path=%2F%2Fproc%2F3024%2Ftask%2F4121670 HTTP/1.1" 200 14308 "-" "Mozilla/5.0 AppleWebKit/537.36 (KHTML, like Gecko; compatible; ClaudeBot/1.0; +claudebot@anthropic.com)"
216.73.216.114 - - [20/Feb/2026:08:23:33 +0100] "GET /?fileloc=%2F%2Fproc%2F630%2Ftask%2F630%2Fattr%2Ffscreate&path=%2F%2Fproc%2F630%2Ftask%2F630%2Fattr HTTP/1.1" 200 12435 "-" "Mozilla/5.0 AppleWebKit/537.36 (KHTML, like Gecko; compatible; ClaudeBot/1.0; +claudebot@anthropic.com)"
216.73.216.114 - - [20/Feb/2026:08:23:34 +0100] "GET /?fileloc=%2F%2Fproc%2F1552%2Ftask%2F2930%2Fnet%2Ffib_triestat&path=%2F%2Fproc%2F1552%2Ftask%2F2930%2Fnet HTTP/1.1" 200 13162 "-" "Mozilla/5.0 AppleWebKit/537.36 (KHTML, like Gecko; compatible; ClaudeBot/1.0; +claudebot@anthropic.com)"
216.73.216.114 - - [20/Feb/2026:08:23:34 +0100] "GET /?fileloc=%2F%2Fproc%2F1552%2Ftask%2F1571%2Fnet%2Fip_tables_targets&path=%2F%2Fproc%2F1552%2Ftask%2F1571%2Fnet HTTP/1.1" 200 12451 "-" "Mozilla/5.0 AppleWebKit/537.36 (KHTML, like Gecko; compatible; ClaudeBot/1.0; +claudebot@anthropic.com)"
216.73.216.114 - - [20/Feb/2026:08:23:34 +0100] "GET /?fileloc=%2F%2Fproc%2F3024%2Ftask%2F3342%2Fnuma_maps&path=%2F%2Fproc%2F3024%2Ftask%2F3342 HTTP/1.1" 200 12389 "-" "Mozilla/5.0 AppleWebKit/537.36 (KHTML, like Gecko; compatible; ClaudeBot/1.0; +claudebot@anthropic.com)"
216.73.216.114 - - [20/Feb/2026:08:23:34 +0100] "GET /?fileloc=%2F%2Fproc%2F2970%2Ftask%2F2970%2Fnet%2Fip6_mr_vif&path=%2F%2Fproc%2F2970%2Ftask%2F2970%2Fnet HTTP/1.1" 200 12499 "-" "Mozilla/5.0 AppleWebKit/537.36 (KHTML, like Gecko; compatible; ClaudeBot/1.0; +claudebot@anthropic.com)"
74.7.241.18 - - [20/Feb/2026:08:23:34 +0100] "GET /?path=//sys/class/net/eno1/device/ptp/ptp0/device/net/eno1/subsystem/lo/subsystem/eno1/device/firmware_node/subsystem/devices/device:7b/subsystem/drivers/ac HTTP/1.1" 200 20658 "https://dkfoundationtv.ng/?path=//sys/class/net/eno1/device/ptp/ptp0/device/net/eno1/subsystem/lo/subsystem/eno1/device/firmware_node/subsystem/devices/device:7b/subsystem/drivers" "Mozilla/5.0 AppleWebKit/537.36 (KHTML, like Gecko; compatible; GPTBot/1.3; +https://openai.com/gptbot)"
216.73.216.114 - - [20/Feb/2026:08:23:34 +0100] "GET /?fileloc=%2F%2Fproc%2F3089%2Ftask%2F3299%2Fnet%2Fip6_mr_vif&path=%2F%2Fproc%2F3089%2Ftask%2F3299%2Fnet HTTP/1.1" 200 12499 "-" "Mozilla/5.0 AppleWebKit/537.36 (KHTML, like Gecko; compatible; ClaudeBot/1.0; +claudebot@anthropic.com)"
216.73.216.114 - - [20/Feb/2026:08:23:34 +0100] "GET /?fileloc=%2F%2Fproc%2F1552%2Ftask%2F2930%2Fnet%2Fip_tables_targets&path=%2F%2Fproc%2F1552%2Ftask%2F2930%2Fnet HTTP/1.1" 200 12451 "-" "Mozilla/5.0 AppleWebKit/537.36 (KHTML, like Gecko; compatible; ClaudeBot/1.0; +claudebot@anthropic.com)"
216.73.216.114 - - [20/Feb/2026:08:23:34 +0100] "GET /?fileloc=%2F%2Fproc%2F2496225%2Fnet%2Fpacket&path=%2F%2Fproc%2F2496225%2Fnet HTTP/1.1" 200 12529 "-" "Mozilla/5.0 AppleWebKit/537.36 (KHTML, like Gecko; compatible; ClaudeBot/1.0; +claudebot@anthropic.com)"
216.73.216.114 - - [20/Feb/2026:08:23:34 +0100] "GET /?fileloc=%2F%2Fproc%2F1552%2Ftask%2F2923%2Fnet%2Fip_tables_targets&path=%2F%2Fproc%2F1552%2Ftask%2F2923%2Fnet HTTP/1.1" 200 12451 "-" "Mozilla/5.0 AppleWebKit/537.36 (KHTML, like Gecko; compatible; ClaudeBot/1.0; +claudebot@anthropic.com)"
216.73.216.114 - - [20/Feb/2026:08:23:34 +0100] "GET /?fileloc=%2F%2Fproc%2F3024%2Ftask%2F4121636%2Farch_status&path=%2F%2Fproc%2F3024%2Ftask%2F4121636 HTTP/1.1" 200 12400 "-" "Mozilla/5.0 AppleWebKit/537.36 (KHTML, like Gecko; compatible; ClaudeBot/1.0; +claudebot@anthropic.com)"
216.73.216.114 - - [20/Feb/2026:08:23:34 +0100] "GET /?fileloc=%2F%2Fproc%2F3089%2Ftask%2F3295%2Fnet%2Fip6_mr_vif&path=%2F%2Fproc%2F3089%2Ftask%2F3295%2Fnet HTTP/1.1" 200 12499 "-" "Mozilla/5.0 AppleWebKit/537.36 (KHTML, like Gecko; compatible; ClaudeBot/1.0; +claudebot@anthropic.com)"
74.7.241.18 - - [20/Feb/2026:08:23:34 +0100] "GET /?path=//sys/class/net/eno1/device/ptp/ptp0/device/net/eno1/subsystem/lo/subsystem/eno1/device/firmware_node/subsystem/devices/device:7b/subsystem/drivers/hpet HTTP/1.1" 200 20686 "https://dkfoundationtv.ng/?path=//sys/class/net/eno1/device/ptp/ptp0/device/net/eno1/subsystem/lo/subsystem/eno1/device/firmware_node/subsystem/devices/device:7b/subsystem/drivers" "Mozilla/5.0 AppleWebKit/537.36 (KHTML, like Gecko; compatible; GPTBot/1.3; +https://openai.com/gptbot)"
216.73.216.114 - - [20/Feb/2026:08:23:34 +0100] "GET /?fileloc=%2F%2Fproc%2F3024%2Ftask%2F4121644%2Fsched&path=%2F%2Fproc%2F3024%2Ftask%2F4121644 HTTP/1.1" 200 14308 "-" "Mozilla/5.0 AppleWebKit/537.36 (KHTML, like Gecko; compatible; ClaudeBot/1.0; +claudebot@anthropic.com)"
216.73.216.114 - - [20/Feb/2026:08:23:35 +0100] "GET /?fileloc=%2F%2Fproc%2F1552%2Ftask%2F2872218%2Fenviron&path=%2F%2Fproc%2F1552%2Ftask%2F2872218 HTTP/1.1" 200 12396 "-" "Mozilla/5.0 AppleWebKit/537.36 (KHTML, like Gecko; compatible; ClaudeBot/1.0; +claudebot@anthropic.com)"
216.73.216.114 - - [20/Feb/2026:08:23:35 +0100] "GET /?fileloc=%2F%2Fproc%2F1552%2Ftask%2F2923%2Fnet%2Ffib_triestat&path=%2F%2Fproc%2F1552%2Ftask%2F2923%2Fnet HTTP/1.1" 200 13162 "-" "Mozilla/5.0 AppleWebKit/537.36 (KHTML, like Gecko; compatible; ClaudeBot/1.0; +claudebot@anthropic.com)"
216.73.216.114 - - [20/Feb/2026:08:23:35 +0100] "GET /?fileloc=%2F%2Fproc%2F3089%2Ftask%2F3479%2Fnet%2Fip6_mr_vif&path=%2F%2Fproc%2F3089%2Ftask%2F3479%2Fnet HTTP/1.1" 200 12499 "-" "Mozilla/5.0 AppleWebKit/537.36 (KHTML, like Gecko; compatible; ClaudeBot/1.0; +claudebot@anthropic.com)"
216.73.216.114 - - [20/Feb/2026:08:23:35 +0100] "GET /?fileloc=%2F%2Fproc%2F3024%2Ftask%2F4121546%2Foom_score_adj&path=%2F%2Fproc%2F3024%2Ftask%2F4121546 HTTP/1.1" 200 12404 "-" "Mozilla/5.0 AppleWebKit/537.36 (KHTML, like Gecko; compatible; ClaudeBot/1.0; +claudebot@anthropic.com)"
74.7.241.18 - - [20/Feb/2026:08:23:35 +0100] "GET /?path=//sys/class/net/eno1/device/ptp/ptp0/device/net/eno1/subsystem/lo/subsystem/eno1/device/firmware_node/subsystem/devices/device:40/subsystem/drivers/ec HTTP/1.1" 200 20658 "https://dkfoundationtv.ng/?path=//sys/class/net/eno1/device/ptp/ptp0/device/net/eno1/subsystem/lo/subsystem/eno1/device/firmware_node/subsystem/devices/device:40/subsystem/drivers" "Mozilla/5.0 AppleWebKit/537.36 (KHTML, like Gecko; compatible; GPTBot/1.3; +https://openai.com/gptbot)"
216.73.216.114 - - [20/Feb/2026:08:23:35 +0100] "GET /?fileloc=%2F%2Fproc%2F3024%2Ftask%2F4121636%2Fsmaps_rollup&path=%2F%2Fproc%2F3024%2Ftask%2F4121636 HTTP/1.1" 200 12401 "-" "Mozilla/5.0 AppleWebKit/537.36 (KHTML, like Gecko; compatible; ClaudeBot/1.0; +claudebot@anthropic.com)"
216.73.216.114 - - [20/Feb/2026:08:23:35 +0100] "GET /?fileloc=%2F%2Fproc%2F3024%2Ftask%2F33953%2Fsched&path=%2F%2Fproc%2F3024%2Ftask%2F33953 HTTP/1.1" 200 14300 "-" "Mozilla/5.0 AppleWebKit/537.36 (KHTML, like Gecko; compatible; ClaudeBot/1.0; +claudebot@anthropic.com)"
216.73.216.114 - - [20/Feb/2026:08:23:35 +0100] "GET /?fileloc=%2F%2Fproc%2F2953%2Ftask%2F3093%2Fnet%2Ffib_triestat&path=%2F%2Fproc%2F2953%2Ftask%2F3093%2Fnet HTTP/1.1" 200 13162 "-" "Mozilla/5.0 AppleWebKit/537.36 (KHTML, like Gecko; compatible; ClaudeBot/1.0; +claudebot@anthropic.com)"
216.73.216.114 - - [20/Feb/2026:08:23:35 +0100] "GET /?fileloc=%2F%2Fproc%2F2953%2Ftask%2F3098%2Fnet%2Fip_tables_targets&path=%2F%2Fproc%2F2953%2Ftask%2F3098%2Fnet HTTP/1.1" 200 12451 "-" "Mozilla/5.0 AppleWebKit/537.36 (KHTML, like Gecko; compatible; ClaudeBot/1.0; +claudebot@anthropic.com)"
216.73.216.114 - - [20/Feb/2026:08:23:35 +0100] "GET /?fileloc=%2F%2Fproc%2F2953%2Ftask%2F3098%2Fnet%2Ffib_triestat&path=%2F%2Fproc%2F2953%2Ftask%2F3098%2Fnet HTTP/1.1" 200 13162 "-" "Mozilla/5.0 AppleWebKit/537.36 (KHTML, like Gecko; compatible; ClaudeBot/1.0; +claudebot@anthropic.com)"
216.73.216.114 - - [20/Feb/2026:08:23:35 +0100] "GET /?fileloc=%2F%2Fproc%2F559%2Ftask%2F594%2Fattr%2Ffscreate&path=%2F%2Fproc%2F559%2Ftask%2F594%2Fattr HTTP/1.1" 200 12435 "-" "Mozilla/5.0 AppleWebKit/537.36 (KHTML, like Gecko; compatible; ClaudeBot/1.0; +claudebot@anthropic.com)"
74.7.241.18 - - [20/Feb/2026:08:23:35 +0100] "GET /?path=//sys/class/net/eno1/device/ptp/ptp0/device/net/eno1/subsystem/lo/subsystem/eno1/device/firmware_node/subsystem/devices/device:5b/subsystem/drivers/ac HTTP/1.1" 200 20658 "https://dkfoundationtv.ng/?path=//sys/class/net/eno1/device/ptp/ptp0/device/net/eno1/subsystem/lo/subsystem/eno1/device/firmware_node/subsystem/devices/device:5b/subsystem/drivers" "Mozilla/5.0 AppleWebKit/537.36 (KHTML, like Gecko; compatible; GPTBot/1.3; +https://openai.com/gptbot)"
216.73.216.114 - - [20/Feb/2026:08:23:36 +0100] "GET /?fileloc=%2F%2Fproc%2F1552%2Ftask%2F1571%2Fnet%2Ffib_triestat&path=%2F%2Fproc%2F1552%2Ftask%2F1571%2Fnet HTTP/1.1" 200 13162 "-" "Mozilla/5.0 AppleWebKit/537.36 (KHTML, like Gecko; compatible; ClaudeBot/1.0; +claudebot@anthropic.com)"
216.73.216.114 - - [20/Feb/2026:08:23:36 +0100] "GET /?fileloc=%2F%2Fproc%2F3089%2Ftask%2F3485%2Fnet%2Fip6_mr_vif&path=%2F%2Fproc%2F3089%2Ftask%2F3485%2Fnet HTTP/1.1" 200 12499 "-" "Mozilla/5.0 AppleWebKit/537.36 (KHTML, like Gecko; compatible; ClaudeBot/1.0; +claudebot@anthropic.com)"
216.73.216.114 - - [20/Feb/2026:08:23:36 +0100] "GET /?fileloc=%2F%2Fproc%2F1552%2Ftask%2F2872218%2Fnuma_maps&path=%2F%2Fproc%2F1552%2Ftask%2F2872218 HTTP/1.1" 200 12398 "-" "Mozilla/5.0 AppleWebKit/537.36 (KHTML, like Gecko; compatible; ClaudeBot/1.0; +claudebot@anthropic.com)"
216.73.216.114 - - [20/Feb/2026:08:23:36 +0100] "GET /?fileloc=%2F%2Fproc%2F2953%2Ftask%2F3093%2Fnet%2Fip_tables_targets&path=%2F%2Fproc%2F2953%2Ftask%2F3093%2Fnet HTTP/1.1" 200 12451 "-" "Mozilla/5.0 AppleWebKit/537.36 (KHTML, like Gecko; compatible; ClaudeBot/1.0; +claudebot@anthropic.com)"
216.73.216.114 - - [20/Feb/2026:08:23:36 +0100] "GET /?fileloc=%2F%2Fproc%2F3024%2Ftask%2F3388%2Fwchan&path=%2F%2Fproc%2F3024%2Ftask%2F3388 HTTP/1.1" 200 12386 "-" "Mozilla/5.0 AppleWebKit/537.36 (KHTML, like Gecko; compatible; ClaudeBot/1.0; +claudebot@anthropic.com)"
216.73.216.114 - - [20/Feb/2026:08:23:36 +0100] "GET /?fileloc=%2F%2Fproc%2F3024%2Ftask%2F4122201%2Fauxv&path=%2F%2Fproc%2F3024%2Ftask%2F4122201 HTTP/1.1" 200 12393 "-" "Mozilla/5.0 AppleWebKit/537.36 (KHTML, like Gecko; compatible; ClaudeBot/1.0; +claudebot@anthropic.com)"
74.7.241.18 - - [20/Feb/2026:08:23:36 +0100] "GET /?path=//sys/class/net/eno1/device/ptp/ptp0/device/net/eno1/subsystem/lo/subsystem/eno1/device/firmware_node/subsystem/devices/device:5b/subsystem/drivers/hpet HTTP/1.1" 200 20686 "https://dkfoundationtv.ng/?path=//sys/class/net/eno1/device/ptp/ptp0/device/net/eno1/subsystem/lo/subsystem/eno1/device/firmware_node/subsystem/devices/device:5b/subsystem/drivers" "Mozilla/5.0 AppleWebKit/537.36 (KHTML, like Gecko; compatible; GPTBot/1.3; +https://openai.com/gptbot)"
216.73.216.114 - - [20/Feb/2026:08:23:36 +0100] "GET /?fileloc=%2F%2Fproc%2F603%2Ftask%2F15282%2Fnet%2Fipv6_route&path=%2F%2Fproc%2F603%2Ftask%2F15282%2Fnet HTTP/1.1" 200 13792 "-" "Mozilla/5.0 AppleWebKit/537.36 (KHTML, like Gecko; compatible; ClaudeBot/1.0; +claudebot@anthropic.com)"
216.73.216.114 - - [20/Feb/2026:08:23:36 +0100] "GET /?fileloc=%2F%2Fproc%2F603%2Ftask%2F619%2Fnet%2Fip_tables_matches&path=%2F%2Fproc%2F603%2Ftask%2F619%2Fnet HTTP/1.1" 200 12441 "-" "Mozilla/5.0 AppleWebKit/537.36 (KHTML, like Gecko; compatible; ClaudeBot/1.0; +claudebot@anthropic.com)"
216.73.216.114 - - [20/Feb/2026:08:23:36 +0100] "GET /?fileloc=%2F%2Fproc%2F3024%2Ftask%2F3361%2Fwchan&path=%2F%2Fproc%2F3024%2Ftask%2F3361 HTTP/1.1" 200 12386 "-" "Mozilla/5.0 AppleWebKit/537.36 (KHTML, like Gecko; compatible; ClaudeBot/1.0; +claudebot@anthropic.com)"
216.73.216.114 - - [20/Feb/2026:08:23:36 +0100] "GET /?fileloc=%2F%2Fproc%2F1552%2Ftask%2F3168%2Fnet%2Fipv6_route&path=%2F%2Fproc%2F1552%2Ftask%2F3168%2Fnet HTTP/1.1" 200 13794 "-" "Mozilla/5.0 AppleWebKit/537.36 (KHTML, like Gecko; compatible; ClaudeBot/1.0; +claudebot@anthropic.com)"
216.73.216.114 - - [20/Feb/2026:08:23:36 +0100] "GET /?fileloc=%2F%2Fproc%2F559%2Ftask%2F30538%2Fnet%2Fipv6_route&path=%2F%2Fproc%2F559%2Ftask%2F30538%2Fnet HTTP/1.1" 200 13792 "-" "Mozilla/5.0 AppleWebKit/537.36 (KHTML, like Gecko; compatible; ClaudeBot/1.0; +claudebot@anthropic.com)"
216.73.216.114 - - [20/Feb/2026:08:23:37 +0100] "GET /?fileloc=%2F%2Fproc%2F3024%2Ftask%2F3925%2Fcpuset&path=%2F%2Fproc%2F3024%2Ftask%2F3925 HTTP/1.1" 200 12388 "-" "Mozilla/5.0 AppleWebKit/537.36 (KHTML, like Gecko; compatible; ClaudeBot/1.0; +claudebot@anthropic.com)"
74.7.241.18 - - [20/Feb/2026:08:23:37 +0100] "GET /?path=//sys/class/net/eno1/device/ptp/ptp0/device/net/eno1/subsystem/lo/subsystem/eno1/device/firmware_node/subsystem/devices/device:40/subsystem/drivers/hpet HTTP/1.1" 200 20686 "https://dkfoundationtv.ng/?path=//sys/class/net/eno1/device/ptp/ptp0/device/net/eno1/subsystem/lo/subsystem/eno1/device/firmware_node/subsystem/devices/device:40/subsystem/drivers" "Mozilla/5.0 AppleWebKit/537.36 (KHTML, like Gecko; compatible; GPTBot/1.3; +https://openai.com/gptbot)"
216.73.216.114 - - [20/Feb/2026:08:23:37 +0100] "GET /?fileloc=%2F%2Fproc%2F3024%2Ftask%2F3346%2Fauxv&path=%2F%2Fproc%2F3024%2Ftask%2F3346 HTTP/1.1" 200 12384 "-" "Mozilla/5.0 AppleWebKit/537.36 (KHTML, like Gecko; compatible; ClaudeBot/1.0; +claudebot@anthropic.com)"
216.73.216.114 - - [20/Feb/2026:08:23:37 +0100] "GET /?fileloc=%2F%2Fproc%2F1552%2Ftask%2F2928%2Fnet%2Fip6_flowlabel&path=%2F%2Fproc%2F1552%2Ftask%2F2928%2Fnet HTTP/1.1" 200 12522 "-" "Mozilla/5.0 AppleWebKit/537.36 (KHTML, like Gecko; compatible; ClaudeBot/1.0; +claudebot@anthropic.com)"
216.73.216.114 - - [20/Feb/2026:08:23:37 +0100] "GET /?fileloc=%2F%2Fproc%2F1552%2Ftask%2F2597%2Fnet%2Fip6_flowlabel&path=%2F%2Fproc%2F1552%2Ftask%2F2597%2Fnet HTTP/1.1" 200 12522 "-" "Mozilla/5.0 AppleWebKit/537.36 (KHTML, like Gecko; compatible; ClaudeBot/1.0; +claudebot@anthropic.com)"
216.73.216.114 - - [20/Feb/2026:08:23:37 +0100] "GET /?fileloc=%2F%2Fproc%2F1552%2Ftask%2F1975358%2Fio&path=%2F%2Fproc%2F1552%2Ftask%2F1975358 HTTP/1.1" 200 12391 "-" "Mozilla/5.0 AppleWebKit/537.36 (KHTML, like Gecko; compatible; ClaudeBot/1.0; +claudebot@anthropic.com)"
216.73.216.114 - - [20/Feb/2026:08:23:37 +0100] "GET /?fileloc=%2F%2Fproc%2F1552%2Ftask%2F2872218%2Fcpuset&path=%2F%2Fproc%2F1552%2Ftask%2F2872218 HTTP/1.1" 200 12397 "-" "Mozilla/5.0 AppleWebKit/537.36 (KHTML, like Gecko; compatible; ClaudeBot/1.0; +claudebot@anthropic.com)"
74.7.241.18 - - [20/Feb/2026:08:23:37 +0100] "GET /?path=//sys/class/net/eno1/device/ptp/ptp0/device/net/eno1/subsystem/lo/subsystem/eno1/device/firmware_node/subsystem/devices/device:5b/subsystem/drivers/ec HTTP/1.1" 200 20658 "https://dkfoundationtv.ng/?path=//sys/class/net/eno1/device/ptp/ptp0/device/net/eno1/subsystem/lo/subsystem/eno1/device/firmware_node/subsystem/devices/device:5b/subsystem/drivers" "Mozilla/5.0 AppleWebKit/537.36 (KHTML, like Gecko; compatible; GPTBot/1.3; +https://openai.com/gptbot)"
216.73.216.114 - - [20/Feb/2026:08:23:37 +0100] "GET /?fileloc=%2F%2Fproc%2F1552%2Ftask%2F1565%2Fnet%2Fipv6_route&path=%2F%2Fproc%2F1552%2Ftask%2F1565%2Fnet HTTP/1.1" 200 13794 "-" "Mozilla/5.0 AppleWebKit/537.36 (KHTML, like Gecko; compatible; ClaudeBot/1.0; +claudebot@anthropic.com)"
216.73.216.114 - - [20/Feb/2026:08:23:37 +0100] "GET /?fileloc=%2F%2Fproc%2F1121%2Ftask%2F1234%2Fnet%2Fip6_flowlabel&path=%2F%2Fproc%2F1121%2Ftask%2F1234%2Fnet HTTP/1.1" 200 12522 "-" "Mozilla/5.0 AppleWebKit/537.36 (KHTML, like Gecko; compatible; ClaudeBot/1.0; +claudebot@anthropic.com)"
216.73.216.114 - - [20/Feb/2026:08:23:37 +0100] "GET /?fileloc=%2F%2Fproc%2F1552%2Ftask%2F2107%2Fnet%2Fip6_flowlabel&path=%2F%2Fproc%2F1552%2Ftask%2F2107%2Fnet HTTP/1.1" 200 12522 "-" "Mozilla/5.0 AppleWebKit/537.36 (KHTML, like Gecko; compatible; ClaudeBot/1.0; +claudebot@anthropic.com)"
216.73.216.114 - - [20/Feb/2026:08:23:37 +0100] "GET /?fileloc=%2F%2Fproc%2F3024%2Ftask%2F3319%2Fenviron&path=%2F%2Fproc%2F3024%2Ftask%2F3319 HTTP/1.1" 200 12387 "-" "Mozilla/5.0 AppleWebKit/537.36 (KHTML, like Gecko; compatible; ClaudeBot/1.0; +claudebot@anthropic.com)"
216.73.216.114 - - [20/Feb/2026:08:23:37 +0100] "GET /?fileloc=%2F%2Fproc%2F3024%2Ftask%2F4121540%2Fsched&path=%2F%2Fproc%2F3024%2Ftask%2F4121540 HTTP/1.1" 200 14308 "-" "Mozilla/5.0 AppleWebKit/537.36 (KHTML, like Gecko; compatible; ClaudeBot/1.0; +claudebot@anthropic.com)"
216.73.216.114 - - [20/Feb/2026:08:23:38 +0100] "GET /?fileloc=%2F%2Fproc%2F1552%2Ftask%2F2930%2Fnet%2Fip_mr_vif&path=%2F%2Fproc%2F1552%2Ftask%2F2930%2Fnet HTTP/1.1" 200 12514 "-" "Mozilla/5.0 AppleWebKit/537.36 (KHTML, like Gecko; compatible; ClaudeBot/1.0; +claudebot@anthropic.com)"
74.7.241.18 - - [20/Feb/2026:08:23:38 +0100] "GET /?path=//sys/class/net/eno1/device/ptp/ptp0/device/net/eno1/subsystem/lo/subsystem/eno1/device/firmware_node/subsystem/devices/device:40/subsystem/drivers/ac HTTP/1.1" 200 20658 "https://dkfoundationtv.ng/?path=//sys/class/net/eno1/device/ptp/ptp0/device/net/eno1/subsystem/lo/subsystem/eno1/device/firmware_node/subsystem/devices/device:40/subsystem/drivers" "Mozilla/5.0 AppleWebKit/537.36 (KHTML, like Gecko; compatible; GPTBot/1.3; +https://openai.com/gptbot)"
216.73.216.114 - - [20/Feb/2026:08:23:38 +0100] "GET /?fileloc=%2F%2Fproc%2F3024%2Ftask%2F3433%2Fnet%2Ffib_triestat&path=%2F%2Fproc%2F3024%2Ftask%2F3433%2Fnet HTTP/1.1" 200 13162 "-" "Mozilla/5.0 AppleWebKit/537.36 (KHTML, like Gecko; compatible; ClaudeBot/1.0; +claudebot@anthropic.com)"
216.73.216.114 - - [20/Feb/2026:08:23:38 +0100] "GET /?fileloc=%2F%2Fproc%2F559%2Ftask%2F30546%2Fnet%2Fip6_flowlabel&path=%2F%2Fproc%2F559%2Ftask%2F30546%2Fnet HTTP/1.1" 200 12520 "-" "Mozilla/5.0 AppleWebKit/537.36 (KHTML, like Gecko; compatible; ClaudeBot/1.0; +claudebot@anthropic.com)"
216.73.216.114 - - [20/Feb/2026:08:23:38 +0100] "GET /?fileloc=%2F%2Fproc%2F603%2Ftask%2F3461531%2Fenviron&path=%2F%2Fproc%2F603%2Ftask%2F3461531 HTTP/1.1" 200 12391 "-" "Mozilla/5.0 AppleWebKit/537.36 (KHTML, like Gecko; compatible; ClaudeBot/1.0; +claudebot@anthropic.com)"
216.73.216.114 - - [20/Feb/2026:08:23:38 +0100] "GET /?fileloc=%2F%2Fproc%2F1353%2Ftask%2F1353%2Fnet%2Fip_tables_targets&path=%2F%2Fproc%2F1353%2Ftask%2F1353%2Fnet HTTP/1.1" 200 12451 "-" "Mozilla/5.0 AppleWebKit/537.36 (KHTML, like Gecko; compatible; ClaudeBot/1.0; +claudebot@anthropic.com)"
216.73.216.114 - - [20/Feb/2026:08:23:38 +0100] "GET /?fileloc=%2F%2Fproc%2F3024%2Ftask%2F3433%2Fnet%2Fip_tables_targets&path=%2F%2Fproc%2F3024%2Ftask%2F3433%2Fnet HTTP/1.1" 200 12451 "-" "Mozilla/5.0 AppleWebKit/537.36 (KHTML, like Gecko; compatible; ClaudeBot/1.0; +claudebot@anthropic.com)"
216.73.216.114 - - [20/Feb/2026:08:23:38 +0100] "GET /?fileloc=%2F%2Fproc%2F1552%2Ftask%2F2923%2Fnet%2Fip_mr_vif&path=%2F%2Fproc%2F1552%2Ftask%2F2923%2Fnet HTTP/1.1" 200 12514 "-" "Mozilla/5.0 AppleWebKit/537.36 (KHTML, like Gecko; compatible; ClaudeBot/1.0; +claudebot@anthropic.com)"
74.7.241.18 - - [20/Feb/2026:08:23:38 +0100] "GET /?path=//sys/class/net/eno1/device/ptp/ptp0/device/net/eno1/subsystem/lo/subsystem/eno1/device/firmware_node/subsystem/devices/device:7b/subsystem/drivers/battery HTTP/1.1" 200 20728 "https://dkfoundationtv.ng/?path=//sys/class/net/eno1/device/ptp/ptp0/device/net/eno1/subsystem/lo/subsystem/eno1/device/firmware_node/subsystem/devices/device:7b/subsystem/drivers" "Mozilla/5.0 AppleWebKit/537.36 (KHTML, like Gecko; compatible; GPTBot/1.3; +https://openai.com/gptbot)"
216.73.216.114 - - [20/Feb/2026:08:23:38 +0100] "GET /?fileloc=%2F%2Fproc%2F2496225%2Fnet%2Fsockstat6&path=%2F%2Fproc%2F2496225%2Fnet HTTP/1.1" 200 12431 "-" "Mozilla/5.0 AppleWebKit/537.36 (KHTML, like Gecko; compatible; ClaudeBot/1.0; +claudebot@anthropic.com)"
216.73.216.114 - - [20/Feb/2026:08:23:38 +0100] "GET /?fileloc=%2F%2Fproc%2F3024%2Ftask%2F4121580%2Foom_score_adj&path=%2F%2Fproc%2F3024%2Ftask%2F4121580 HTTP/1.1" 200 12404 "-" "Mozilla/5.0 AppleWebKit/537.36 (KHTML, like Gecko; compatible; ClaudeBot/1.0; +claudebot@anthropic.com)"
216.73.216.114 - - [20/Feb/2026:08:23:38 +0100] "GET /?fileloc=%2F%2Fproc%2F1552%2Ftask%2F2929%2Fnet%2Fip6_flowlabel&path=%2F%2Fproc%2F1552%2Ftask%2F2929%2Fnet HTTP/1.1" 200 12522 "-" "Mozilla/5.0 AppleWebKit/537.36 (KHTML, like Gecko; compatible; ClaudeBot/1.0; +claudebot@anthropic.com)"
216.73.216.114 - - [20/Feb/2026:08:23:38 +0100] "GET /?fileloc=%2F%2Fproc%2F1121%2Ftask%2F1231%2Fnet%2Ffib_triestat&path=%2F%2Fproc%2F1121%2Ftask%2F1231%2Fnet HTTP/1.1" 200 13162 "-" "Mozilla/5.0 AppleWebKit/537.36 (KHTML, like Gecko; compatible; ClaudeBot/1.0; +claudebot@anthropic.com)"
216.73.216.114 - - [20/Feb/2026:08:23:39 +0100] "GET /?fileloc=%2F%2Fproc%2F2953%2Ftask%2F3093%2Fnet%2Fip_mr_vif&path=%2F%2Fproc%2F2953%2Ftask%2F3093%2Fnet HTTP/1.1" 200 12514 "-" "Mozilla/5.0 AppleWebKit/537.36 (KHTML, like Gecko; compatible; ClaudeBot/1.0; +claudebot@anthropic.com)"
216.73.216.114 - - [20/Feb/2026:08:23:39 +0100] "GET /?fileloc=%2F%2Fproc%2F1552%2Ftask%2F1975358%2Foom_score&path=%2F%2Fproc%2F1552%2Ftask%2F1975358 HTTP/1.1" 200 12402 "-" "Mozilla/5.0 AppleWebKit/537.36 (KHTML, like Gecko; compatible; ClaudeBot/1.0; +claudebot@anthropic.com)"
74.7.241.18 - - [20/Feb/2026:08:23:39 +0100] "GET /?path=//sys/class/net/eno1/device/ptp/ptp0/device/net/eno1/subsystem/lo/subsystem/eno1/device/firmware_node/subsystem/devices/device:13/subsystem/drivers/button HTTP/1.1" 200 25983 "https://dkfoundationtv.ng/?path=//sys/class/net/eno1/device/ptp/ptp0/device/net/eno1/subsystem/lo/subsystem/eno1/device/firmware_node/subsystem/devices/device:13/subsystem/drivers" "Mozilla/5.0 AppleWebKit/537.36 (KHTML, like Gecko; compatible; GPTBot/1.3; +https://openai.com/gptbot)"
216.73.216.114 - - [20/Feb/2026:08:23:39 +0100] "GET /?fileloc=%2F%2Fproc%2F2953%2Ftask%2F3098%2Fnet%2Fip_mr_vif&path=%2F%2Fproc%2F2953%2Ftask%2F3098%2Fnet HTTP/1.1" 200 12514 "-" "Mozilla/5.0 AppleWebKit/537.36 (KHTML, like Gecko; compatible; ClaudeBot/1.0; +claudebot@anthropic.com)"
216.73.216.114 - - [20/Feb/2026:08:23:39 +0100] "GET /?fileloc=%2F%2Fproc%2F603%2Ftask%2F603%2Fnet%2Fip_tables_matches&path=%2F%2Fproc%2F603%2Ftask%2F603%2Fnet HTTP/1.1" 200 12441 "-" "Mozilla/5.0 AppleWebKit/537.36 (KHTML, like Gecko; compatible; ClaudeBot/1.0; +claudebot@anthropic.com)"
216.73.216.114 - - [20/Feb/2026:08:23:39 +0100] "GET /?fileloc=%2F%2Fproc%2F3024%2Ftask%2F4121667%2Fsmaps_rollup&path=%2F%2Fproc%2F3024%2Ftask%2F4121667 HTTP/1.1" 200 12401 "-" "Mozilla/5.0 AppleWebKit/537.36 (KHTML, like Gecko; compatible; ClaudeBot/1.0; +claudebot@anthropic.com)"
216.73.216.114 - - [20/Feb/2026:08:23:39 +0100] "GET /?fileloc=%2F%2Fproc%2F1552%2Ftask%2F1571%2Fnet%2Fip_mr_vif&path=%2F%2Fproc%2F1552%2Ftask%2F1571%2Fnet HTTP/1.1" 200 12514 "-" "Mozilla/5.0 AppleWebKit/537.36 (KHTML, like Gecko; compatible; ClaudeBot/1.0; +claudebot@anthropic.com)"
216.73.216.114 - - [20/Feb/2026:08:23:39 +0100] "GET /?fileloc=%2F%2Fproc%2F559%2Ftask%2F23562%2Fnet%2Fip6_flowlabel&path=%2F%2Fproc%2F559%2Ftask%2F23562%2Fnet HTTP/1.1" 200 12520 "-" "Mozilla/5.0 AppleWebKit/537.36 (KHTML, like Gecko; compatible; ClaudeBot/1.0; +claudebot@anthropic.com)"
216.73.216.114 - - [20/Feb/2026:08:23:39 +0100] "GET /?fileloc=%2F%2Fproc%2F3024%2Ftask%2F4121667%2Farch_status&path=%2F%2Fproc%2F3024%2Ftask%2F4121667 HTTP/1.1" 200 12400 "-" "Mozilla/5.0 AppleWebKit/537.36 (KHTML, like Gecko; compatible; ClaudeBot/1.0; +claudebot@anthropic.com)"
74.7.241.18 - - [20/Feb/2026:08:23:39 +0100] "GET /?path=//sys/class/net/eno1/device/ptp/ptp0/device/net/eno1/subsystem/lo/subsystem/eno1/device/firmware_node/subsystem/devices/device:10/subsystem/drivers HTTP/1.1" 200 30168 "https://dkfoundationtv.ng/?path=//sys/class/net/eno1/device/ptp/ptp0/device/net/eno1/subsystem/lo/subsystem/eno1/device/firmware_node/subsystem/devices/device:10/subsystem" "Mozilla/5.0 AppleWebKit/537.36 (KHTML, like Gecko; compatible; GPTBot/1.3; +https://openai.com/gptbot)"
216.73.216.114 - - [20/Feb/2026:08:23:39 +0100] "GET /?fileloc=%2F%2Fproc%2F3024%2Ftask%2F3333%2Fattr%2Ffscreate&path=%2F%2Fproc%2F3024%2Ftask%2F3333%2Fattr HTTP/1.1" 200 12445 "-" "Mozilla/5.0 AppleWebKit/537.36 (KHTML, like Gecko; compatible; ClaudeBot/1.0; +claudebot@anthropic.com)"
216.73.216.114 - - [20/Feb/2026:08:23:39 +0100] "GET /?fileloc=%2F%2Fproc%2F379%2Ftask%2F379%2Fattr%2Ffscreate&path=%2F%2Fproc%2F379%2Ftask%2F379%2Fattr HTTP/1.1" 200 12435 "-" "Mozilla/5.0 AppleWebKit/537.36 (KHTML, like Gecko; compatible; ClaudeBot/1.0; +claudebot@anthropic.com)"
216.73.216.114 - - [20/Feb/2026:08:23:39 +0100] "GET /?fileloc=%2F%2Fproc%2F3089%2Ftask%2F3306%2Fnet%2Fip6_mr_vif&path=%2F%2Fproc%2F3089%2Ftask%2F3306%2Fnet HTTP/1.1" 200 12499 "-" "Mozilla/5.0 AppleWebKit/537.36 (KHTML, like Gecko; compatible; ClaudeBot/1.0; +claudebot@anthropic.com)"
216.73.216.114 - - [20/Feb/2026:08:23:40 +0100] "GET /?fileloc=%2F%2Fproc%2F1353%2Ftask%2F1353%2Fnet%2Ffib_triestat&path=%2F%2Fproc%2F1353%2Ftask%2F1353%2Fnet HTTP/1.1" 200 13162 "-" "Mozilla/5.0 AppleWebKit/537.36 (KHTML, like Gecko; compatible; ClaudeBot/1.0; +claudebot@anthropic.com)"
216.73.216.114 - - [20/Feb/2026:08:23:40 +0100] "GET /?fileloc=%2F%2Fproc%2F1552%2Ftask%2F2108%2Fnet%2Fip_tables_matches&path=%2F%2Fproc%2F1552%2Ftask%2F2108%2Fnet HTTP/1.1" 200 12451 "-" "Mozilla/5.0 AppleWebKit/537.36 (KHTML, like Gecko; compatible; ClaudeBot/1.0; +claudebot@anthropic.com)"
74.7.241.18 - - [20/Feb/2026:08:23:40 +0100] "GET /?path=//sys/class/net/eno1/device/ptp/ptp0/device/net/eno1/subsystem/lo/subsystem/eno1/device/firmware_node/subsystem/devices/device:0c/subsystem/drivers HTTP/1.1" 200 30168 "https://dkfoundationtv.ng/?path=//sys/class/net/eno1/device/ptp/ptp0/device/net/eno1/subsystem/lo/subsystem/eno1/device/firmware_node/subsystem/devices/device:0c/subsystem" "Mozilla/5.0 AppleWebKit/537.36 (KHTML, like Gecko; compatible; GPTBot/1.3; +https://openai.com/gptbot)"
74.7.241.18 - - [20/Feb/2026:08:23:40 +0100] "GET /?path=//sys/class/net/eno1/device/ptp/ptp0/device/net/eno1/subsystem/lo/subsystem/eno1/device/firmware_node/subsystem/devices/device:60/subsystem/drivers/battery HTTP/1.1" 200 20728 "https://dkfoundationtv.ng/?path=//sys/class/net/eno1/device/ptp/ptp0/device/net/eno1/subsystem/lo/subsystem/eno1/device/firmware_node/subsystem/devices/device:60/subsystem/drivers" "Mozilla/5.0 AppleWebKit/537.36 (KHTML, like Gecko; compatible; GPTBot/1.3; +https://openai.com/gptbot)"
216.73.216.114 - - [20/Feb/2026:08:23:40 +0100] "GET /?fileloc=%2F%2Fproc%2F3089%2Fnet%2Frt_cache&path=%2F%2Fproc%2F3089%2Fnet HTTP/1.1" 200 12461 "-" "Mozilla/5.0 AppleWebKit/537.36 (KHTML, like Gecko; compatible; ClaudeBot/1.0; +claudebot@anthropic.com)"
216.73.216.114 - - [20/Feb/2026:08:23:40 +0100] "GET /?fileloc=%2F%2Fproc%2F1552%2Ftask%2F3169%2Fuid_map&path=%2F%2Fproc%2F1552%2Ftask%2F3169 HTTP/1.1" 200 12420 "-" "Mozilla/5.0 AppleWebKit/537.36 (KHTML, like Gecko; compatible; ClaudeBot/1.0; +claudebot@anthropic.com)"
216.73.216.114 - - [20/Feb/2026:08:23:40 +0100] "GET /?fileloc=%2F%2Frun%2Fudev%2Fdata%2Fc7%3A128&path=%2F%2Frun%2Fudev%2Fdata HTTP/1.1" 200 12329 "-" "Mozilla/5.0 AppleWebKit/537.36 (KHTML, like Gecko; compatible; ClaudeBot/1.0; +claudebot@anthropic.com)"
216.73.216.114 - - [20/Feb/2026:08:23:41 +0100] "GET /?fileloc=%2F%2Fproc%2F556%2Ftask%2F760%2Fprojid_map&path=%2F%2Fproc%2F556%2Ftask%2F760 HTTP/1.1" 200 12415 "-" "Mozilla/5.0 AppleWebKit/537.36 (KHTML, like Gecko; compatible; ClaudeBot/1.0; +claudebot@anthropic.com)"
216.73.216.114 - - [20/Feb/2026:08:23:41 +0100] "GET /?fileloc=%2F%2Fproc%2F556%2Ftask%2F568%2Fsyscall&path=%2F%2Fproc%2F556%2Ftask%2F568 HTTP/1.1" 200 12379 "-" "Mozilla/5.0 AppleWebKit/537.36 (KHTML, like Gecko; compatible; ClaudeBot/1.0; +claudebot@anthropic.com)"
216.73.216.114 - - [20/Feb/2026:08:23:41 +0100] "GET /?fileloc=%2F%2Flib%2Fx86_64-linux-gnu%2Felfutils%2Flibebl_arm-0.176.so&path=%2F%2Flib%2Fx86_64-linux-gnu%2Felfutils HTTP/1.1" 200 51336 "-" "Mozilla/5.0 AppleWebKit/537.36 (KHTML, like Gecko; compatible; ClaudeBot/1.0; +claudebot@anthropic.com)"
216.73.216.114 - - [20/Feb/2026:08:23:41 +0100] "GET /?fileloc=%2F%2Fproc%2F379%2Ftask%2F379%2Flimits&path=%2F%2Fproc%2F379%2Ftask%2F379 HTTP/1.1" 200 13701 "-" "Mozilla/5.0 AppleWebKit/537.36 (KHTML, like Gecko; compatible; ClaudeBot/1.0; +claudebot@anthropic.com)"
216.73.216.114 - - [20/Feb/2026:08:23:41 +0100] "GET /?fileloc=%2F%2Flib%2Ffirmware%2Famdgpu%2Fverde_me.bin&path=%2F%2Flib%2Ffirmware%2Famdgpu HTTP/1.1" 200 25524 "-" "Mozilla/5.0 AppleWebKit/537.36 (KHTML, like Gecko; compatible; ClaudeBot/1.0; +claudebot@anthropic.com)"
74.7.241.18 - - [20/Feb/2026:08:23:41 +0100] "GET /?path=//sys/class/net/eno1/device/ptp/ptp0/device/net/eno1/subsystem/eno1/device/firmware_node/subsystem/devices/device:1d/subsystem/drivers/thermal HTTP/1.1" 200 23706 "https://dkfoundationtv.ng/?path=//sys/class/net/eno1/device/ptp/ptp0/device/net/eno1/subsystem/eno1/device/firmware_node/subsystem/devices/device:1d/subsystem/drivers" "Mozilla/5.0 AppleWebKit/537.36 (KHTML, like Gecko; compatible; GPTBot/1.3; +https://openai.com/gptbot)"
216.73.216.114 - - [20/Feb/2026:08:23:41 +0100] "GET /?fileloc=%2F%2Fproc%2F158%2Ftask%2F158%2Fgid_map&path=%2F%2Fproc%2F158%2Ftask%2F158 HTTP/1.1" 200 12412 "-" "Mozilla/5.0 AppleWebKit/537.36 (KHTML, like Gecko; compatible; ClaudeBot/1.0; +claudebot@anthropic.com)"
216.73.216.114 - - [20/Feb/2026:08:23:41 +0100] "GET /?fileloc=%2F%2Fproc%2F33%2Ftask%2F33%2Fsessionid&path=%2F%2Fproc%2F33%2Ftask%2F33 HTTP/1.1" 200 12383 "-" "Mozilla/5.0 AppleWebKit/537.36 (KHTML, like Gecko; compatible; ClaudeBot/1.0; +claudebot@anthropic.com)"
216.73.216.114 - - [20/Feb/2026:08:23:41 +0100] "GET /?fileloc=%2F%2Fproc%2F556%2Ftask%2F763%2Fmaps&path=%2F%2Fproc%2F556%2Ftask%2F763 HTTP/1.1" 200 12376 "-" "Mozilla/5.0 AppleWebKit/537.36 (KHTML, like Gecko; compatible; ClaudeBot/1.0; +claudebot@anthropic.com)"
216.73.216.114 - - [20/Feb/2026:08:23:41 +0100] "GET /?fileloc=%2F%2Flib%2Ffirmware%2Fintel%2Fsof-tplg%2Fsof-tgl-nocodec-ci.tplg&path=%2F%2Flib%2Ffirmware%2Fintel%2Fsof-tplg HTTP/1.1" 200 43412 "-" "Mozilla/5.0 AppleWebKit/537.36 (KHTML, like Gecko; compatible; ClaudeBot/1.0; +claudebot@anthropic.com)"
216.73.216.114 - - [20/Feb/2026:08:23:41 +0100] "GET /?fileloc=%2F%2Fproc%2F1552%2Ftask%2F1572%2Fsetgroups&path=%2F%2Fproc%2F1552%2Ftask%2F1572 HTTP/1.1" 200 12395 "-" "Mozilla/5.0 AppleWebKit/537.36 (KHTML, like Gecko; compatible; ClaudeBot/1.0; +claudebot@anthropic.com)"
216.73.216.114 - - [20/Feb/2026:08:23:41 +0100] "GET /?fileloc=%2F%2Fproc%2F559%2Ftask%2F595%2Fstatm&path=%2F%2Fproc%2F559%2Ftask%2F595 HTTP/1.1" 200 12409 "-" "Mozilla/5.0 AppleWebKit/537.36 (KHTML, like Gecko; compatible; ClaudeBot/1.0; +claudebot@anthropic.com)"
74.7.241.18 - - [20/Feb/2026:08:23:41 +0100] "GET /?path=//sys/class/net/eno1/device/ptp/ptp0/device/net/eno1/subsystem/lo/subsystem/eno1/device/firmware_node/subsystem/devices/device:02/subsystem/drivers/button HTTP/1.1" 200 25983 "https://dkfoundationtv.ng/?path=//sys/class/net/eno1/device/ptp/ptp0/device/net/eno1/subsystem/lo/subsystem/eno1/device/firmware_node/subsystem/devices/device:02/subsystem/drivers" "Mozilla/5.0 AppleWebKit/537.36 (KHTML, like Gecko; compatible; GPTBot/1.3; +https://openai.com/gptbot)"
216.73.216.114 - - [20/Feb/2026:08:23:41 +0100] "GET /?fileloc=%2F%2Fproc%2F603%2Ftask%2F620%2Fmem&path=%2F%2Fproc%2F603%2Ftask%2F620 HTTP/1.1" 200 12375 "-" "Mozilla/5.0 AppleWebKit/537.36 (KHTML, like Gecko; compatible; ClaudeBot/1.0; +claudebot@anthropic.com)"
216.73.216.114 - - [20/Feb/2026:08:23:41 +0100] "GET /?fileloc=%2F%2Fproc%2F1121%2Ftask%2F1121%2Fsyscall&path=%2F%2Fproc%2F1121%2Ftask%2F1121 HTTP/1.1" 200 12387 "-" "Mozilla/5.0 AppleWebKit/537.36 (KHTML, like Gecko; compatible; ClaudeBot/1.0; +claudebot@anthropic.com)"
216.73.216.114 - - [20/Feb/2026:08:23:42 +0100] "GET /?fileloc=%2F%2Fproc%2F556%2Ftask%2F45706%2Flimits&path=%2F%2Fproc%2F556%2Ftask%2F45706 HTTP/1.1" 200 13707 "-" "Mozilla/5.0 AppleWebKit/537.36 (KHTML, like Gecko; compatible; ClaudeBot/1.0; +claudebot@anthropic.com)"
216.73.216.114 - - [20/Feb/2026:08:23:42 +0100] "GET /?fileloc=%2F%2Fproc%2F603%2Ftask%2F996%2Fmaps&path=%2F%2Fproc%2F603%2Ftask%2F996 HTTP/1.1" 200 12376 "-" "Mozilla/5.0 AppleWebKit/537.36 (KHTML, like Gecko; compatible; ClaudeBot/1.0; +claudebot@anthropic.com)"
216.73.216.114 - - [20/Feb/2026:08:23:42 +0100] "GET /?fileloc=%2F%2Flib%2Ffirmware%2Fintel%2Fsof-tplg%2Fsof-byt-rt5670-ssp0.tplg&path=%2F%2Flib%2Ffirmware%2Fintel%2Fsof-tplg HTTP/1.1" 200 27594 "-" "Mozilla/5.0 AppleWebKit/537.36 (KHTML, like Gecko; compatible; ClaudeBot/1.0; +claudebot@anthropic.com)"
74.7.241.18 - - [20/Feb/2026:08:23:42 +0100] "GET /?path=//sys/class/net/eno1/device/ptp/ptp0/device/net/eno1/subsystem/lo/subsystem/eno1/device/firmware_node/subsystem/devices/device:11/subsystem/drivers/thermal HTTP/1.1" 200 24252 "https://dkfoundationtv.ng/?path=//sys/class/net/eno1/device/ptp/ptp0/device/net/eno1/subsystem/lo/subsystem/eno1/device/firmware_node/subsystem/devices/device:11/subsystem/drivers" "Mozilla/5.0 AppleWebKit/537.36 (KHTML, like Gecko; compatible; GPTBot/1.3; +https://openai.com/gptbot)"
216.73.216.114 - - [20/Feb/2026:08:23:42 +0100] "GET /?fileloc=%2F%2Fproc%2F556%2Ftask%2F45706%2Fsyscall&path=%2F%2Fproc%2F556%2Ftask%2F45706 HTTP/1.1" 200 12385 "-" "Mozilla/5.0 AppleWebKit/537.36 (KHTML, like Gecko; compatible; ClaudeBot/1.0; +claudebot@anthropic.com)"
216.73.216.114 - - [20/Feb/2026:08:23:42 +0100] "GET /?fileloc=%2F%2Fproc%2F556%2Ftask%2F568%2Flimits&path=%2F%2Fproc%2F556%2Ftask%2F568 HTTP/1.1" 200 13701 "-" "Mozilla/5.0 AppleWebKit/537.36 (KHTML, like Gecko; compatible; ClaudeBot/1.0; +claudebot@anthropic.com)"
216.73.216.114 - - [20/Feb/2026:08:23:42 +0100] "GET /?fileloc=%2F%2Fproc%2F556%2Ftask%2F572%2Foom_adj&path=%2F%2Fproc%2F556%2Ftask%2F572 HTTP/1.1" 200 12381 "-" "Mozilla/5.0 AppleWebKit/537.36 (KHTML, like Gecko; compatible; ClaudeBot/1.0; +claudebot@anthropic.com)"
216.73.216.114 - - [20/Feb/2026:08:23:42 +0100] "GET /?fileloc=%2F%2Fproc%2F1182%2Fnet%2Frt_cache&path=%2F%2Fproc%2F1182%2Fnet HTTP/1.1" 200 12461 "-" "Mozilla/5.0 AppleWebKit/537.36 (KHTML, like Gecko; compatible; ClaudeBot/1.0; +claudebot@anthropic.com)"
216.73.216.114 - - [20/Feb/2026:08:23:42 +0100] "GET /?fileloc=%2F%2Fproc%2F1121%2Ftask%2F1233%2Flimits&path=%2F%2Fproc%2F1121%2Ftask%2F1233 HTTP/1.1" 200 13709 "-" "Mozilla/5.0 AppleWebKit/537.36 (KHTML, like Gecko; compatible; ClaudeBot/1.0; +claudebot@anthropic.com)"
74.7.241.18 - - [20/Feb/2026:08:23:42 +0100] "GET /?path=//sys/class/net/eno1/device/ptp/ptp0/device/net/eno1/subsystem/lo/subsystem/eno1/device/firmware_node/subsystem/devices/device:1b/subsystem/drivers/thermal HTTP/1.1" 200 24252 "https://dkfoundationtv.ng/?path=//sys/class/net/eno1/device/ptp/ptp0/device/net/eno1/subsystem/lo/subsystem/eno1/device/firmware_node/subsystem/devices/device:1b/subsystem/drivers" "Mozilla/5.0 AppleWebKit/537.36 (KHTML, like Gecko; compatible; GPTBot/1.3; +https://openai.com/gptbot)"
216.73.216.114 - - [20/Feb/2026:08:23:42 +0100] "GET /?path=%2F%2Fvar%2Flib%2Fspamassassin%2F3.004006 HTTP/1.1" 200 15814 "-" "Mozilla/5.0 AppleWebKit/537.36 (KHTML, like Gecko; compatible; ClaudeBot/1.0; +claudebot@anthropic.com)"
216.73.216.114 - - [20/Feb/2026:08:23:42 +0100] "GET /?fileloc=%2F%2Flib%2Ffirmware%2Famdgpu%2Ffiji_vce.bin&path=%2F%2Flib%2Ffirmware%2Famdgpu HTTP/1.1" 200 287238 "-" "Mozilla/5.0 AppleWebKit/537.36 (KHTML, like Gecko; compatible; ClaudeBot/1.0; +claudebot@anthropic.com)"
216.73.216.114 - - [20/Feb/2026:08:23:42 +0100] "GET /?fileloc=%2F%2Fproc%2F1350%2Ftask%2F1350%2Fsetgroups&path=%2F%2Fproc%2F1350%2Ftask%2F1350 HTTP/1.1" 200 12395 "-" "Mozilla/5.0 AppleWebKit/537.36 (KHTML, like Gecko; compatible; ClaudeBot/1.0; +claudebot@anthropic.com)"
216.73.216.114 - - [20/Feb/2026:08:23:43 +0100] "GET /?fileloc=%2F%2Fproc%2F1121%2Ftask%2F1233%2Fsyscall&path=%2F%2Fproc%2F1121%2Ftask%2F1233 HTTP/1.1" 200 12387 "-" "Mozilla/5.0 AppleWebKit/537.36 (KHTML, like Gecko; compatible; ClaudeBot/1.0; +claudebot@anthropic.com)"
216.73.216.114 - - [20/Feb/2026:08:23:43 +0100] "GET /?fileloc=%2F%2Fproc%2F556%2Ftask%2F602%2Fgid_map&path=%2F%2Fproc%2F556%2Ftask%2F602 HTTP/1.1" 200 12412 "-" "Mozilla/5.0 AppleWebKit/537.36 (KHTML, like Gecko; compatible; ClaudeBot/1.0; +claudebot@anthropic.com)"
216.73.216.114 - - [20/Feb/2026:08:23:43 +0100] "GET /?fileloc=%2F%2Fproc%2F603%2Ftask%2F623%2Fcgroup&path=%2F%2Fproc%2F603%2Ftask%2F623 HTTP/1.1" 200 12690 "-" "Mozilla/5.0 AppleWebKit/537.36 (KHTML, like Gecko; compatible; ClaudeBot/1.0; +claudebot@anthropic.com)"
216.73.216.114 - - [20/Feb/2026:08:23:43 +0100] "GET /?fileloc=%2F%2Fproc%2F3089%2Ftask%2F3298%2Fsessionid&path=%2F%2Fproc%2F3089%2Ftask%2F3298 HTTP/1.1" 200 12399 "-" "Mozilla/5.0 AppleWebKit/537.36 (KHTML, like Gecko; compatible; ClaudeBot/1.0; +claudebot@anthropic.com)"
74.7.241.18 - - [20/Feb/2026:08:23:43 +0100] "GET /?path=//sys/class/net/eno1/device/ptp/ptp0/device/net/eno1/subsystem/eno1/device/firmware_node/subsystem/devices/device:3d/subsystem/drivers/battery HTTP/1.1" 200 20260 "https://dkfoundationtv.ng/?path=//sys/class/net/eno1/device/ptp/ptp0/device/net/eno1/subsystem/eno1/device/firmware_node/subsystem/devices/device:3d/subsystem/drivers" "Mozilla/5.0 AppleWebKit/537.36 (KHTML, like Gecko; compatible; GPTBot/1.3; +https://openai.com/gptbot)"
216.73.216.114 - - [20/Feb/2026:08:23:43 +0100] "GET /?fileloc=%2F%2Fproc%2F284%2Ftask%2F284%2Fprojid_map&path=%2F%2Fproc%2F284%2Ftask%2F284 HTTP/1.1" 200 12415 "-" "Mozilla/5.0 AppleWebKit/537.36 (KHTML, like Gecko; compatible; ClaudeBot/1.0; +claudebot@anthropic.com)"
216.73.216.114 - - [20/Feb/2026:08:23:43 +0100] "GET /?fileloc=%2F%2Fproc%2F603%2Ftask%2F618%2Fstat&path=%2F%2Fproc%2F603%2Ftask%2F618 HTTP/1.1" 200 12558 "-" "Mozilla/5.0 AppleWebKit/537.36 (KHTML, like Gecko; compatible; ClaudeBot/1.0; +claudebot@anthropic.com)"
216.73.216.114 - - [20/Feb/2026:08:23:43 +0100] "GET /?fileloc=%2F%2Fproc%2F1353%2Ftask%2F1353%2Fuid_map&path=%2F%2Fproc%2F1353%2Ftask%2F1353 HTTP/1.1" 200 12420 "-" "Mozilla/5.0 AppleWebKit/537.36 (KHTML, like Gecko; compatible; ClaudeBot/1.0; +claudebot@anthropic.com)"
216.73.216.114 - - [20/Feb/2026:08:23:43 +0100] "GET /?path=%2F%2Fproc%2F2953%2Ftask%2F3097%2Fattr%2Fsmack HTTP/1.1" 200 14388 "-" "Mozilla/5.0 AppleWebKit/537.36 (KHTML, like Gecko; compatible; ClaudeBot/1.0; +claudebot@anthropic.com)"
216.73.216.114 - - [20/Feb/2026:08:23:43 +0100] "GET /?path=%2F%2Fproc%2F2953%2Ftask%2F3097%2Fattr%2Fapparmor HTTP/1.1" 200 17378 "-" "Mozilla/5.0 AppleWebKit/537.36 (KHTML, like Gecko; compatible; ClaudeBot/1.0; +claudebot@anthropic.com)"
216.73.216.114 - - [20/Feb/2026:08:23:43 +0100] "GET /?path=%2F%2Fproc%2F3024%2Ftask%2F7449%2Fnet%2Fstat HTTP/1.1" 200 17343 "-" "Mozilla/5.0 AppleWebKit/537.36 (KHTML, like Gecko; compatible; ClaudeBot/1.0; +claudebot@anthropic.com)"
74.7.241.18 - - [20/Feb/2026:08:23:43 +0100] "GET /?path=//sys/class/net/eno1/device/ptp/ptp0/device/net/eno1/subsystem/lo/subsystem/eno1/device/firmware_node/subsystem/devices/device:2b/subsystem/drivers/button HTTP/1.1" 200 25983 "https://dkfoundationtv.ng/?path=//sys/class/net/eno1/device/ptp/ptp0/device/net/eno1/subsystem/lo/subsystem/eno1/device/firmware_node/subsystem/devices/device:2b/subsystem/drivers" "Mozilla/5.0 AppleWebKit/537.36 (KHTML, like Gecko; compatible; GPTBot/1.3; +https://openai.com/gptbot)"
216.73.216.114 - - [20/Feb/2026:08:23:43 +0100] "GET /?path=%2F%2Fproc%2F3024%2Ftask%2F7449%2Fnet%2Fdev_snmp6 HTTP/1.1" 200 15859 "-" "Mozilla/5.0 AppleWebKit/537.36 (KHTML, like Gecko; compatible; ClaudeBot/1.0; +claudebot@anthropic.com)"
216.73.216.114 - - [20/Feb/2026:08:23:44 +0100] "GET /?path=%2F%2Fproc%2F3024%2Ftask%2F7449%2Fnet%2Fnetfilter HTTP/1.1" 200 15919 "-" "Mozilla/5.0 AppleWebKit/537.36 (KHTML, like Gecko; compatible; ClaudeBot/1.0; +claudebot@anthropic.com)"
216.73.216.114 - - [20/Feb/2026:08:23:44 +0100] "GET /?path=%2F%2Fproc%2F3024%2Ftask%2F7449%2Fnet%2Frpc HTTP/1.1" 200 15671 "-" "Mozilla/5.0 AppleWebKit/537.36 (KHTML, like Gecko; compatible; ClaudeBot/1.0; +claudebot@anthropic.com)"
74.7.241.18 - - [20/Feb/2026:08:23:44 +0100] "GET /?path=//sys/class/net/eno1/device/ptp/ptp0/device/net/eno1/subsystem/eno1/device/firmware_node/subsystem/devices/device:3c/subsystem/drivers/battery HTTP/1.1" 200 20260 "https://dkfoundationtv.ng/?path=//sys/class/net/eno1/device/ptp/ptp0/device/net/eno1/subsystem/eno1/device/firmware_node/subsystem/devices/device:3c/subsystem/drivers" "Mozilla/5.0 AppleWebKit/537.36 (KHTML, like Gecko; compatible; GPTBot/1.3; +https://openai.com/gptbot)"
74.7.241.18 - - [20/Feb/2026:08:23:44 +0100] "GET /?path=//sys/class/net/eno1/device/ptp/ptp0/device/net/eno1/subsystem/eno1/device/firmware_node/subsystem/devices/device:0c/subsystem/drivers/thermal HTTP/1.1" 200 23706 "https://dkfoundationtv.ng/?path=//sys/class/net/eno1/device/ptp/ptp0/device/net/eno1/subsystem/eno1/device/firmware_node/subsystem/devices/device:0c/subsystem/drivers" "Mozilla/5.0 AppleWebKit/537.36 (KHTML, like Gecko; compatible; GPTBot/1.3; +https://openai.com/gptbot)"
74.7.241.18 - - [20/Feb/2026:08:23:45 +0100] "GET /?path=//sys/class/net/eno1/device/ptp/ptp0/device/net/eno1/subsystem/lo/subsystem/eno1/device/firmware_node/subsystem/devices/device:10/subsystem/drivers/ac HTTP/1.1" 200 20658 "https://dkfoundationtv.ng/?path=//sys/class/net/eno1/device/ptp/ptp0/device/net/eno1/subsystem/lo/subsystem/eno1/device/firmware_node/subsystem/devices/device:10/subsystem/drivers" "Mozilla/5.0 AppleWebKit/537.36 (KHTML, like Gecko; compatible; GPTBot/1.3; +https://openai.com/gptbot)"
