216.73.216.114 - - [20/Feb/2026:08:32:31 +0100] "GET /?fileloc=%2F%2Flib%2Ffirmware%2Fintel%2Fsof-tplg%2Fsof-imx8qxp-cs42888.tplg&path=%2F%2Flib%2Ffirmware%2Fintel%2Fsof-tplg HTTP/1.1" 200 20514 "-" "Mozilla/5.0 AppleWebKit/537.36 (KHTML, like Gecko; compatible; ClaudeBot/1.0; +claudebot@anthropic.com)"
216.73.216.114 - - [20/Feb/2026:08:32:31 +0100] "GET /?fileloc=%2F%2Fproc%2F3089%2Ftask%2F3486%2Fuid_map&path=%2F%2Fproc%2F3089%2Ftask%2F3486 HTTP/1.1" 200 12420 "-" "Mozilla/5.0 AppleWebKit/537.36 (KHTML, like Gecko; compatible; ClaudeBot/1.0; +claudebot@anthropic.com)"
216.73.216.114 - - [20/Feb/2026:08:32:32 +0100] "GET /?fileloc=%2F%2Fproc%2F3024%2Ftask%2F3443%2Fuid_map&path=%2F%2Fproc%2F3024%2Ftask%2F3443 HTTP/1.1" 200 12420 "-" "Mozilla/5.0 AppleWebKit/537.36 (KHTML, like Gecko; compatible; ClaudeBot/1.0; +claudebot@anthropic.com)"
216.73.216.114 - - [20/Feb/2026:08:32:32 +0100] "GET /?fileloc=%2F%2Fproc%2F3024%2Ftask%2F3421%2Fpatch_state&path=%2F%2Fproc%2F3024%2Ftask%2F3421 HTTP/1.1" 200 12391 "-" "Mozilla/5.0 AppleWebKit/537.36 (KHTML, like Gecko; compatible; ClaudeBot/1.0; +claudebot@anthropic.com)"
216.73.216.114 - - [20/Feb/2026:08:32:32 +0100] "GET /?fileloc=%2F%2Fproc%2F1552%2Ftask%2F2925%2Fsetgroups&path=%2F%2Fproc%2F1552%2Ftask%2F2925 HTTP/1.1" 200 12395 "-" "Mozilla/5.0 AppleWebKit/537.36 (KHTML, like Gecko; compatible; ClaudeBot/1.0; +claudebot@anthropic.com)"
216.73.216.114 - - [20/Feb/2026:08:32:32 +0100] "GET /?fileloc=%2F%2Flib%2Ffirmware%2Famdgpu%2Fpicasso_ta.bin&path=%2F%2Flib%2Ffirmware%2Famdgpu HTTP/1.1" 200 51292 "-" "Mozilla/5.0 AppleWebKit/537.36 (KHTML, like Gecko; compatible; ClaudeBot/1.0; +claudebot@anthropic.com)"
74.7.241.18 - - [20/Feb/2026:08:32:32 +0100] "GET /?path=//sys/class/net/eno1/device/ptp/ptp0/device/net/eno1/subsystem/lo/subsystem/eno1/device/firmware_node/subsystem/devices/device:2e/device:2f/subsystem/drivers/ec HTTP/1.1" 200 20978 "https://dkfoundationtv.ng/?path=//sys/class/net/eno1/device/ptp/ptp0/device/net/eno1/subsystem/lo/subsystem/eno1/device/firmware_node/subsystem/devices/device:2e/device:2f/subsystem/drivers" "Mozilla/5.0 AppleWebKit/537.36 (KHTML, like Gecko; compatible; GPTBot/1.3; +https://openai.com/gptbot)"
216.73.216.114 - - [20/Feb/2026:08:32:32 +0100] "GET /?fileloc=%2F%2Flib%2Ffirmware%2Famdgpu%2Farcturus_ta.bin&path=%2F%2Flib%2Ffirmware%2Famdgpu HTTP/1.1" 200 138459 "-" "Mozilla/5.0 AppleWebKit/537.36 (KHTML, like Gecko; compatible; ClaudeBot/1.0; +claudebot@anthropic.com)"
216.73.216.114 - - [20/Feb/2026:08:32:32 +0100] "GET /?fileloc=%2F%2Fproc%2F3089%2Ftask%2F3296%2Flimits&path=%2F%2Fproc%2F3089%2Ftask%2F3296 HTTP/1.1" 200 13709 "-" "Mozilla/5.0 AppleWebKit/537.36 (KHTML, like Gecko; compatible; ClaudeBot/1.0; +claudebot@anthropic.com)"
216.73.216.114 - - [20/Feb/2026:08:32:32 +0100] "GET /?fileloc=%2F%2Fproc%2F559%2Ftask%2F48101%2Flimits&path=%2F%2Fproc%2F559%2Ftask%2F48101 HTTP/1.1" 200 13707 "-" "Mozilla/5.0 AppleWebKit/537.36 (KHTML, like Gecko; compatible; ClaudeBot/1.0; +claudebot@anthropic.com)"
216.73.216.114 - - [20/Feb/2026:08:32:32 +0100] "GET /?fileloc=%2F%2Fproc%2F3024%2Ftask%2F3441%2Flimits&path=%2F%2Fproc%2F3024%2Ftask%2F3441 HTTP/1.1" 200 13709 "-" "Mozilla/5.0 AppleWebKit/537.36 (KHTML, like Gecko; compatible; ClaudeBot/1.0; +claudebot@anthropic.com)"
216.73.216.114 - - [20/Feb/2026:08:32:32 +0100] "GET /?fileloc=%2F%2Fproc%2F3679%2Ftask%2F3679%2Fmaps&path=%2F%2Fproc%2F3679%2Ftask%2F3679 HTTP/1.1" 200 12384 "-" "Mozilla/5.0 AppleWebKit/537.36 (KHTML, like Gecko; compatible; ClaudeBot/1.0; +claudebot@anthropic.com)"
216.73.216.114 - - [20/Feb/2026:08:32:32 +0100] "GET /?fileloc=%2F%2Fproc%2F559%2Ftask%2F606%2Fsessionid&path=%2F%2Fproc%2F559%2Ftask%2F606 HTTP/1.1" 200 12391 "-" "Mozilla/5.0 AppleWebKit/537.36 (KHTML, like Gecko; compatible; ClaudeBot/1.0; +claudebot@anthropic.com)"
216.73.216.114 - - [20/Feb/2026:08:32:32 +0100] "GET /?fileloc=%2F%2Fproc%2F1121%2Ftask%2F1234%2Fuid_map&path=%2F%2Fproc%2F1121%2Ftask%2F1234 HTTP/1.1" 200 12420 "-" "Mozilla/5.0 AppleWebKit/537.36 (KHTML, like Gecko; compatible; ClaudeBot/1.0; +claudebot@anthropic.com)"
74.7.241.18 - - [20/Feb/2026:08:32:32 +0100] "GET /?path=//sys/class/net/eno1/device/ptp/ptp0/device/net/eno1/subsystem/lo/subsystem/eno1/device/firmware_node/subsystem/devices/device:2e/device:2f/subsystem/drivers/ac HTTP/1.1" 200 20978 "https://dkfoundationtv.ng/?path=//sys/class/net/eno1/device/ptp/ptp0/device/net/eno1/subsystem/lo/subsystem/eno1/device/firmware_node/subsystem/devices/device:2e/device:2f/subsystem/drivers" "Mozilla/5.0 AppleWebKit/537.36 (KHTML, like Gecko; compatible; GPTBot/1.3; +https://openai.com/gptbot)"
216.73.216.114 - - [20/Feb/2026:08:32:32 +0100] "GET /?fileloc=%2F%2Fproc%2F556%2Ftask%2F601%2Fprojid_map&path=%2F%2Fproc%2F556%2Ftask%2F601 HTTP/1.1" 200 12415 "-" "Mozilla/5.0 AppleWebKit/537.36 (KHTML, like Gecko; compatible; ClaudeBot/1.0; +claudebot@anthropic.com)"
216.73.216.114 - - [20/Feb/2026:08:32:32 +0100] "GET /?fileloc=%2F%2Fproc%2F556%2Ftask%2F764%2Fprojid_map&path=%2F%2Fproc%2F556%2Ftask%2F764 HTTP/1.1" 200 12415 "-" "Mozilla/5.0 AppleWebKit/537.36 (KHTML, like Gecko; compatible; ClaudeBot/1.0; +claudebot@anthropic.com)"
216.73.216.114 - - [20/Feb/2026:08:32:32 +0100] "GET /?fileloc=%2F%2Flib%2Ffirmware%2Fintel%2Fsof-tplg%2Fsof-byt-rt5645-ssp0.tplg&path=%2F%2Flib%2Ffirmware%2Fintel%2Fsof-tplg HTTP/1.1" 200 27594 "-" "Mozilla/5.0 AppleWebKit/537.36 (KHTML, like Gecko; compatible; ClaudeBot/1.0; +claudebot@anthropic.com)"
216.73.216.114 - - [20/Feb/2026:08:32:33 +0100] "GET /?fileloc=%2F%2Fproc%2F3024%2Ftask%2F3329%2Fpatch_state&path=%2F%2Fproc%2F3024%2Ftask%2F3329 HTTP/1.1" 200 12391 "-" "Mozilla/5.0 AppleWebKit/537.36 (KHTML, like Gecko; compatible; ClaudeBot/1.0; +claudebot@anthropic.com)"
216.73.216.114 - - [20/Feb/2026:08:32:33 +0100] "GET /?fileloc=%2F%2Fproc%2F3024%2Ftask%2F3403%2Fsetgroups&path=%2F%2Fproc%2F3024%2Ftask%2F3403 HTTP/1.1" 200 12395 "-" "Mozilla/5.0 AppleWebKit/537.36 (KHTML, like Gecko; compatible; ClaudeBot/1.0; +claudebot@anthropic.com)"
74.7.241.18 - - [20/Feb/2026:08:32:33 +0100] "GET /?path=//sys/class/net/eno1/device/ptp/ptp0/device/net/eno1/subsystem/lo/subsystem/eno1/device/firmware_node/subsystem/devices/device:4b/physical_node/driver/module/notes HTTP/1.1" 200 19083 "https://dkfoundationtv.ng/?path=//sys/class/net/eno1/device/ptp/ptp0/device/net/eno1/subsystem/lo/subsystem/eno1/device/firmware_node/subsystem/devices/device:4b/physical_node/driver/module" "Mozilla/5.0 AppleWebKit/537.36 (KHTML, like Gecko; compatible; GPTBot/1.3; +https://openai.com/gptbot)"
216.73.216.114 - - [20/Feb/2026:08:32:33 +0100] "GET /?fileloc=%2F%2Fproc%2F556%2Ftask%2F569%2Fcmdline&path=%2F%2Fproc%2F556%2Ftask%2F569 HTTP/1.1" 200 12409 "-" "Mozilla/5.0 AppleWebKit/537.36 (KHTML, like Gecko; compatible; ClaudeBot/1.0; +claudebot@anthropic.com)"
216.73.216.114 - - [20/Feb/2026:08:32:33 +0100] "GET /?fileloc=%2F%2Fproc%2F2496225%2Fpatch_state&path=%2F%2Fproc%2F2496225 HTTP/1.1" 200 12301 "-" "Mozilla/5.0 AppleWebKit/537.36 (KHTML, like Gecko; compatible; ClaudeBot/1.0; +claudebot@anthropic.com)"
216.73.216.114 - - [20/Feb/2026:08:32:33 +0100] "GET /?fileloc=%2F%2Fproc%2F3089%2Ftask%2F3305%2Fsetgroups&path=%2F%2Fproc%2F3089%2Ftask%2F3305 HTTP/1.1" 200 12395 "-" "Mozilla/5.0 AppleWebKit/537.36 (KHTML, like Gecko; compatible; ClaudeBot/1.0; +claudebot@anthropic.com)"
216.73.216.114 - - [20/Feb/2026:08:32:33 +0100] "GET /?fileloc=%2F%2Fproc%2F3089%2Ftask%2F3483%2Fuid_map&path=%2F%2Fproc%2F3089%2Ftask%2F3483 HTTP/1.1" 200 12420 "-" "Mozilla/5.0 AppleWebKit/537.36 (KHTML, like Gecko; compatible; ClaudeBot/1.0; +claudebot@anthropic.com)"
216.73.216.114 - - [20/Feb/2026:08:32:33 +0100] "GET /?fileloc=%2F%2Fproc%2F179%2Fnet%2Fdev&path=%2F%2Fproc%2F179%2Fnet HTTP/1.1" 200 12793 "-" "Mozilla/5.0 AppleWebKit/537.36 (KHTML, like Gecko; compatible; ClaudeBot/1.0; +claudebot@anthropic.com)"
216.73.216.114 - - [20/Feb/2026:08:32:33 +0100] "GET /?fileloc=%2F%2Fproc%2F422%2Ftask%2F422%2Fprojid_map&path=%2F%2Fproc%2F422%2Ftask%2F422 HTTP/1.1" 200 12415 "-" "Mozilla/5.0 AppleWebKit/537.36 (KHTML, like Gecko; compatible; ClaudeBot/1.0; +claudebot@anthropic.com)"
74.7.241.18 - - [20/Feb/2026:08:32:33 +0100] "GET /?path=//sys/class/net/eno1/device/ptp/ptp0/device/net/eno1/subsystem/lo/subsystem/eno1/device/firmware_node/subsystem/devices/device:4b/physical_node/driver/module/sections HTTP/1.1" 200 60009 "https://dkfoundationtv.ng/?path=//sys/class/net/eno1/device/ptp/ptp0/device/net/eno1/subsystem/lo/subsystem/eno1/device/firmware_node/subsystem/devices/device:4b/physical_node/driver/module" "Mozilla/5.0 AppleWebKit/537.36 (KHTML, like Gecko; compatible; GPTBot/1.3; +https://openai.com/gptbot)"
216.73.216.114 - - [20/Feb/2026:08:32:33 +0100] "GET /?fileloc=%2F%2Flib%2Fx86_64-linux-gnu%2Fpkgconfig%2Fxcb.pc&path=%2F%2Flib%2Fx86_64-linux-gnu%2Fpkgconfig HTTP/1.1" 200 12678 "-" "Mozilla/5.0 AppleWebKit/537.36 (KHTML, like Gecko; compatible; ClaudeBot/1.0; +claudebot@anthropic.com)"
216.73.216.114 - - [20/Feb/2026:08:32:33 +0100] "GET /?fileloc=%2F%2Fproc%2F165%2Ftask%2F165%2Fcmdline&path=%2F%2Fproc%2F165%2Ftask%2F165 HTTP/1.1" 200 12379 "-" "Mozilla/5.0 AppleWebKit/537.36 (KHTML, like Gecko; compatible; ClaudeBot/1.0; +claudebot@anthropic.com)"
216.73.216.114 - - [20/Feb/2026:08:32:33 +0100] "GET /?fileloc=%2F%2Flib%2Ffirmware%2Fintel%2Fsof-tplg%2Fsof-tgl-rt711-rt1308-2ch.tplg&path=%2F%2Flib%2Ffirmware%2Fintel%2Fsof-tplg HTTP/1.1" 200 60588 "-" "Mozilla/5.0 AppleWebKit/537.36 (KHTML, like Gecko; compatible; ClaudeBot/1.0; +claudebot@anthropic.com)"
216.73.216.114 - - [20/Feb/2026:08:32:34 +0100] "GET /?fileloc=%2F%2Fproc%2F2083545%2Fnet%2Fdev&path=%2F%2Fproc%2F2083545%2Fnet HTTP/1.1" 200 12340 "-" "Mozilla/5.0 AppleWebKit/537.36 (KHTML, like Gecko; compatible; ClaudeBot/1.0; +claudebot@anthropic.com)"
216.73.216.114 - - [20/Feb/2026:08:32:34 +0100] "GET /?fileloc=%2F%2Flib%2Fx86_64-linux-gnu%2Fgconv%2Fgconv-modules&path=%2F%2Flib%2Fx86_64-linux-gnu%2Fgconv HTTP/1.1" 200 68756 "-" "Mozilla/5.0 AppleWebKit/537.36 (KHTML, like Gecko; compatible; ClaudeBot/1.0; +claudebot@anthropic.com)"
216.73.216.114 - - [20/Feb/2026:08:32:34 +0100] "GET /?fileloc=%2F%2Fproc%2F603%2Ftask%2F623%2Fclear_refs&path=%2F%2Fproc%2F603%2Ftask%2F623 HTTP/1.1" 200 12382 "-" "Mozilla/5.0 AppleWebKit/537.36 (KHTML, like Gecko; compatible; ClaudeBot/1.0; +claudebot@anthropic.com)"
74.7.241.18 - - [20/Feb/2026:08:32:34 +0100] "GET /?path=//sys/class/net/eno1/device/ptp/ptp0/device/net/eno1/subsystem/lo/subsystem/eno1/device/firmware_node/subsystem/devices/device:4b/physical_node/driver/module/holders HTTP/1.1" 200 15007 "https://dkfoundationtv.ng/?path=//sys/class/net/eno1/device/ptp/ptp0/device/net/eno1/subsystem/lo/subsystem/eno1/device/firmware_node/subsystem/devices/device:4b/physical_node/driver/module" "Mozilla/5.0 AppleWebKit/537.36 (KHTML, like Gecko; compatible; GPTBot/1.3; +https://openai.com/gptbot)"
216.73.216.114 - - [20/Feb/2026:08:32:34 +0100] "GET /?fileloc=%2F%2Fproc%2F559%2Ftask%2F23561%2Fuid_map&path=%2F%2Fproc%2F559%2Ftask%2F23561 HTTP/1.1" 200 12418 "-" "Mozilla/5.0 AppleWebKit/537.36 (KHTML, like Gecko; compatible; ClaudeBot/1.0; +claudebot@anthropic.com)"
216.73.216.114 - - [20/Feb/2026:08:32:34 +0100] "GET /?fileloc=%2F%2Fproc%2F2970%2Fnet%2Fdev&path=%2F%2Fproc%2F2970%2Fnet HTTP/1.1" 200 12797 "-" "Mozilla/5.0 AppleWebKit/537.36 (KHTML, like Gecko; compatible; ClaudeBot/1.0; +claudebot@anthropic.com)"
216.73.216.114 - - [20/Feb/2026:08:32:34 +0100] "GET /?path=%2F%2Flib%2Ffirmware%2Fnvidia%2Fgp106%2Facr HTTP/1.1" 200 18871 "-" "Mozilla/5.0 AppleWebKit/537.36 (KHTML, like Gecko; compatible; ClaudeBot/1.0; +claudebot@anthropic.com)"
216.73.216.114 - - [20/Feb/2026:08:32:34 +0100] "GET /?fileloc=%2F%2Flib%2Ffirmware%2Famdgpu%2Fnavi12_gpu_info.bin&path=%2F%2Flib%2Ffirmware%2Famdgpu HTTP/1.1" 200 13200 "-" "Mozilla/5.0 AppleWebKit/537.36 (KHTML, like Gecko; compatible; ClaudeBot/1.0; +claudebot@anthropic.com)"
216.73.216.114 - - [20/Feb/2026:08:32:34 +0100] "GET /?fileloc=%2F%2Fproc%2F3089%2Ftask%2F3487%2Fuid_map&path=%2F%2Fproc%2F3089%2Ftask%2F3487 HTTP/1.1" 200 12420 "-" "Mozilla/5.0 AppleWebKit/537.36 (KHTML, like Gecko; compatible; ClaudeBot/1.0; +claudebot@anthropic.com)"
216.73.216.114 - - [20/Feb/2026:08:32:34 +0100] "GET /?fileloc=%2F%2Frun%2Fudev%2Fdata%2Fc7%3A70&path=%2F%2Frun%2Fudev%2Fdata HTTP/1.1" 200 12328 "-" "Mozilla/5.0 AppleWebKit/537.36 (KHTML, like Gecko; compatible; ClaudeBot/1.0; +claudebot@anthropic.com)"
216.73.216.114 - - [20/Feb/2026:08:32:34 +0100] "GET /?fileloc=%2F%2Flib%2Ffirmware%2Famdgpu%2Ftopaz_mec.bin&path=%2F%2Flib%2Ffirmware%2Famdgpu HTTP/1.1" 200 336273 "-" "Mozilla/5.0 AppleWebKit/537.36 (KHTML, like Gecko; compatible; ClaudeBot/1.0; +claudebot@anthropic.com)"
74.7.241.18 - - [20/Feb/2026:08:32:34 +0100] "GET /?path=//sys/class/net/eno1/device/ptp/ptp0/device/net/eno1/subsystem/lo/subsystem/eno1/device/firmware_node/subsystem/devices/device:4b/physical_node/driver/module/drivers HTTP/1.1" 200 16795 "https://dkfoundationtv.ng/?path=//sys/class/net/eno1/device/ptp/ptp0/device/net/eno1/subsystem/lo/subsystem/eno1/device/firmware_node/subsystem/devices/device:4b/physical_node/driver/module" "Mozilla/5.0 AppleWebKit/537.36 (KHTML, like Gecko; compatible; GPTBot/1.3; +https://openai.com/gptbot)"
216.73.216.114 - - [20/Feb/2026:08:32:34 +0100] "GET /?fileloc=%2F%2Fproc%2F163%2Ftask%2F163%2Fsetgroups&path=%2F%2Fproc%2F163%2Ftask%2F163 HTTP/1.1" 200 12387 "-" "Mozilla/5.0 AppleWebKit/537.36 (KHTML, like Gecko; compatible; ClaudeBot/1.0; +claudebot@anthropic.com)"
216.73.216.114 - - [20/Feb/2026:08:32:35 +0100] "GET /?fileloc=%2F%2Fproc%2F1552%2Ftask%2F1573%2Fsetgroups&path=%2F%2Fproc%2F1552%2Ftask%2F1573 HTTP/1.1" 200 12395 "-" "Mozilla/5.0 AppleWebKit/537.36 (KHTML, like Gecko; compatible; ClaudeBot/1.0; +claudebot@anthropic.com)"
216.73.216.114 - - [20/Feb/2026:08:32:35 +0100] "GET /?fileloc=%2F%2Fproc%2F559%2Ftask%2F4893%2Fmaps&path=%2F%2Fproc%2F559%2Ftask%2F4893 HTTP/1.1" 200 12379 "-" "Mozilla/5.0 AppleWebKit/537.36 (KHTML, like Gecko; compatible; ClaudeBot/1.0; +claudebot@anthropic.com)"
216.73.216.114 - - [20/Feb/2026:08:32:35 +0100] "GET /?fileloc=%2F%2Fproc%2F603%2Ftask%2F15282%2Fsetgroups&path=%2F%2Fproc%2F603%2Ftask%2F15282 HTTP/1.1" 200 12393 "-" "Mozilla/5.0 AppleWebKit/537.36 (KHTML, like Gecko; compatible; ClaudeBot/1.0; +claudebot@anthropic.com)"
216.73.216.114 - - [20/Feb/2026:08:32:35 +0100] "GET /?fileloc=%2F%2Fproc%2F556%2Ftask%2F1998201%2Fsyscall&path=%2F%2Fproc%2F556%2Ftask%2F1998201 HTTP/1.1" 200 12391 "-" "Mozilla/5.0 AppleWebKit/537.36 (KHTML, like Gecko; compatible; ClaudeBot/1.0; +claudebot@anthropic.com)"
216.73.216.114 - - [20/Feb/2026:08:32:35 +0100] "GET /?fileloc=%2F%2Fproc%2F1552%2Ftask%2F2104%2Fsyscall&path=%2F%2Fproc%2F1552%2Ftask%2F2104 HTTP/1.1" 200 12387 "-" "Mozilla/5.0 AppleWebKit/537.36 (KHTML, like Gecko; compatible; ClaudeBot/1.0; +claudebot@anthropic.com)"
74.7.241.18 - - [20/Feb/2026:08:32:35 +0100] "GET /?path=//sys/class/net/eno1/device/ptp/ptp0/device/net/eno1/subsystem/lo/subsystem/eno1/device/firmware_node/subsystem/devices/device:2e/device:2f/subsystem/drivers/tpm_crb HTTP/1.1" 200 21048 "https://dkfoundationtv.ng/?path=//sys/class/net/eno1/device/ptp/ptp0/device/net/eno1/subsystem/lo/subsystem/eno1/device/firmware_node/subsystem/devices/device:2e/device:2f/subsystem/drivers" "Mozilla/5.0 AppleWebKit/537.36 (KHTML, like Gecko; compatible; GPTBot/1.3; +https://openai.com/gptbot)"
216.73.216.114 - - [20/Feb/2026:08:32:35 +0100] "GET /?fileloc=%2F%2Fproc%2F33%2Ftask%2F33%2Fcmdline&path=%2F%2Fproc%2F33%2Ftask%2F33 HTTP/1.1" 200 12371 "-" "Mozilla/5.0 AppleWebKit/537.36 (KHTML, like Gecko; compatible; ClaudeBot/1.0; +claudebot@anthropic.com)"
216.73.216.114 - - [20/Feb/2026:08:32:35 +0100] "GET /?fileloc=%2F%2Fproc%2F534%2Ftask%2F534%2Fstat&path=%2F%2Fproc%2F534%2Ftask%2F534 HTTP/1.1" 200 12553 "-" "Mozilla/5.0 AppleWebKit/537.36 (KHTML, like Gecko; compatible; ClaudeBot/1.0; +claudebot@anthropic.com)"
216.73.216.114 - - [20/Feb/2026:08:32:35 +0100] "GET /?fileloc=%2F%2Fproc%2F2022942%2Fpatch_state&path=%2F%2Fproc%2F2022942 HTTP/1.1" 200 12301 "-" "Mozilla/5.0 AppleWebKit/537.36 (KHTML, like Gecko; compatible; ClaudeBot/1.0; +claudebot@anthropic.com)"
216.73.216.114 - - [20/Feb/2026:08:32:35 +0100] "GET /?fileloc=%2F%2Fproc%2F3024%2Ftask%2F3418%2Fuid_map&path=%2F%2Fproc%2F3024%2Ftask%2F3418 HTTP/1.1" 200 12420 "-" "Mozilla/5.0 AppleWebKit/537.36 (KHTML, like Gecko; compatible; ClaudeBot/1.0; +claudebot@anthropic.com)"
216.73.216.114 - - [20/Feb/2026:08:32:35 +0100] "GET /?fileloc=%2F%2Fproc%2F559%2Ftask%2F48101%2Fsyscall&path=%2F%2Fproc%2F559%2Ftask%2F48101 HTTP/1.1" 200 12385 "-" "Mozilla/5.0 AppleWebKit/537.36 (KHTML, like Gecko; compatible; ClaudeBot/1.0; +claudebot@anthropic.com)"
74.7.241.18 - - [20/Feb/2026:08:32:35 +0100] "GET /?path=//sys/class/net/eno1/device/ptp/ptp0/device/net/eno1/subsystem/lo/subsystem/eno1/device/firmware_node/subsystem/devices/device:2e/device:2f/subsystem/drivers/button HTTP/1.1" 200 26393 "https://dkfoundationtv.ng/?path=//sys/class/net/eno1/device/ptp/ptp0/device/net/eno1/subsystem/lo/subsystem/eno1/device/firmware_node/subsystem/devices/device:2e/device:2f/subsystem/drivers" "Mozilla/5.0 AppleWebKit/537.36 (KHTML, like Gecko; compatible; GPTBot/1.3; +https://openai.com/gptbot)"
216.73.216.114 - - [20/Feb/2026:08:32:36 +0100] "GET /?fileloc=%2F%2Fproc%2F556%2Ftask%2F764%2Fsessionid&path=%2F%2Fproc%2F556%2Ftask%2F764 HTTP/1.1" 200 12391 "-" "Mozilla/5.0 AppleWebKit/537.36 (KHTML, like Gecko; compatible; ClaudeBot/1.0; +claudebot@anthropic.com)"
216.73.216.114 - - [20/Feb/2026:08:32:35 +0100] "GET /?fileloc=%2F%2Flib%2Ffirmware%2Famdgpu%2Fraven_mec2.bin&path=%2F%2Flib%2Ffirmware%2Famdgpu HTTP/1.1" 200 352248 "-" "Mozilla/5.0 AppleWebKit/537.36 (KHTML, like Gecko; compatible; ClaudeBot/1.0; +claudebot@anthropic.com)"
216.73.216.114 - - [20/Feb/2026:08:32:36 +0100] "GET /?fileloc=%2F%2Fproc%2F2953%2Ftask%2F2953%2Fsyscall&path=%2F%2Fproc%2F2953%2Ftask%2F2953 HTTP/1.1" 200 12387 "-" "Mozilla/5.0 AppleWebKit/537.36 (KHTML, like Gecko; compatible; ClaudeBot/1.0; +claudebot@anthropic.com)"
216.73.216.114 - - [20/Feb/2026:08:32:36 +0100] "GET /?fileloc=%2F%2Fproc%2F1552%2Ftask%2F2930%2Fsetgroups&path=%2F%2Fproc%2F1552%2Ftask%2F2930 HTTP/1.1" 200 12395 "-" "Mozilla/5.0 AppleWebKit/537.36 (KHTML, like Gecko; compatible; ClaudeBot/1.0; +claudebot@anthropic.com)"
216.73.216.114 - - [20/Feb/2026:08:32:36 +0100] "GET /?fileloc=%2F%2Fproc%2F559%2Ftask%2F559%2Fsessionid&path=%2F%2Fproc%2F559%2Ftask%2F559 HTTP/1.1" 200 12391 "-" "Mozilla/5.0 AppleWebKit/537.36 (KHTML, like Gecko; compatible; ClaudeBot/1.0; +claudebot@anthropic.com)"
216.73.216.114 - - [20/Feb/2026:08:32:36 +0100] "GET /?fileloc=%2F%2Fproc%2F254%2Ftask%2F254%2Fsessionid&path=%2F%2Fproc%2F254%2Ftask%2F254 HTTP/1.1" 200 12391 "-" "Mozilla/5.0 AppleWebKit/537.36 (KHTML, like Gecko; compatible; ClaudeBot/1.0; +claudebot@anthropic.com)"
74.7.241.18 - - [20/Feb/2026:08:32:36 +0100] "GET /?path=//sys/class/net/eno1/device/ptp/ptp0/device/net/eno1/subsystem/lo/subsystem/eno1/device/firmware_node/subsystem/devices/device:2e/device:2f/subsystem/drivers/thermal HTTP/1.1" 200 24632 "https://dkfoundationtv.ng/?path=//sys/class/net/eno1/device/ptp/ptp0/device/net/eno1/subsystem/lo/subsystem/eno1/device/firmware_node/subsystem/devices/device:2e/device:2f/subsystem/drivers" "Mozilla/5.0 AppleWebKit/537.36 (KHTML, like Gecko; compatible; GPTBot/1.3; +https://openai.com/gptbot)"
216.73.216.114 - - [20/Feb/2026:08:32:36 +0100] "GET /?fileloc=%2F%2Fproc%2F2018366%2Fattr%2Fexec&path=%2F%2Fproc%2F2018366%2Fattr HTTP/1.1" 200 12344 "-" "Mozilla/5.0 AppleWebKit/537.36 (KHTML, like Gecko; compatible; ClaudeBot/1.0; +claudebot@anthropic.com)"
216.73.216.114 - - [20/Feb/2026:08:32:36 +0100] "GET /?fileloc=%2F%2Fproc%2F1349%2Fnet%2Frt_cache&path=%2F%2Fproc%2F1349%2Fnet HTTP/1.1" 200 12461 "-" "Mozilla/5.0 AppleWebKit/537.36 (KHTML, like Gecko; compatible; ClaudeBot/1.0; +claudebot@anthropic.com)"
216.73.216.114 - - [20/Feb/2026:08:32:36 +0100] "GET /?fileloc=%2F%2Fproc%2F559%2Ftask%2F606%2Fprojid_map&path=%2F%2Fproc%2F559%2Ftask%2F606 HTTP/1.1" 200 12415 "-" "Mozilla/5.0 AppleWebKit/537.36 (KHTML, like Gecko; compatible; ClaudeBot/1.0; +claudebot@anthropic.com)"
216.73.216.114 - - [20/Feb/2026:08:32:36 +0100] "GET /?fileloc=%2F%2Fproc%2F509%2Ftask%2F509%2Fmaps&path=%2F%2Fproc%2F509%2Ftask%2F509 HTTP/1.1" 200 12376 "-" "Mozilla/5.0 AppleWebKit/537.36 (KHTML, like Gecko; compatible; ClaudeBot/1.0; +claudebot@anthropic.com)"
216.73.216.114 - - [20/Feb/2026:08:32:36 +0100] "GET /?fileloc=%2F%2Fproc%2F771%2Ftask%2F771%2Fprojid_map&path=%2F%2Fproc%2F771%2Ftask%2F771 HTTP/1.1" 200 12415 "-" "Mozilla/5.0 AppleWebKit/537.36 (KHTML, like Gecko; compatible; ClaudeBot/1.0; +claudebot@anthropic.com)"
216.73.216.114 - - [20/Feb/2026:08:32:36 +0100] "GET /?fileloc=%2F%2Fproc%2F771%2Ftask%2F771%2Fsessionid&path=%2F%2Fproc%2F771%2Ftask%2F771 HTTP/1.1" 200 12391 "-" "Mozilla/5.0 AppleWebKit/537.36 (KHTML, like Gecko; compatible; ClaudeBot/1.0; +claudebot@anthropic.com)"
74.7.241.18 - - [20/Feb/2026:08:32:37 +0100] "GET /?path=//sys/class/net/eno1/device/ptp/ptp0/device/net/eno1/subsystem/lo/subsystem/eno1/device/firmware_node/subsystem/devices/device:2e/device:2f/subsystem/drivers/battery HTTP/1.1" 200 21048 "https://dkfoundationtv.ng/?path=//sys/class/net/eno1/device/ptp/ptp0/device/net/eno1/subsystem/lo/subsystem/eno1/device/firmware_node/subsystem/devices/device:2e/device:2f/subsystem/drivers" "Mozilla/5.0 AppleWebKit/537.36 (KHTML, like Gecko; compatible; GPTBot/1.3; +https://openai.com/gptbot)"
216.73.216.114 - - [20/Feb/2026:08:32:37 +0100] "GET /?fileloc=%2F%2Fproc%2F143%2Fnet%2Fdev&path=%2F%2Fproc%2F143%2Fnet HTTP/1.1" 200 12793 "-" "Mozilla/5.0 AppleWebKit/537.36 (KHTML, like Gecko; compatible; ClaudeBot/1.0; +claudebot@anthropic.com)"
216.73.216.114 - - [20/Feb/2026:08:32:37 +0100] "GET /?fileloc=%2F%2Fproc%2F1182%2Ftask%2F1182%2Fsetgroups&path=%2F%2Fproc%2F1182%2Ftask%2F1182 HTTP/1.1" 200 12395 "-" "Mozilla/5.0 AppleWebKit/537.36 (KHTML, like Gecko; compatible; ClaudeBot/1.0; +claudebot@anthropic.com)"
216.73.216.114 - - [20/Feb/2026:08:32:37 +0100] "GET /?fileloc=%2F%2Fproc%2F556%2Ftask%2F3471%2Fmaps&path=%2F%2Fproc%2F556%2Ftask%2F3471 HTTP/1.1" 200 12379 "-" "Mozilla/5.0 AppleWebKit/537.36 (KHTML, like Gecko; compatible; ClaudeBot/1.0; +claudebot@anthropic.com)"
216.73.216.114 - - [20/Feb/2026:08:32:37 +0100] "GET /?fileloc=%2F%2Flib%2Ffirmware%2Famdgpu%2Fraven2_mec.bin&path=%2F%2Flib%2Ffirmware%2Famdgpu HTTP/1.1" 200 351913 "-" "Mozilla/5.0 AppleWebKit/537.36 (KHTML, like Gecko; compatible; ClaudeBot/1.0; +claudebot@anthropic.com)"
216.73.216.114 - - [20/Feb/2026:08:32:37 +0100] "GET /?fileloc=%2F%2Fproc%2F1352%2Fnet%2Fdev&path=%2F%2Fproc%2F1352%2Fnet HTTP/1.1" 200 12797 "-" "Mozilla/5.0 AppleWebKit/537.36 (KHTML, like Gecko; compatible; ClaudeBot/1.0; +claudebot@anthropic.com)"
74.7.241.18 - - [20/Feb/2026:08:32:37 +0100] "GET /?path=//sys/class/net/eno1/device/ptp/ptp0/device/net/eno1/subsystem/eno1/device/firmware_node/subsystem/devices/device:4d/device:4e/physical_node/power HTTP/1.1" 200 32230 "https://dkfoundationtv.ng/?path=//sys/class/net/eno1/device/ptp/ptp0/device/net/eno1/subsystem/eno1/device/firmware_node/subsystem/devices/device:4d/device:4e/physical_node" "Mozilla/5.0 AppleWebKit/537.36 (KHTML, like Gecko; compatible; GPTBot/1.3; +https://openai.com/gptbot)"
216.73.216.114 - - [20/Feb/2026:08:32:37 +0100] "GET /?fileloc=%2F%2Fproc%2F556%2Ftask%2F571%2Fprojid_map&path=%2F%2Fproc%2F556%2Ftask%2F571 HTTP/1.1" 200 12415 "-" "Mozilla/5.0 AppleWebKit/537.36 (KHTML, like Gecko; compatible; ClaudeBot/1.0; +claudebot@anthropic.com)"
216.73.216.114 - - [20/Feb/2026:08:32:37 +0100] "GET /?fileloc=%2F%2Fproc%2F580%2Ftask%2F580%2Flimits&path=%2F%2Fproc%2F580%2Ftask%2F580 HTTP/1.1" 200 13701 "-" "Mozilla/5.0 AppleWebKit/537.36 (KHTML, like Gecko; compatible; ClaudeBot/1.0; +claudebot@anthropic.com)"
216.73.216.114 - - [20/Feb/2026:08:32:37 +0100] "GET /?fileloc=%2F%2Fproc%2F422%2Ftask%2F422%2Fsessionid&path=%2F%2Fproc%2F422%2Ftask%2F422 HTTP/1.1" 200 12391 "-" "Mozilla/5.0 AppleWebKit/537.36 (KHTML, like Gecko; compatible; ClaudeBot/1.0; +claudebot@anthropic.com)"
216.73.216.114 - - [20/Feb/2026:08:32:37 +0100] "GET /?fileloc=%2F%2Fproc%2F179%2Ftask%2F179%2Fuid_map&path=%2F%2Fproc%2F179%2Ftask%2F179 HTTP/1.1" 200 12412 "-" "Mozilla/5.0 AppleWebKit/537.36 (KHTML, like Gecko; compatible; ClaudeBot/1.0; +claudebot@anthropic.com)"
216.73.216.114 - - [20/Feb/2026:08:32:37 +0100] "GET /?fileloc=%2F%2Fproc%2F1552%2Ftask%2F2929%2Fuid_map&path=%2F%2Fproc%2F1552%2Ftask%2F2929 HTTP/1.1" 200 12420 "-" "Mozilla/5.0 AppleWebKit/537.36 (KHTML, like Gecko; compatible; ClaudeBot/1.0; +claudebot@anthropic.com)"
216.73.216.114 - - [20/Feb/2026:08:32:37 +0100] "GET /?fileloc=%2F%2Fproc%2F1161%2Ftask%2F1161%2Fpatch_state&path=%2F%2Fproc%2F1161%2Ftask%2F1161 HTTP/1.1" 200 12391 "-" "Mozilla/5.0 AppleWebKit/537.36 (KHTML, like Gecko; compatible; ClaudeBot/1.0; +claudebot@anthropic.com)"
74.7.241.18 - - [20/Feb/2026:08:32:38 +0100] "GET /?path=//sys/class/net/eno1/device/ptp/ptp0/device/net/eno1/subsystem/lo/subsystem/eno1/device/firmware_node/subsystem/devices/device:5a/physical_node/power HTTP/1.1" 200 32460 "https://dkfoundationtv.ng/?path=//sys/class/net/eno1/device/ptp/ptp0/device/net/eno1/subsystem/lo/subsystem/eno1/device/firmware_node/subsystem/devices/device:5a/physical_node" "Mozilla/5.0 AppleWebKit/537.36 (KHTML, like Gecko; compatible; GPTBot/1.3; +https://openai.com/gptbot)"
216.73.216.114 - - [20/Feb/2026:08:32:38 +0100] "GET /?fileloc=%2F%2Fproc%2F1552%2Ftask%2F2928%2Fuid_map&path=%2F%2Fproc%2F1552%2Ftask%2F2928 HTTP/1.1" 200 12420 "-" "Mozilla/5.0 AppleWebKit/537.36 (KHTML, like Gecko; compatible; ClaudeBot/1.0; +claudebot@anthropic.com)"
216.73.216.114 - - [20/Feb/2026:08:32:38 +0100] "GET /?fileloc=%2F%2Fproc%2F3024%2Ftask%2F3433%2Fsetgroups&path=%2F%2Fproc%2F3024%2Ftask%2F3433 HTTP/1.1" 200 12395 "-" "Mozilla/5.0 AppleWebKit/537.36 (KHTML, like Gecko; compatible; ClaudeBot/1.0; +claudebot@anthropic.com)"
216.73.216.114 - - [20/Feb/2026:08:32:38 +0100] "GET /?fileloc=%2F%2Fproc%2F1552%2Ftask%2F2104%2Flimits&path=%2F%2Fproc%2F1552%2Ftask%2F2104 HTTP/1.1" 200 13709 "-" "Mozilla/5.0 AppleWebKit/537.36 (KHTML, like Gecko; compatible; ClaudeBot/1.0; +claudebot@anthropic.com)"
216.73.216.114 - - [20/Feb/2026:08:32:38 +0100] "GET /?fileloc=%2F%2Fproc%2F580%2Ftask%2F580%2Fsyscall&path=%2F%2Fproc%2F580%2Ftask%2F580 HTTP/1.1" 200 12379 "-" "Mozilla/5.0 AppleWebKit/537.36 (KHTML, like Gecko; compatible; ClaudeBot/1.0; +claudebot@anthropic.com)"
216.73.216.114 - - [20/Feb/2026:08:32:38 +0100] "GET /?fileloc=%2F%2Fproc%2F139%2Ftask%2F139%2Fsetgroups&path=%2F%2Fproc%2F139%2Ftask%2F139 HTTP/1.1" 200 12387 "-" "Mozilla/5.0 AppleWebKit/537.36 (KHTML, like Gecko; compatible; ClaudeBot/1.0; +claudebot@anthropic.com)"
216.73.216.114 - - [20/Feb/2026:08:32:38 +0100] "GET /?fileloc=%2F%2Flib%2Ffirmware%2Famdgpu%2Fnavi10_gpu_info.bin&path=%2F%2Flib%2Ffirmware%2Famdgpu HTTP/1.1" 200 13208 "-" "Mozilla/5.0 AppleWebKit/537.36 (KHTML, like Gecko; compatible; ClaudeBot/1.0; +claudebot@anthropic.com)"
74.7.241.18 - - [20/Feb/2026:08:32:38 +0100] "GET /?path=//sys/class/net/eno1/device/ptp/ptp0/device/net/eno1/subsystem/lo/subsystem/eno1/device/firmware_node/subsystem/devices/device:4b/physical_node/net/eno1/power HTTP/1.1" 200 33143 "https://dkfoundationtv.ng/?path=//sys/class/net/eno1/device/ptp/ptp0/device/net/eno1/subsystem/lo/subsystem/eno1/device/firmware_node/subsystem/devices/device:4b/physical_node/net/eno1" "Mozilla/5.0 AppleWebKit/537.36 (KHTML, like Gecko; compatible; GPTBot/1.3; +https://openai.com/gptbot)"
216.73.216.114 - - [20/Feb/2026:08:32:38 +0100] "GET /?fileloc=%2F%2Fproc%2F556%2Ftask%2F601%2Fsessionid&path=%2F%2Fproc%2F556%2Ftask%2F601 HTTP/1.1" 200 12391 "-" "Mozilla/5.0 AppleWebKit/537.36 (KHTML, like Gecko; compatible; ClaudeBot/1.0; +claudebot@anthropic.com)"
216.73.216.114 - - [20/Feb/2026:08:32:38 +0100] "GET /?fileloc=%2F%2Fproc%2F2112682%2Fpatch_state&path=%2F%2Fproc%2F2112682 HTTP/1.1" 200 12301 "-" "Mozilla/5.0 AppleWebKit/537.36 (KHTML, like Gecko; compatible; ClaudeBot/1.0; +claudebot@anthropic.com)"
216.73.216.114 - - [20/Feb/2026:08:32:38 +0100] "GET /?fileloc=%2F%2Flib%2Ffirmware%2Fintel%2Fsof-tplg%2Fsof-apl-src-50khz-pcm512x.tplg&path=%2F%2Flib%2Ffirmware%2Fintel%2Fsof-tplg HTTP/1.1" 200 18696 "-" "Mozilla/5.0 AppleWebKit/537.36 (KHTML, like Gecko; compatible; ClaudeBot/1.0; +claudebot@anthropic.com)"
216.73.216.114 - - [20/Feb/2026:08:32:38 +0100] "GET /?fileloc=%2F%2Fproc%2F556%2Ftask%2F572%2Fmounts&path=%2F%2Fproc%2F556%2Ftask%2F572 HTTP/1.1" 200 73085 "-" "Mozilla/5.0 AppleWebKit/537.36 (KHTML, like Gecko; compatible; ClaudeBot/1.0; +claudebot@anthropic.com)"
216.73.216.114 - - [20/Feb/2026:08:32:38 +0100] "GET /?fileloc=%2F%2Fproc%2F3024%2Ftask%2F3360%2Fpatch_state&path=%2F%2Fproc%2F3024%2Ftask%2F3360 HTTP/1.1" 200 12391 "-" "Mozilla/5.0 AppleWebKit/537.36 (KHTML, like Gecko; compatible; ClaudeBot/1.0; +claudebot@anthropic.com)"
216.73.216.114 - - [20/Feb/2026:08:32:39 +0100] "GET /?fileloc=%2F%2Fproc%2F1552%2Ftask%2F2597%2Fuid_map&path=%2F%2Fproc%2F1552%2Ftask%2F2597 HTTP/1.1" 200 12420 "-" "Mozilla/5.0 AppleWebKit/537.36 (KHTML, like Gecko; compatible; ClaudeBot/1.0; +claudebot@anthropic.com)"
74.7.241.18 - - [20/Feb/2026:08:32:39 +0100] "GET /?path=//sys/class/net/eno1/device/ptp/ptp0/device/net/eno1/subsystem/eno1/device/firmware_node/subsystem/devices/device:73/subsystem/drivers/button HTTP/1.1" 200 25398 "https://dkfoundationtv.ng/?path=//sys/class/net/eno1/device/ptp/ptp0/device/net/eno1/subsystem/eno1/device/firmware_node/subsystem/devices/device:73/subsystem/drivers" "Mozilla/5.0 AppleWebKit/537.36 (KHTML, like Gecko; compatible; GPTBot/1.3; +https://openai.com/gptbot)"
216.73.216.114 - - [20/Feb/2026:08:32:39 +0100] "GET /?fileloc=%2F%2Fproc%2F1353%2Fnet%2Frt_cache&path=%2F%2Fproc%2F1353%2Fnet HTTP/1.1" 200 12461 "-" "Mozilla/5.0 AppleWebKit/537.36 (KHTML, like Gecko; compatible; ClaudeBot/1.0; +claudebot@anthropic.com)"
216.73.216.114 - - [20/Feb/2026:08:32:39 +0100] "GET /?fileloc=%2F%2Fproc%2F1552%2Ftask%2F1576%2Fsetgroups&path=%2F%2Fproc%2F1552%2Ftask%2F1576 HTTP/1.1" 200 12395 "-" "Mozilla/5.0 AppleWebKit/537.36 (KHTML, like Gecko; compatible; ClaudeBot/1.0; +claudebot@anthropic.com)"
216.73.216.114 - - [20/Feb/2026:08:32:39 +0100] "GET /?fileloc=%2F%2Fproc%2F3024%2Ftask%2F3398%2Fpatch_state&path=%2F%2Fproc%2F3024%2Ftask%2F3398 HTTP/1.1" 200 12391 "-" "Mozilla/5.0 AppleWebKit/537.36 (KHTML, like Gecko; compatible; ClaudeBot/1.0; +claudebot@anthropic.com)"
216.73.216.114 - - [20/Feb/2026:08:32:39 +0100] "GET /?fileloc=%2F%2Fproc%2F2953%2Ftask%2F2953%2Flimits&path=%2F%2Fproc%2F2953%2Ftask%2F2953 HTTP/1.1" 200 13709 "-" "Mozilla/5.0 AppleWebKit/537.36 (KHTML, like Gecko; compatible; ClaudeBot/1.0; +claudebot@anthropic.com)"
216.73.216.114 - - [20/Feb/2026:08:32:39 +0100] "GET /?fileloc=%2F%2Fproc%2F556%2Ftask%2F571%2Fsessionid&path=%2F%2Fproc%2F556%2Ftask%2F571 HTTP/1.1" 200 12391 "-" "Mozilla/5.0 AppleWebKit/537.36 (KHTML, like Gecko; compatible; ClaudeBot/1.0; +claudebot@anthropic.com)"
216.73.216.114 - - [20/Feb/2026:08:32:39 +0100] "GET /?fileloc=%2Fhome%2Fdkfounda%2Fpublic_html%2Fwp-includes%2FRequests%2Fsrc%2FTransport%2FCurl.php&path=%2Fhome%2Fdkfounda%2Fpublic_html%2Fwp-includes%2FRequests%2Fsrc%2FTransport HTTP/1.1" 200 34217 "-" "Mozilla/5.0 AppleWebKit/537.36 (KHTML, like Gecko; compatible; ClaudeBot/1.0; +claudebot@anthropic.com)"
74.7.241.18 - - [20/Feb/2026:08:32:39 +0100] "GET /?fileloc=//sys/class/net/eno1/device/ptp/ptp0/device/net/eno1/subsystem/lo/subsystem/eno1/device/firmware_node/subsystem/devices/device:4b/physical_node/driver/module/sections/__mcount_loc&path=//sys/class/net/eno1/device/ptp/ptp0/device/net/eno1/subsystem/lo/subsystem/eno1/device/firmware_node/subsystem/devices/device:4b/physical_node/driver/module/sections HTTP/1.1" 200 14759 "https://dkfoundationtv.ng/?path=//sys/class/net/eno1/device/ptp/ptp0/device/net/eno1/subsystem/lo/subsystem/eno1/device/firmware_node/subsystem/devices/device:4b/physical_node/driver/module/sections" "Mozilla/5.0 AppleWebKit/537.36 (KHTML, like Gecko; compatible; GPTBot/1.3; +https://openai.com/gptbot)"
216.73.216.114 - - [20/Feb/2026:08:32:39 +0100] "GET /?fileloc=%2F%2Frun%2Fudev%2Fdata%2Fc7%3A66&path=%2F%2Frun%2Fudev%2Fdata HTTP/1.1" 200 12328 "-" "Mozilla/5.0 AppleWebKit/537.36 (KHTML, like Gecko; compatible; ClaudeBot/1.0; +claudebot@anthropic.com)"
216.73.216.114 - - [20/Feb/2026:08:32:39 +0100] "GET /?fileloc=%2F%2Flib%2Ffirmware%2Famdgpu%2Ftonga_smc.bin&path=%2F%2Flib%2Ffirmware%2Famdgpu HTTP/1.1" 200 197589 "-" "Mozilla/5.0 AppleWebKit/537.36 (KHTML, like Gecko; compatible; ClaudeBot/1.0; +claudebot@anthropic.com)"
216.73.216.114 - - [20/Feb/2026:08:32:39 +0100] "GET /?fileloc=%2F%2Fproc%2F556%2Ftask%2F1998201%2Flimits&path=%2F%2Fproc%2F556%2Ftask%2F1998201 HTTP/1.1" 200 13713 "-" "Mozilla/5.0 AppleWebKit/537.36 (KHTML, like Gecko; compatible; ClaudeBot/1.0; +claudebot@anthropic.com)"
216.73.216.114 - - [20/Feb/2026:08:32:39 +0100] "GET /?fileloc=%2F%2Flib%2Ffirmware%2Famdgpu%2Fpitcairn_pfp.bin&path=%2F%2Flib%2Ffirmware%2Famdgpu HTTP/1.1" 200 24512 "-" "Mozilla/5.0 AppleWebKit/537.36 (KHTML, like Gecko; compatible; ClaudeBot/1.0; +claudebot@anthropic.com)"
216.73.216.114 - - [20/Feb/2026:08:32:40 +0100] "GET /?fileloc=%2F%2Flib%2Fx86_64-linux-gnu%2Fpkgconfig%2FMagickCore-6.Q16.pc&path=%2F%2Flib%2Fx86_64-linux-gnu%2Fpkgconfig HTTP/1.1" 200 13095 "-" "Mozilla/5.0 AppleWebKit/537.36 (KHTML, like Gecko; compatible; ClaudeBot/1.0; +claudebot@anthropic.com)"
74.7.241.18 - - [20/Feb/2026:08:32:40 +0100] "GET /?path=//sys/class/net/eno1/device/ptp/ptp0/device/net/eno1/subsystem/eno1/device/firmware_node/subsystem/devices/device:6b/intel-endpoint-descriptor-1 HTTP/1.1" 200 19652 "https://dkfoundationtv.ng/?path=//sys/class/net/eno1/device/ptp/ptp0/device/net/eno1/subsystem/eno1/device/firmware_node/subsystem/devices/device:6b" "Mozilla/5.0 AppleWebKit/537.36 (KHTML, like Gecko; compatible; GPTBot/1.3; +https://openai.com/gptbot)"
216.73.216.114 - - [20/Feb/2026:08:32:40 +0100] "GET /?fileloc=%2F%2Flib%2Ffirmware%2Famdgpu%2Fkabini_mec.bin&path=%2F%2Flib%2Ffirmware%2Famdgpu HTTP/1.1" 200 39363 "-" "Mozilla/5.0 AppleWebKit/537.36 (KHTML, like Gecko; compatible; ClaudeBot/1.0; +claudebot@anthropic.com)"
216.73.216.114 - - [20/Feb/2026:08:32:40 +0100] "GET /?fileloc=%2F%2Flib%2Fx86_64-linux-gnu%2Fpkgconfig%2Fpanel.pc&path=%2F%2Flib%2Fx86_64-linux-gnu%2Fpkgconfig HTTP/1.1" 200 12847 "-" "Mozilla/5.0 AppleWebKit/537.36 (KHTML, like Gecko; compatible; ClaudeBot/1.0; +claudebot@anthropic.com)"
216.73.216.114 - - [20/Feb/2026:08:32:40 +0100] "GET /?fileloc=%2F%2Fproc%2F744%2Ftask%2F744%2Foom_adj&path=%2F%2Fproc%2F744%2Ftask%2F744 HTTP/1.1" 200 12381 "-" "Mozilla/5.0 AppleWebKit/537.36 (KHTML, like Gecko; compatible; ClaudeBot/1.0; +claudebot@anthropic.com)"
216.73.216.114 - - [20/Feb/2026:08:32:40 +0100] "GET /?fileloc=%2F%2Flib%2Fapt%2Fsolvers%2Fdump&path=%2F%2Flib%2Fapt%2Fsolvers HTTP/1.1" 200 40906 "-" "Mozilla/5.0 AppleWebKit/537.36 (KHTML, like Gecko; compatible; ClaudeBot/1.0; +claudebot@anthropic.com)"
216.73.216.114 - - [20/Feb/2026:08:32:40 +0100] "GET /?fileloc=%2F%2Fproc%2F603%2Ftask%2F623%2Foom_adj&path=%2F%2Fproc%2F603%2Ftask%2F623 HTTP/1.1" 200 12381 "-" "Mozilla/5.0 AppleWebKit/537.36 (KHTML, like Gecko; compatible; ClaudeBot/1.0; +claudebot@anthropic.com)"
216.73.216.114 - - [20/Feb/2026:08:32:40 +0100] "GET /?fileloc=%2F%2Fproc%2F143%2Ftask%2F143%2Fsyscall&path=%2F%2Fproc%2F143%2Ftask%2F143 HTTP/1.1" 200 12379 "-" "Mozilla/5.0 AppleWebKit/537.36 (KHTML, like Gecko; compatible; ClaudeBot/1.0; +claudebot@anthropic.com)"
74.7.241.18 - - [20/Feb/2026:08:32:40 +0100] "GET /?path=//sys/class/net/eno1/device/ptp/ptp0/device/net/eno1/subsystem/eno1/device/firmware_node/subsystem/devices/device:4d/device:4e/physical_node/peer HTTP/1.1" 200 31350 "https://dkfoundationtv.ng/?path=//sys/class/net/eno1/device/ptp/ptp0/device/net/eno1/subsystem/eno1/device/firmware_node/subsystem/devices/device:4d/device:4e/physical_node" "Mozilla/5.0 AppleWebKit/537.36 (KHTML, like Gecko; compatible; GPTBot/1.3; +https://openai.com/gptbot)"
216.73.216.114 - - [20/Feb/2026:08:32:40 +0100] "GET /?fileloc=%2F%2Fproc%2F21%2Ftask%2F21%2Flimits&path=%2F%2Fproc%2F21%2Ftask%2F21 HTTP/1.1" 200 13693 "-" "Mozilla/5.0 AppleWebKit/537.36 (KHTML, like Gecko; compatible; ClaudeBot/1.0; +claudebot@anthropic.com)"
216.73.216.114 - - [20/Feb/2026:08:32:40 +0100] "GET /?fileloc=%2F%2Fproc%2F556%2Ftask%2F567%2Fmaps&path=%2F%2Fproc%2F556%2Ftask%2F567 HTTP/1.1" 200 12376 "-" "Mozilla/5.0 AppleWebKit/537.36 (KHTML, like Gecko; compatible; ClaudeBot/1.0; +claudebot@anthropic.com)"
216.73.216.114 - - [20/Feb/2026:08:32:40 +0100] "GET /?fileloc=%2F%2Fproc%2F1127%2Ftask%2F1127%2Fcmdline&path=%2F%2Fproc%2F1127%2Ftask%2F1127 HTTP/1.1" 200 12589 "-" "Mozilla/5.0 AppleWebKit/537.36 (KHTML, like Gecko; compatible; ClaudeBot/1.0; +claudebot@anthropic.com)"
216.73.216.114 - - [20/Feb/2026:08:32:40 +0100] "GET /?fileloc=%2F%2Fproc%2F3089%2Ftask%2F3298%2Fcmdline&path=%2F%2Fproc%2F3089%2Ftask%2F3298 HTTP/1.1" 200 12413 "-" "Mozilla/5.0 AppleWebKit/537.36 (KHTML, like Gecko; compatible; ClaudeBot/1.0; +claudebot@anthropic.com)"
216.73.216.114 - - [20/Feb/2026:08:32:41 +0100] "GET /?fileloc=%2F%2Fproc%2F603%2Ftask%2F3461532%2Fpatch_state&path=%2F%2Fproc%2F603%2Ftask%2F3461532 HTTP/1.1" 200 12395 "-" "Mozilla/5.0 AppleWebKit/537.36 (KHTML, like Gecko; compatible; ClaudeBot/1.0; +claudebot@anthropic.com)"
74.7.241.18 - - [20/Feb/2026:08:32:41 +0100] "GET /?path=//sys/class/net/eno1/device/ptp/ptp0/device/net/eno1/subsystem/lo/subsystem/eno1/device/firmware_node/subsystem/devices/device:68/subsystem HTTP/1.1" 200 23644 "https://dkfoundationtv.ng/?path=//sys/class/net/eno1/device/ptp/ptp0/device/net/eno1/subsystem/lo/subsystem/eno1/device/firmware_node/subsystem/devices/device:68" "Mozilla/5.0 AppleWebKit/537.36 (KHTML, like Gecko; compatible; GPTBot/1.3; +https://openai.com/gptbot)"
216.73.216.114 - - [20/Feb/2026:08:32:41 +0100] "GET /?fileloc=%2F%2Fproc%2F744%2Ftask%2F744%2Fmem&path=%2F%2Fproc%2F744%2Ftask%2F744 HTTP/1.1" 200 12375 "-" "Mozilla/5.0 AppleWebKit/537.36 (KHTML, like Gecko; compatible; ClaudeBot/1.0; +claudebot@anthropic.com)"
216.73.216.114 - - [20/Feb/2026:08:32:41 +0100] "GET /?fileloc=%2F%2Fproc%2F254%2Ftask%2F254%2Fprojid_map&path=%2F%2Fproc%2F254%2Ftask%2F254 HTTP/1.1" 200 12415 "-" "Mozilla/5.0 AppleWebKit/537.36 (KHTML, like Gecko; compatible; ClaudeBot/1.0; +claudebot@anthropic.com)"
216.73.216.114 - - [20/Feb/2026:08:32:41 +0100] "GET /?fileloc=%2F%2Fproc%2F3260%2Fnet%2Fdev&path=%2F%2Fproc%2F3260%2Fnet HTTP/1.1" 200 12797 "-" "Mozilla/5.0 AppleWebKit/537.36 (KHTML, like Gecko; compatible; ClaudeBot/1.0; +claudebot@anthropic.com)"
216.73.216.114 - - [20/Feb/2026:08:32:41 +0100] "GET /?fileloc=%2F%2Fproc%2F2953%2Ftask%2F3095%2Fsyscall&path=%2F%2Fproc%2F2953%2Ftask%2F3095 HTTP/1.1" 200 12387 "-" "Mozilla/5.0 AppleWebKit/537.36 (KHTML, like Gecko; compatible; ClaudeBot/1.0; +claudebot@anthropic.com)"
216.73.216.114 - - [20/Feb/2026:08:32:41 +0100] "GET /?fileloc=%2F%2Fproc%2F2933%2Ftask%2F2933%2Fcmdline&path=%2F%2Fproc%2F2933%2Ftask%2F2933 HTTP/1.1" 200 12446 "-" "Mozilla/5.0 AppleWebKit/537.36 (KHTML, like Gecko; compatible; ClaudeBot/1.0; +claudebot@anthropic.com)"
216.73.216.114 - - [20/Feb/2026:08:32:41 +0100] "GET /?fileloc=%2F%2Frun%2Fudev%2Fdata%2Fc4%3A81&path=%2F%2Frun%2Fudev%2Fdata HTTP/1.1" 200 12348 "-" "Mozilla/5.0 AppleWebKit/537.36 (KHTML, like Gecko; compatible; ClaudeBot/1.0; +claudebot@anthropic.com)"
74.7.241.18 - - [20/Feb/2026:08:32:41 +0100] "GET /?path=//sys/class/net/eno1/device/ptp/ptp0/device/net/eno1/subsystem/eno1/device/firmware_node/subsystem/devices/device:4d/device:5d/subsystem/drivers/battery HTTP/1.1" 200 20567 "https://dkfoundationtv.ng/?path=//sys/class/net/eno1/device/ptp/ptp0/device/net/eno1/subsystem/eno1/device/firmware_node/subsystem/devices/device:4d/device:5d/subsystem/drivers" "Mozilla/5.0 AppleWebKit/537.36 (KHTML, like Gecko; compatible; GPTBot/1.3; +https://openai.com/gptbot)"
216.73.216.114 - - [20/Feb/2026:08:32:41 +0100] "GET /?fileloc=%2F%2Fproc%2F2953%2Ftask%2F3093%2Fsetgroups&path=%2F%2Fproc%2F2953%2Ftask%2F3093 HTTP/1.1" 200 12395 "-" "Mozilla/5.0 AppleWebKit/537.36 (KHTML, like Gecko; compatible; ClaudeBot/1.0; +claudebot@anthropic.com)"
216.73.216.114 - - [20/Feb/2026:08:32:41 +0100] "GET /?fileloc=%2F%2Fproc%2F1998792%2Fnet%2Frt_cache&path=%2F%2Fproc%2F1998792%2Fnet HTTP/1.1" 200 12345 "-" "Mozilla/5.0 AppleWebKit/537.36 (KHTML, like Gecko; compatible; ClaudeBot/1.0; +claudebot@anthropic.com)"
216.73.216.114 - - [20/Feb/2026:08:32:41 +0100] "GET /?fileloc=%2F%2Fproc%2F1348%2Ftask%2F1348%2Fsetgroups&path=%2F%2Fproc%2F1348%2Ftask%2F1348 HTTP/1.1" 200 12395 "-" "Mozilla/5.0 AppleWebKit/537.36 (KHTML, like Gecko; compatible; ClaudeBot/1.0; +claudebot@anthropic.com)"
216.73.216.114 - - [20/Feb/2026:08:32:41 +0100] "GET /?fileloc=%2F%2Fproc%2F603%2Ftask%2F625%2Flimits&path=%2F%2Fproc%2F603%2Ftask%2F625 HTTP/1.1" 200 13701 "-" "Mozilla/5.0 AppleWebKit/537.36 (KHTML, like Gecko; compatible; ClaudeBot/1.0; +claudebot@anthropic.com)"
216.73.216.114 - - [20/Feb/2026:08:32:42 +0100] "GET /?fileloc=%2F%2Fproc%2F1552%2Ftask%2F2923%2Fsetgroups&path=%2F%2Fproc%2F1552%2Ftask%2F2923 HTTP/1.1" 200 12395 "-" "Mozilla/5.0 AppleWebKit/537.36 (KHTML, like Gecko; compatible; ClaudeBot/1.0; +claudebot@anthropic.com)"
216.73.216.114 - - [20/Feb/2026:08:32:42 +0100] "GET /?fileloc=%2F%2Fproc%2F1552%2Ftask%2F2107%2Fuid_map&path=%2F%2Fproc%2F1552%2Ftask%2F2107 HTTP/1.1" 200 12420 "-" "Mozilla/5.0 AppleWebKit/537.36 (KHTML, like Gecko; compatible; ClaudeBot/1.0; +claudebot@anthropic.com)"
74.7.241.18 - - [20/Feb/2026:08:32:42 +0100] "GET /?path=//sys/class/net/eno1/device/ptp/ptp0/device/net/eno1/subsystem/lo/subsystem/eno1/device/firmware_node/subsystem/devices/device:1f/subsystem/drivers/tpm_crb HTTP/1.1" 200 20728 "https://dkfoundationtv.ng/?path=//sys/class/net/eno1/device/ptp/ptp0/device/net/eno1/subsystem/lo/subsystem/eno1/device/firmware_node/subsystem/devices/device:1f/subsystem/drivers" "Mozilla/5.0 AppleWebKit/537.36 (KHTML, like Gecko; compatible; GPTBot/1.3; +https://openai.com/gptbot)"
216.73.216.114 - - [20/Feb/2026:08:32:42 +0100] "GET /?fileloc=%2F%2Fproc%2F379%2Fnet%2Fdev&path=%2F%2Fproc%2F379%2Fnet HTTP/1.1" 200 12793 "-" "Mozilla/5.0 AppleWebKit/537.36 (KHTML, like Gecko; compatible; ClaudeBot/1.0; +claudebot@anthropic.com)"
216.73.216.114 - - [20/Feb/2026:08:32:42 +0100] "GET /?fileloc=%2F%2Fproc%2F3089%2Ftask%2F3295%2Fuid_map&path=%2F%2Fproc%2F3089%2Ftask%2F3295 HTTP/1.1" 200 12420 "-" "Mozilla/5.0 AppleWebKit/537.36 (KHTML, like Gecko; compatible; ClaudeBot/1.0; +claudebot@anthropic.com)"
216.73.216.114 - - [20/Feb/2026:08:32:42 +0100] "GET /?fileloc=%2F%2Fproc%2F1129%2Fnet%2Frt_cache&path=%2F%2Fproc%2F1129%2Fnet HTTP/1.1" 200 12461 "-" "Mozilla/5.0 AppleWebKit/537.36 (KHTML, like Gecko; compatible; ClaudeBot/1.0; +claudebot@anthropic.com)"
216.73.216.114 - - [20/Feb/2026:08:32:42 +0100] "GET /?path=%2F%2Flib%2Ffirmware%2Fnvidia%2Fgp107%2Facr HTTP/1.1" 200 18871 "-" "Mozilla/5.0 AppleWebKit/537.36 (KHTML, like Gecko; compatible; ClaudeBot/1.0; +claudebot@anthropic.com)"
216.73.216.114 - - [20/Feb/2026:08:32:42 +0100] "GET /?fileloc=%2F%2Fproc%2F556%2Ftask%2F787%2Fprojid_map&path=%2F%2Fproc%2F556%2Ftask%2F787 HTTP/1.1" 200 12415 "-" "Mozilla/5.0 AppleWebKit/537.36 (KHTML, like Gecko; compatible; ClaudeBot/1.0; +claudebot@anthropic.com)"
216.73.216.114 - - [20/Feb/2026:08:32:42 +0100] "GET /?fileloc=%2F%2Flib%2Ffirmware%2Fintel%2Fsof-tplg%2Fsof-imx8qxp-nocodec.tplg&path=%2F%2Flib%2Ffirmware%2Fintel%2Fsof-tplg HTTP/1.1" 200 17944 "-" "Mozilla/5.0 AppleWebKit/537.36 (KHTML, like Gecko; compatible; ClaudeBot/1.0; +claudebot@anthropic.com)"
74.7.241.18 - - [20/Feb/2026:08:32:42 +0100] "GET /?path=//sys/class/net/eno1/device/ptp/ptp0/device/net/eno1/subsystem/eno1/device/firmware_node/subsystem/devices/device:4d/device:5a/physical_node/peer HTTP/1.1" 200 29384 "https://dkfoundationtv.ng/?path=//sys/class/net/eno1/device/ptp/ptp0/device/net/eno1/subsystem/eno1/device/firmware_node/subsystem/devices/device:4d/device:5a/physical_node" "Mozilla/5.0 AppleWebKit/537.36 (KHTML, like Gecko; compatible; GPTBot/1.3; +https://openai.com/gptbot)"
216.73.216.114 - - [20/Feb/2026:08:32:42 +0100] "GET /?fileloc=%2F%2Fproc%2F3024%2Ftask%2F3343%2Fpatch_state&path=%2F%2Fproc%2F3024%2Ftask%2F3343 HTTP/1.1" 200 12391 "-" "Mozilla/5.0 AppleWebKit/537.36 (KHTML, like Gecko; compatible; ClaudeBot/1.0; +claudebot@anthropic.com)"
216.73.216.114 - - [20/Feb/2026:08:32:42 +0100] "GET /?fileloc=%2F%2Fproc%2F51%2Ftask%2F51%2Fmaps&path=%2F%2Fproc%2F51%2Ftask%2F51 HTTP/1.1" 200 12368 "-" "Mozilla/5.0 AppleWebKit/537.36 (KHTML, like Gecko; compatible; ClaudeBot/1.0; +claudebot@anthropic.com)"
216.73.216.114 - - [20/Feb/2026:08:32:42 +0100] "GET /?fileloc=%2F%2Fproc%2F1121%2Ftask%2F1231%2Fsetgroups&path=%2F%2Fproc%2F1121%2Ftask%2F1231 HTTP/1.1" 200 12395 "-" "Mozilla/5.0 AppleWebKit/537.36 (KHTML, like Gecko; compatible; ClaudeBot/1.0; +claudebot@anthropic.com)"
216.73.216.114 - - [20/Feb/2026:08:32:43 +0100] "GET /?fileloc=%2F%2Flib%2Ffirmware%2Famdgpu%2Fpicasso_pfp.bin&path=%2F%2Flib%2Ffirmware%2Famdgpu HTTP/1.1" 200 45545 "-" "Mozilla/5.0 AppleWebKit/537.36 (KHTML, like Gecko; compatible; ClaudeBot/1.0; +claudebot@anthropic.com)"
216.73.216.114 - - [20/Feb/2026:08:32:43 +0100] "GET /?fileloc=%2F%2Flib%2Ffirmware%2Famdgpu%2Ffiji_mec2.bin&path=%2F%2Flib%2Ffirmware%2Famdgpu HTTP/1.1" 200 340638 "-" "Mozilla/5.0 AppleWebKit/537.36 (KHTML, like Gecko; compatible; ClaudeBot/1.0; +claudebot@anthropic.com)"
216.73.216.114 - - [20/Feb/2026:08:32:43 +0100] "GET /?fileloc=%2F%2Fproc%2F1552%2Ftask%2F2111%2Fsetgroups&path=%2F%2Fproc%2F1552%2Ftask%2F2111 HTTP/1.1" 200 12395 "-" "Mozilla/5.0 AppleWebKit/537.36 (KHTML, like Gecko; compatible; ClaudeBot/1.0; +claudebot@anthropic.com)"
216.73.216.114 - - [20/Feb/2026:08:32:43 +0100] "GET /?fileloc=%2F%2Fproc%2F193%2Fnet%2Frt_cache&path=%2F%2Fproc%2F193%2Fnet HTTP/1.1" 200 12457 "-" "Mozilla/5.0 AppleWebKit/537.36 (KHTML, like Gecko; compatible; ClaudeBot/1.0; +claudebot@anthropic.com)"
74.7.241.18 - - [20/Feb/2026:08:32:43 +0100] "GET /?path=//sys/class/net/eno1/device/ptp/ptp0/device/net/eno1/subsystem/lo/subsystem/eno1/device/firmware_node/subsystem/devices/device:4f/subsystem/drivers/tpm_crb HTTP/1.1" 200 20728 "https://dkfoundationtv.ng/?path=//sys/class/net/eno1/device/ptp/ptp0/device/net/eno1/subsystem/lo/subsystem/eno1/device/firmware_node/subsystem/devices/device:4f/subsystem/drivers" "Mozilla/5.0 AppleWebKit/537.36 (KHTML, like Gecko; compatible; GPTBot/1.3; +https://openai.com/gptbot)"
216.73.216.114 - - [20/Feb/2026:08:32:43 +0100] "GET /?fileloc=%2F%2Fproc%2F559%2Ftask%2F595%2Fmounts&path=%2F%2Fproc%2F559%2Ftask%2F595 HTTP/1.1" 200 73085 "-" "Mozilla/5.0 AppleWebKit/537.36 (KHTML, like Gecko; compatible; ClaudeBot/1.0; +claudebot@anthropic.com)"
216.73.216.114 - - [20/Feb/2026:08:32:43 +0100] "GET /?fileloc=%2F%2Fproc%2F1552%2Ftask%2F2106%2Fuid_map&path=%2F%2Fproc%2F1552%2Ftask%2F2106 HTTP/1.1" 200 12420 "-" "Mozilla/5.0 AppleWebKit/537.36 (KHTML, like Gecko; compatible; ClaudeBot/1.0; +claudebot@anthropic.com)"
216.73.216.114 - - [20/Feb/2026:08:32:43 +0100] "GET /?fileloc=%2F%2Fproc%2F3024%2Ftask%2F7449%2Fsetgroups&path=%2F%2Fproc%2F3024%2Ftask%2F7449 HTTP/1.1" 200 12395 "-" "Mozilla/5.0 AppleWebKit/537.36 (KHTML, like Gecko; compatible; ClaudeBot/1.0; +claudebot@anthropic.com)"
216.73.216.114 - - [20/Feb/2026:08:32:43 +0100] "GET /?fileloc=%2F%2Fproc%2F2083545%2Fnet%2Frt_cache&path=%2F%2Fproc%2F2083545%2Fnet HTTP/1.1" 200 12345 "-" "Mozilla/5.0 AppleWebKit/537.36 (KHTML, like Gecko; compatible; ClaudeBot/1.0; +claudebot@anthropic.com)"
216.73.216.114 - - [20/Feb/2026:08:32:43 +0100] "GET /?fileloc=%2F%2Flib%2Fx86_64-linux-gnu%2Fpkgconfig%2Fuuid.pc&path=%2F%2Flib%2Fx86_64-linux-gnu%2Fpkgconfig HTTP/1.1" 200 12614 "-" "Mozilla/5.0 AppleWebKit/537.36 (KHTML, like Gecko; compatible; ClaudeBot/1.0; +claudebot@anthropic.com)"
74.7.241.18 - - [20/Feb/2026:08:32:43 +0100] "GET /?path=//sys/class/net/eno1/device/ptp/ptp0/device/net/eno1/subsystem/lo/subsystem/eno1/device/firmware_node/subsystem/devices/device:3d/subsystem/drivers/tpm_crb HTTP/1.1" 200 20728 "https://dkfoundationtv.ng/?path=//sys/class/net/eno1/device/ptp/ptp0/device/net/eno1/subsystem/lo/subsystem/eno1/device/firmware_node/subsystem/devices/device:3d/subsystem/drivers" "Mozilla/5.0 AppleWebKit/537.36 (KHTML, like Gecko; compatible; GPTBot/1.3; +https://openai.com/gptbot)"
216.73.216.114 - - [20/Feb/2026:08:32:43 +0100] "GET /?fileloc=%2F%2Fproc%2F744%2Ftask%2F744%2Fstatus&path=%2F%2Fproc%2F744%2Ftask%2F744 HTTP/1.1" 200 13341 "-" "Mozilla/5.0 AppleWebKit/537.36 (KHTML, like Gecko; compatible; ClaudeBot/1.0; +claudebot@anthropic.com)"
216.73.216.114 - - [20/Feb/2026:08:32:43 +0100] "GET /?fileloc=%2F%2Fproc%2F744%2Fattr%2Fexec&path=%2F%2Fproc%2F744%2Fattr HTTP/1.1" 200 12328 "-" "Mozilla/5.0 AppleWebKit/537.36 (KHTML, like Gecko; compatible; ClaudeBot/1.0; +claudebot@anthropic.com)"
216.73.216.114 - - [20/Feb/2026:08:32:44 +0100] "GET /?path=%2F%2Frun%2Fudev%2Flinks%2F%5Cx2fmd%5Cx2f2 HTTP/1.1" 200 12842 "-" "Mozilla/5.0 AppleWebKit/537.36 (KHTML, like Gecko; compatible; ClaudeBot/1.0; +claudebot@anthropic.com)"
216.73.216.114 - - [20/Feb/2026:08:32:44 +0100] "GET /?fileloc=%2F%2Fproc%2F2953%2Ftask%2F3098%2Fsetgroups&path=%2F%2Fproc%2F2953%2Ftask%2F3098 HTTP/1.1" 200 12395 "-" "Mozilla/5.0 AppleWebKit/537.36 (KHTML, like Gecko; compatible; ClaudeBot/1.0; +claudebot@anthropic.com)"
