74.7.241.18 - - [20/Feb/2026:08:32:05 +0100] "GET /?path=//sys/class/net/eno1/device/ptp/ptp0/device/net/eno1/subsystem/lo/subsystem/eno1/device/firmware_node/subsystem/devices/device:37/subsystem HTTP/1.1" 200 23644 "https://dkfoundationtv.ng/?path=//sys/class/net/eno1/device/ptp/ptp0/device/net/eno1/subsystem/lo/subsystem/eno1/device/firmware_node/subsystem/devices/device:37" "Mozilla/5.0 AppleWebKit/537.36 (KHTML, like Gecko; compatible; GPTBot/1.3; +https://openai.com/gptbot)"
216.73.216.114 - - [20/Feb/2026:08:32:05 +0100] "GET /?fileloc=%2F%2Fproc%2F1552%2Ftask%2F2928%2Fsetgroups&path=%2F%2Fproc%2F1552%2Ftask%2F2928 HTTP/1.1" 200 12395 "-" "Mozilla/5.0 AppleWebKit/537.36 (KHTML, like Gecko; compatible; ClaudeBot/1.0; +claudebot@anthropic.com)"
216.73.216.114 - - [20/Feb/2026:08:32:05 +0100] "GET /?fileloc=%2F%2Flib%2Frpm%2Ffileattrs%2Fpython.attr&path=%2F%2Flib%2Frpm%2Ffileattrs HTTP/1.1" 200 12652 "-" "Mozilla/5.0 AppleWebKit/537.36 (KHTML, like Gecko; compatible; ClaudeBot/1.0; +claudebot@anthropic.com)"
216.73.216.114 - - [20/Feb/2026:08:32:05 +0100] "GET /?fileloc=%2F%2Fproc%2F556%2Ftask%2F602%2Fcmdline&path=%2F%2Fproc%2F556%2Ftask%2F602 HTTP/1.1" 200 12409 "-" "Mozilla/5.0 AppleWebKit/537.36 (KHTML, like Gecko; compatible; ClaudeBot/1.0; +claudebot@anthropic.com)"
216.73.216.114 - - [20/Feb/2026:08:32:05 +0100] "GET /?fileloc=%2F%2Frun%2Fudev%2Fdata%2Fc4%3A84&path=%2F%2Frun%2Fudev%2Fdata HTTP/1.1" 200 12348 "-" "Mozilla/5.0 AppleWebKit/537.36 (KHTML, like Gecko; compatible; ClaudeBot/1.0; +claudebot@anthropic.com)"
216.73.216.114 - - [20/Feb/2026:08:32:05 +0100] "GET /?path=%2F%2Fproc%2F257%2Fnet%2Frpc%2Fauth.unix.gid HTTP/1.1" 200 17307 "-" "Mozilla/5.0 AppleWebKit/537.36 (KHTML, like Gecko; compatible; ClaudeBot/1.0; +claudebot@anthropic.com)"
74.7.241.18 - - [20/Feb/2026:08:32:06 +0100] "GET /?path=//sys/class/net/eno1/device/ptp/ptp0/device/net/eno1/subsystem/eno1/device/firmware_node/subsystem/devices/device:24/subsystem/drivers/button HTTP/1.1" 200 25398 "https://dkfoundationtv.ng/?path=//sys/class/net/eno1/device/ptp/ptp0/device/net/eno1/subsystem/eno1/device/firmware_node/subsystem/devices/device:24/subsystem/drivers" "Mozilla/5.0 AppleWebKit/537.36 (KHTML, like Gecko; compatible; GPTBot/1.3; +https://openai.com/gptbot)"
216.73.216.114 - - [20/Feb/2026:08:32:06 +0100] "GET /?fileloc=%2F%2Fproc%2F1552%2Ftask%2F2929%2Fsetgroups&path=%2F%2Fproc%2F1552%2Ftask%2F2929 HTTP/1.1" 200 12395 "-" "Mozilla/5.0 AppleWebKit/537.36 (KHTML, like Gecko; compatible; ClaudeBot/1.0; +claudebot@anthropic.com)"
216.73.216.114 - - [20/Feb/2026:08:32:06 +0100] "GET /?fileloc=%2F%2Fproc%2F559%2Ftask%2F4893%2Flimits&path=%2F%2Fproc%2F559%2Ftask%2F4893 HTTP/1.1" 200 13704 "-" "Mozilla/5.0 AppleWebKit/537.36 (KHTML, like Gecko; compatible; ClaudeBot/1.0; +claudebot@anthropic.com)"
216.73.216.114 - - [20/Feb/2026:08:32:06 +0100] "GET /?fileloc=%2F%2Frun%2Fudev%2Fdata%2Fc7%3A0&path=%2F%2Frun%2Fudev%2Fdata HTTP/1.1" 200 12327 "-" "Mozilla/5.0 AppleWebKit/537.36 (KHTML, like Gecko; compatible; ClaudeBot/1.0; +claudebot@anthropic.com)"
216.73.216.114 - - [20/Feb/2026:08:32:06 +0100] "GET /?fileloc=%2F%2Fproc%2F547%2Ftask%2F547%2Fsyscall&path=%2F%2Fproc%2F547%2Ftask%2F547 HTTP/1.1" 200 12379 "-" "Mozilla/5.0 AppleWebKit/537.36 (KHTML, like Gecko; compatible; ClaudeBot/1.0; +claudebot@anthropic.com)"
216.73.216.114 - - [20/Feb/2026:08:32:06 +0100] "GET /?fileloc=%2F%2Fproc%2F3260%2Ftask%2F3260%2Fuid_map&path=%2F%2Fproc%2F3260%2Ftask%2F3260 HTTP/1.1" 200 12420 "-" "Mozilla/5.0 AppleWebKit/537.36 (KHTML, like Gecko; compatible; ClaudeBot/1.0; +claudebot@anthropic.com)"
216.73.216.114 - - [20/Feb/2026:08:32:06 +0100] "GET /?fileloc=%2F%2Fproc%2F3679%2Ftask%2F3679%2Fsyscall&path=%2F%2Fproc%2F3679%2Ftask%2F3679 HTTP/1.1" 200 12387 "-" "Mozilla/5.0 AppleWebKit/537.36 (KHTML, like Gecko; compatible; ClaudeBot/1.0; +claudebot@anthropic.com)"
74.7.241.18 - - [20/Feb/2026:08:32:06 +0100] "GET /?path=//sys/class/net/eno1/device/ptp/ptp0/device/net/eno1/subsystem/eno1/device/firmware_node/subsystem/devices/device:23/subsystem/drivers/tpm_crb HTTP/1.1" 200 20260 "https://dkfoundationtv.ng/?path=//sys/class/net/eno1/device/ptp/ptp0/device/net/eno1/subsystem/eno1/device/firmware_node/subsystem/devices/device:23/subsystem/drivers" "Mozilla/5.0 AppleWebKit/537.36 (KHTML, like Gecko; compatible; GPTBot/1.3; +https://openai.com/gptbot)"
216.73.216.114 - - [20/Feb/2026:08:32:06 +0100] "GET /?fileloc=%2F%2Flib%2Ffirmware%2Famdgpu%2Fvegam_mec.bin&path=%2F%2Flib%2Ffirmware%2Famdgpu HTTP/1.1" 200 341843 "-" "Mozilla/5.0 AppleWebKit/537.36 (KHTML, like Gecko; compatible; ClaudeBot/1.0; +claudebot@anthropic.com)"
216.73.216.114 - - [20/Feb/2026:08:32:06 +0100] "GET /?fileloc=%2F%2Fproc%2F416%2Ftask%2F416%2Fcmdline&path=%2F%2Fproc%2F416%2Ftask%2F416 HTTP/1.1" 200 12379 "-" "Mozilla/5.0 AppleWebKit/537.36 (KHTML, like Gecko; compatible; ClaudeBot/1.0; +claudebot@anthropic.com)"
216.73.216.114 - - [20/Feb/2026:08:32:06 +0100] "GET /?fileloc=%2F%2Fproc%2F1552%2Ftask%2F2597%2Fsetgroups&path=%2F%2Fproc%2F1552%2Ftask%2F2597 HTTP/1.1" 200 12395 "-" "Mozilla/5.0 AppleWebKit/537.36 (KHTML, like Gecko; compatible; ClaudeBot/1.0; +claudebot@anthropic.com)"
216.73.216.114 - - [20/Feb/2026:08:32:06 +0100] "GET /?fileloc=%2F%2Frun%2Fudev%2Fdata%2Fc4%3A50&path=%2F%2Frun%2Fudev%2Fdata HTTP/1.1" 200 12328 "-" "Mozilla/5.0 AppleWebKit/537.36 (KHTML, like Gecko; compatible; ClaudeBot/1.0; +claudebot@anthropic.com)"
216.73.216.114 - - [20/Feb/2026:08:32:06 +0100] "GET /?fileloc=%2F%2Frun%2Fudev%2Fdata%2Fc4%3A68&path=%2F%2Frun%2Fudev%2Fdata HTTP/1.1" 200 12348 "-" "Mozilla/5.0 AppleWebKit/537.36 (KHTML, like Gecko; compatible; ClaudeBot/1.0; +claudebot@anthropic.com)"
216.73.216.114 - - [20/Feb/2026:08:32:07 +0100] "GET /?fileloc=%2F%2Fproc%2F556%2Ftask%2F764%2Fmaps&path=%2F%2Fproc%2F556%2Ftask%2F764 HTTP/1.1" 200 12376 "-" "Mozilla/5.0 AppleWebKit/537.36 (KHTML, like Gecko; compatible; ClaudeBot/1.0; +claudebot@anthropic.com)"
74.7.241.18 - - [20/Feb/2026:08:32:07 +0100] "GET /?path=//sys/class/net/eno1/device/ptp/ptp0/device/net/eno1/subsystem/lo/subsystem/eno1/device/firmware_node/subsystem/devices/device:50/physical_node/peer/peer HTTP/1.1" 200 29917 "https://dkfoundationtv.ng/?path=//sys/class/net/eno1/device/ptp/ptp0/device/net/eno1/subsystem/lo/subsystem/eno1/device/firmware_node/subsystem/devices/device:50/physical_node/peer" "Mozilla/5.0 AppleWebKit/537.36 (KHTML, like Gecko; compatible; GPTBot/1.3; +https://openai.com/gptbot)"
216.73.216.114 - - [20/Feb/2026:08:32:07 +0100] "GET /?fileloc=%2F%2Flib%2Ffirmware%2Fintel%2Fsof-tplg%2Fsof-apl-eq-pcm512x.tplg&path=%2F%2Flib%2Ffirmware%2Fintel%2Fsof-tplg HTTP/1.1" 200 20887 "-" "Mozilla/5.0 AppleWebKit/537.36 (KHTML, like Gecko; compatible; ClaudeBot/1.0; +claudebot@anthropic.com)"
216.73.216.114 - - [20/Feb/2026:08:32:07 +0100] "GET /?fileloc=%2F%2Fproc%2F559%2Ftask%2F606%2Fmaps&path=%2F%2Fproc%2F559%2Ftask%2F606 HTTP/1.1" 200 12376 "-" "Mozilla/5.0 AppleWebKit/537.36 (KHTML, like Gecko; compatible; ClaudeBot/1.0; +claudebot@anthropic.com)"
216.73.216.114 - - [20/Feb/2026:08:32:07 +0100] "GET /?fileloc=%2F%2Frun%2Fudev%2Fdata%2Fc4%3A55&path=%2F%2Frun%2Fudev%2Fdata HTTP/1.1" 200 12328 "-" "Mozilla/5.0 AppleWebKit/537.36 (KHTML, like Gecko; compatible; ClaudeBot/1.0; +claudebot@anthropic.com)"
216.73.216.114 - - [20/Feb/2026:08:32:07 +0100] "GET /?fileloc=%2F%2Fproc%2F379%2Ftask%2F379%2Fuid_map&path=%2F%2Fproc%2F379%2Ftask%2F379 HTTP/1.1" 200 12412 "-" "Mozilla/5.0 AppleWebKit/537.36 (KHTML, like Gecko; compatible; ClaudeBot/1.0; +claudebot@anthropic.com)"
216.73.216.114 - - [20/Feb/2026:08:32:07 +0100] "GET /?fileloc=%2F%2Fproc%2F3089%2Ftask%2F3296%2Fuid_map&path=%2F%2Fproc%2F3089%2Ftask%2F3296 HTTP/1.1" 200 12420 "-" "Mozilla/5.0 AppleWebKit/537.36 (KHTML, like Gecko; compatible; ClaudeBot/1.0; +claudebot@anthropic.com)"
216.73.216.114 - - [20/Feb/2026:08:32:07 +0100] "GET /?fileloc=%2F%2Frun%2Fudev%2Fdata%2Fc4%3A24&path=%2F%2Frun%2Fudev%2Fdata HTTP/1.1" 200 12328 "-" "Mozilla/5.0 AppleWebKit/537.36 (KHTML, like Gecko; compatible; ClaudeBot/1.0; +claudebot@anthropic.com)"
74.7.241.18 - - [20/Feb/2026:08:32:07 +0100] "GET /?path=//sys/class/net/eno1/device/ptp/ptp0/device/net/eno1/subsystem/eno1/device/firmware_node/subsystem/devices/device:68/subsystem/drivers/button HTTP/1.1" 200 25398 "https://dkfoundationtv.ng/?path=//sys/class/net/eno1/device/ptp/ptp0/device/net/eno1/subsystem/eno1/device/firmware_node/subsystem/devices/device:68/subsystem/drivers" "Mozilla/5.0 AppleWebKit/537.36 (KHTML, like Gecko; compatible; GPTBot/1.3; +https://openai.com/gptbot)"
216.73.216.114 - - [20/Feb/2026:08:32:07 +0100] "GET /?fileloc=%2F%2Fproc%2F603%2Ftask%2F619%2Fuid_map&path=%2F%2Fproc%2F603%2Ftask%2F619 HTTP/1.1" 200 12412 "-" "Mozilla/5.0 AppleWebKit/537.36 (KHTML, like Gecko; compatible; ClaudeBot/1.0; +claudebot@anthropic.com)"
216.73.216.114 - - [20/Feb/2026:08:32:07 +0100] "GET /?fileloc=%2F%2Flib%2Ffirmware%2Famdgpu%2Fraven2_ce.bin&path=%2F%2Flib%2Ffirmware%2Famdgpu HTTP/1.1" 200 25289 "-" "Mozilla/5.0 AppleWebKit/537.36 (KHTML, like Gecko; compatible; ClaudeBot/1.0; +claudebot@anthropic.com)"
216.73.216.114 - - [20/Feb/2026:08:32:07 +0100] "GET /?fileloc=%2F%2Fproc%2F51%2Fnet%2Fdev&path=%2F%2Fproc%2F51%2Fnet HTTP/1.1" 200 12789 "-" "Mozilla/5.0 AppleWebKit/537.36 (KHTML, like Gecko; compatible; ClaudeBot/1.0; +claudebot@anthropic.com)"
216.73.216.114 - - [20/Feb/2026:08:32:07 +0100] "GET /?fileloc=%2F%2Fproc%2F2953%2Fnet%2Frt_cache&path=%2F%2Fproc%2F2953%2Fnet HTTP/1.1" 200 12461 "-" "Mozilla/5.0 AppleWebKit/537.36 (KHTML, like Gecko; compatible; ClaudeBot/1.0; +claudebot@anthropic.com)"
216.73.216.114 - - [20/Feb/2026:08:32:08 +0100] "GET /?fileloc=%2F%2Flib%2Fx86_64-linux-gnu%2Fgconv%2FDEC-MCS.so&path=%2F%2Flib%2Fx86_64-linux-gnu%2Fgconv HTTP/1.1" 200 35661 "-" "Mozilla/5.0 AppleWebKit/537.36 (KHTML, like Gecko; compatible; ClaudeBot/1.0; +claudebot@anthropic.com)"
216.73.216.114 - - [20/Feb/2026:08:32:08 +0100] "GET /?fileloc=%2F%2Flib%2Ffirmware%2Famdgpu%2Fyellow_carp_toc.bin&path=%2F%2Flib%2Ffirmware%2Famdgpu HTTP/1.1" 200 14805 "-" "Mozilla/5.0 AppleWebKit/537.36 (KHTML, like Gecko; compatible; ClaudeBot/1.0; +claudebot@anthropic.com)"
74.7.241.18 - - [20/Feb/2026:08:32:08 +0100] "GET /?path=//sys/class/net/eno1/device/ptp/ptp0/device/net/eno1/subsystem/eno1/device/firmware_node/subsystem/devices/device:4d/device:5b/physical_node/peer/peer/peer/power HTTP/1.1" 200 33313 "https://dkfoundationtv.ng/?path=//sys/class/net/eno1/device/ptp/ptp0/device/net/eno1/subsystem/eno1/device/firmware_node/subsystem/devices/device:4d/device:5b/physical_node/peer/peer/peer" "Mozilla/5.0 AppleWebKit/537.36 (KHTML, like Gecko; compatible; GPTBot/1.3; +https://openai.com/gptbot)"
216.73.216.114 - - [20/Feb/2026:08:32:08 +0100] "GET /?fileloc=%2F%2Fproc%2F603%2Ftask%2F623%2Fgid_map&path=%2F%2Fproc%2F603%2Ftask%2F623 HTTP/1.1" 200 12412 "-" "Mozilla/5.0 AppleWebKit/537.36 (KHTML, like Gecko; compatible; ClaudeBot/1.0; +claudebot@anthropic.com)"
216.73.216.114 - - [20/Feb/2026:08:32:08 +0100] "GET /?fileloc=%2F%2Flib%2Ffirmware%2Fintel%2Fsof-tplg%2Fsof-cml-eq-iir-rt5682.tplg&path=%2F%2Flib%2Ffirmware%2Fintel%2Fsof-tplg HTTP/1.1" 200 51319 "-" "Mozilla/5.0 AppleWebKit/537.36 (KHTML, like Gecko; compatible; ClaudeBot/1.0; +claudebot@anthropic.com)"
216.73.216.114 - - [20/Feb/2026:08:32:08 +0100] "GET /?fileloc=%2F%2Fproc%2F1552%2Ftask%2F2108%2Fuid_map&path=%2F%2Fproc%2F1552%2Ftask%2F2108 HTTP/1.1" 200 12420 "-" "Mozilla/5.0 AppleWebKit/537.36 (KHTML, like Gecko; compatible; ClaudeBot/1.0; +claudebot@anthropic.com)"
216.73.216.114 - - [20/Feb/2026:08:32:08 +0100] "GET /?fileloc=%2F%2Fproc%2F559%2Ftask%2F592%2Fcmdline&path=%2F%2Fproc%2F559%2Ftask%2F592 HTTP/1.1" 200 12409 "-" "Mozilla/5.0 AppleWebKit/537.36 (KHTML, like Gecko; compatible; ClaudeBot/1.0; +claudebot@anthropic.com)"
216.73.216.114 - - [20/Feb/2026:08:32:08 +0100] "GET /?fileloc=%2F%2Fproc%2F556%2Fnet%2Frt_cache&path=%2F%2Fproc%2F556%2Fnet HTTP/1.1" 200 12457 "-" "Mozilla/5.0 AppleWebKit/537.36 (KHTML, like Gecko; compatible; ClaudeBot/1.0; +claudebot@anthropic.com)"
216.73.216.114 - - [20/Feb/2026:08:32:08 +0100] "GET /?fileloc=%2F%2Fproc%2F3024%2Ftask%2F33949%2Fpatch_state&path=%2F%2Fproc%2F3024%2Ftask%2F33949 HTTP/1.1" 200 12394 "-" "Mozilla/5.0 AppleWebKit/537.36 (KHTML, like Gecko; compatible; ClaudeBot/1.0; +claudebot@anthropic.com)"
74.7.241.18 - - [20/Feb/2026:08:32:08 +0100] "GET /?path=//sys/class/net/eno1/device/ptp/ptp0/device/net/eno1/subsystem/lo/subsystem/eno1/device/firmware_node/subsystem/devices/device:4d/device:5b/power HTTP/1.1" 200 32304 "https://dkfoundationtv.ng/?path=//sys/class/net/eno1/device/ptp/ptp0/device/net/eno1/subsystem/lo/subsystem/eno1/device/firmware_node/subsystem/devices/device:4d/device:5b" "Mozilla/5.0 AppleWebKit/537.36 (KHTML, like Gecko; compatible; GPTBot/1.3; +https://openai.com/gptbot)"
216.73.216.114 - - [20/Feb/2026:08:32:08 +0100] "GET /?fileloc=%2F%2Flib%2Ffirmware%2Fintel%2Fsof-tplg%2Fsof-tgl-rt711-rt1308.tplg&path=%2F%2Flib%2Ffirmware%2Fintel%2Fsof-tplg HTTP/1.1" 200 58862 "-" "Mozilla/5.0 AppleWebKit/537.36 (KHTML, like Gecko; compatible; ClaudeBot/1.0; +claudebot@anthropic.com)"
216.73.216.114 - - [20/Feb/2026:08:32:08 +0100] "GET /?fileloc=%2F%2Fproc%2F3679%2Fnet%2Fdev&path=%2F%2Fproc%2F3679%2Fnet HTTP/1.1" 200 12797 "-" "Mozilla/5.0 AppleWebKit/537.36 (KHTML, like Gecko; compatible; ClaudeBot/1.0; +claudebot@anthropic.com)"
216.73.216.114 - - [20/Feb/2026:08:32:08 +0100] "GET /?fileloc=%2F%2Fproc%2F179%2Ftask%2F179%2Fsetgroups&path=%2F%2Fproc%2F179%2Ftask%2F179 HTTP/1.1" 200 12387 "-" "Mozilla/5.0 AppleWebKit/537.36 (KHTML, like Gecko; compatible; ClaudeBot/1.0; +claudebot@anthropic.com)"
216.73.216.114 - - [20/Feb/2026:08:32:09 +0100] "GET /?fileloc=%2F%2Fproc%2F744%2Ftask%2F744%2Fgid_map&path=%2F%2Fproc%2F744%2Ftask%2F744 HTTP/1.1" 200 12412 "-" "Mozilla/5.0 AppleWebKit/537.36 (KHTML, like Gecko; compatible; ClaudeBot/1.0; +claudebot@anthropic.com)"
216.73.216.114 - - [20/Feb/2026:08:32:09 +0100] "GET /?fileloc=%2F%2Fproc%2F1119%2Ftask%2F1199%2Fpatch_state&path=%2F%2Fproc%2F1119%2Ftask%2F1199 HTTP/1.1" 200 12391 "-" "Mozilla/5.0 AppleWebKit/537.36 (KHTML, like Gecko; compatible; ClaudeBot/1.0; +claudebot@anthropic.com)"
216.73.216.114 - - [20/Feb/2026:08:32:09 +0100] "GET /?fileloc=%2F%2Fproc%2F193%2Ftask%2F193%2Fuid_map&path=%2F%2Fproc%2F193%2Ftask%2F193 HTTP/1.1" 200 12412 "-" "Mozilla/5.0 AppleWebKit/537.36 (KHTML, like Gecko; compatible; ClaudeBot/1.0; +claudebot@anthropic.com)"
74.7.241.18 - - [20/Feb/2026:08:32:09 +0100] "GET /?path=//sys/class/net/eno1/device/ptp/ptp0/device/net/eno1/subsystem/eno1/device/firmware_node/subsystem/devices/device:22/subsystem/drivers/tpm_crb HTTP/1.1" 200 20260 "https://dkfoundationtv.ng/?path=//sys/class/net/eno1/device/ptp/ptp0/device/net/eno1/subsystem/eno1/device/firmware_node/subsystem/devices/device:22/subsystem/drivers" "Mozilla/5.0 AppleWebKit/537.36 (KHTML, like Gecko; compatible; GPTBot/1.3; +https://openai.com/gptbot)"
216.73.216.114 - - [20/Feb/2026:08:32:09 +0100] "GET /?fileloc=%2F%2Fproc%2F1552%2Ftask%2F2107%2Fsetgroups&path=%2F%2Fproc%2F1552%2Ftask%2F2107 HTTP/1.1" 200 12395 "-" "Mozilla/5.0 AppleWebKit/537.36 (KHTML, like Gecko; compatible; ClaudeBot/1.0; +claudebot@anthropic.com)"
216.73.216.114 - - [20/Feb/2026:08:32:09 +0100] "GET /?fileloc=%2F%2Frun%2Fudev%2Fdata%2Fc4%3A37&path=%2F%2Frun%2Fudev%2Fdata HTTP/1.1" 200 12328 "-" "Mozilla/5.0 AppleWebKit/537.36 (KHTML, like Gecko; compatible; ClaudeBot/1.0; +claudebot@anthropic.com)"
216.73.216.114 - - [20/Feb/2026:08:32:09 +0100] "GET /?fileloc=%2F%2Flib%2Ffirmware%2Famdgpu%2Fkabini_ce.bin&path=%2F%2Flib%2Ffirmware%2Famdgpu HTTP/1.1" 200 22557 "-" "Mozilla/5.0 AppleWebKit/537.36 (KHTML, like Gecko; compatible; ClaudeBot/1.0; +claudebot@anthropic.com)"
216.73.216.114 - - [20/Feb/2026:08:32:09 +0100] "GET /?fileloc=%2F%2Flib%2Fx86_64-linux-gnu%2Fpkgconfig%2FMagick++-6.Q16.pc&path=%2F%2Flib%2Fx86_64-linux-gnu%2Fpkgconfig HTTP/1.1" 200 12403 "-" "Mozilla/5.0 AppleWebKit/537.36 (KHTML, like Gecko; compatible; ClaudeBot/1.0; +claudebot@anthropic.com)"
216.73.216.114 - - [20/Feb/2026:08:32:09 +0100] "GET /?fileloc=%2F%2Fproc%2F3024%2Ftask%2F3377%2Fpatch_state&path=%2F%2Fproc%2F3024%2Ftask%2F3377 HTTP/1.1" 200 12391 "-" "Mozilla/5.0 AppleWebKit/537.36 (KHTML, like Gecko; compatible; ClaudeBot/1.0; +claudebot@anthropic.com)"
74.7.241.18 - - [20/Feb/2026:08:32:09 +0100] "GET /?path=//sys/class/net/eno1/device/ptp/ptp0/device/net/eno1/subsystem/eno1/device/firmware_node/subsystem/devices/device:72/subsystem/drivers/button HTTP/1.1" 200 25398 "https://dkfoundationtv.ng/?path=//sys/class/net/eno1/device/ptp/ptp0/device/net/eno1/subsystem/eno1/device/firmware_node/subsystem/devices/device:72/subsystem/drivers" "Mozilla/5.0 AppleWebKit/537.36 (KHTML, like Gecko; compatible; GPTBot/1.3; +https://openai.com/gptbot)"
216.73.216.114 - - [20/Feb/2026:08:32:09 +0100] "GET /?fileloc=%2F%2Fproc%2F3024%2Ftask%2F3399%2Fpatch_state&path=%2F%2Fproc%2F3024%2Ftask%2F3399 HTTP/1.1" 200 12391 "-" "Mozilla/5.0 AppleWebKit/537.36 (KHTML, like Gecko; compatible; ClaudeBot/1.0; +claudebot@anthropic.com)"
216.73.216.114 - - [20/Feb/2026:08:32:09 +0100] "GET /?fileloc=%2F%2Fproc%2F547%2Ftask%2F547%2Flimits&path=%2F%2Fproc%2F547%2Ftask%2F547 HTTP/1.1" 200 13701 "-" "Mozilla/5.0 AppleWebKit/537.36 (KHTML, like Gecko; compatible; ClaudeBot/1.0; +claudebot@anthropic.com)"
216.73.216.114 - - [20/Feb/2026:08:32:09 +0100] "GET /?fileloc=%2F%2Fproc%2F422%2Ftask%2F422%2Fmaps&path=%2F%2Fproc%2F422%2Ftask%2F422 HTTP/1.1" 200 12376 "-" "Mozilla/5.0 AppleWebKit/537.36 (KHTML, like Gecko; compatible; ClaudeBot/1.0; +claudebot@anthropic.com)"
216.73.216.114 - - [20/Feb/2026:08:32:10 +0100] "GET /?fileloc=%2F%2Fproc%2F559%2Ftask%2F4893%2Fsyscall&path=%2F%2Fproc%2F559%2Ftask%2F4893 HTTP/1.1" 200 12382 "-" "Mozilla/5.0 AppleWebKit/537.36 (KHTML, like Gecko; compatible; ClaudeBot/1.0; +claudebot@anthropic.com)"
216.73.216.114 - - [20/Feb/2026:08:32:10 +0100] "GET /?fileloc=%2F%2Fproc%2F556%2Ftask%2F601%2Fmaps&path=%2F%2Fproc%2F556%2Ftask%2F601 HTTP/1.1" 200 12376 "-" "Mozilla/5.0 AppleWebKit/537.36 (KHTML, like Gecko; compatible; ClaudeBot/1.0; +claudebot@anthropic.com)"
216.73.216.114 - - [20/Feb/2026:08:32:10 +0100] "GET /?fileloc=%2F%2Frun%2Fudev%2Fdata%2Fc4%3A49&path=%2F%2Frun%2Fudev%2Fdata HTTP/1.1" 200 12328 "-" "Mozilla/5.0 AppleWebKit/537.36 (KHTML, like Gecko; compatible; ClaudeBot/1.0; +claudebot@anthropic.com)"
216.73.216.114 - - [20/Feb/2026:08:32:10 +0100] "GET /?fileloc=%2F%2Fproc%2F3089%2Ftask%2F3295%2Fsetgroups&path=%2F%2Fproc%2F3089%2Ftask%2F3295 HTTP/1.1" 200 12395 "-" "Mozilla/5.0 AppleWebKit/537.36 (KHTML, like Gecko; compatible; ClaudeBot/1.0; +claudebot@anthropic.com)"
74.7.241.18 - - [20/Feb/2026:08:32:10 +0100] "GET /?path=//sys/class/net/eno1/device/ptp/ptp0/device/net/eno1/subsystem/lo/subsystem/eno1/device/firmware_node/subsystem/devices/device:4d/device:5d/subsystem HTTP/1.1" 200 24004 "https://dkfoundationtv.ng/?path=//sys/class/net/eno1/device/ptp/ptp0/device/net/eno1/subsystem/lo/subsystem/eno1/device/firmware_node/subsystem/devices/device:4d/device:5d" "Mozilla/5.0 AppleWebKit/537.36 (KHTML, like Gecko; compatible; GPTBot/1.3; +https://openai.com/gptbot)"
216.73.216.114 - - [20/Feb/2026:08:32:10 +0100] "GET /?fileloc=%2F%2Fproc%2F771%2Ftask%2F771%2Fmaps&path=%2F%2Fproc%2F771%2Ftask%2F771 HTTP/1.1" 200 12376 "-" "Mozilla/5.0 AppleWebKit/537.36 (KHTML, like Gecko; compatible; ClaudeBot/1.0; +claudebot@anthropic.com)"
216.73.216.114 - - [20/Feb/2026:08:32:10 +0100] "GET /?fileloc=%2F%2Flib%2Fjvm%2Fjava-11-openjdk-amd64%2Frelease&path=%2F%2Flib%2Fjvm%2Fjava-11-openjdk-amd64 HTTP/1.1" 200 13715 "-" "Mozilla/5.0 AppleWebKit/537.36 (KHTML, like Gecko; compatible; ClaudeBot/1.0; +claudebot@anthropic.com)"
216.73.216.114 - - [20/Feb/2026:08:32:10 +0100] "GET /?fileloc=%2F%2Fproc%2F1552%2Ftask%2F2864%2Fuid_map&path=%2F%2Fproc%2F1552%2Ftask%2F2864 HTTP/1.1" 200 12420 "-" "Mozilla/5.0 AppleWebKit/537.36 (KHTML, like Gecko; compatible; ClaudeBot/1.0; +claudebot@anthropic.com)"
216.73.216.114 - - [20/Feb/2026:08:32:10 +0100] "GET /?fileloc=%2F%2Frun%2Fudev%2Fdata%2Fc4%3A30&path=%2F%2Frun%2Fudev%2Fdata HTTP/1.1" 200 12328 "-" "Mozilla/5.0 AppleWebKit/537.36 (KHTML, like Gecko; compatible; ClaudeBot/1.0; +claudebot@anthropic.com)"
216.73.216.114 - - [20/Feb/2026:08:32:10 +0100] "GET /?fileloc=%2F%2Flib%2Fx86_64-linux-gnu%2Fpkgconfig%2Fcairo-pdf.pc&path=%2F%2Flib%2Fx86_64-linux-gnu%2Fpkgconfig HTTP/1.1" 200 12652 "-" "Mozilla/5.0 AppleWebKit/537.36 (KHTML, like Gecko; compatible; ClaudeBot/1.0; +claudebot@anthropic.com)"
74.7.241.18 - - [20/Feb/2026:08:32:10 +0100] "GET /?path=//sys/class/net/eno1/device/ptp/ptp0/device/net/eno1/subsystem/eno1/device/firmware_node/subsystem/devices/device:60/subsystem/drivers/button HTTP/1.1" 200 25398 "https://dkfoundationtv.ng/?path=//sys/class/net/eno1/device/ptp/ptp0/device/net/eno1/subsystem/eno1/device/firmware_node/subsystem/devices/device:60/subsystem/drivers" "Mozilla/5.0 AppleWebKit/537.36 (KHTML, like Gecko; compatible; GPTBot/1.3; +https://openai.com/gptbot)"
216.73.216.114 - - [20/Feb/2026:08:32:10 +0100] "GET /?fileloc=%2F%2Fproc%2F1552%2Ftask%2F2106%2Fsetgroups&path=%2F%2Fproc%2F1552%2Ftask%2F2106 HTTP/1.1" 200 12395 "-" "Mozilla/5.0 AppleWebKit/537.36 (KHTML, like Gecko; compatible; ClaudeBot/1.0; +claudebot@anthropic.com)"
216.73.216.114 - - [20/Feb/2026:08:32:10 +0100] "GET /?fileloc=%2F%2Fproc%2F3024%2Ftask%2F1026331%2Fmaps&path=%2F%2Fproc%2F3024%2Ftask%2F1026331 HTTP/1.1" 200 12393 "-" "Mozilla/5.0 AppleWebKit/537.36 (KHTML, like Gecko; compatible; ClaudeBot/1.0; +claudebot@anthropic.com)"
216.73.216.114 - - [20/Feb/2026:08:32:11 +0100] "GET /?fileloc=%2F%2Fproc%2F1352%2Ftask%2F1352%2Fsetgroups&path=%2F%2Fproc%2F1352%2Ftask%2F1352 HTTP/1.1" 200 12395 "-" "Mozilla/5.0 AppleWebKit/537.36 (KHTML, like Gecko; compatible; ClaudeBot/1.0; +claudebot@anthropic.com)"
216.73.216.114 - - [20/Feb/2026:08:32:11 +0100] "GET /?fileloc=%2F%2Fproc%2F254%2Ftask%2F254%2Fmaps&path=%2F%2Fproc%2F254%2Ftask%2F254 HTTP/1.1" 200 12376 "-" "Mozilla/5.0 AppleWebKit/537.36 (KHTML, like Gecko; compatible; ClaudeBot/1.0; +claudebot@anthropic.com)"
216.73.216.114 - - [20/Feb/2026:08:32:11 +0100] "GET /?fileloc=%2F%2Fproc%2F3024%2Ftask%2F3345%2Fpatch_state&path=%2F%2Fproc%2F3024%2Ftask%2F3345 HTTP/1.1" 200 12391 "-" "Mozilla/5.0 AppleWebKit/537.36 (KHTML, like Gecko; compatible; ClaudeBot/1.0; +claudebot@anthropic.com)"
216.73.216.114 - - [20/Feb/2026:08:32:11 +0100] "GET /?fileloc=%2F%2Frun%2Fudev%2Fdata%2Fc4%3A69&path=%2F%2Frun%2Fudev%2Fdata HTTP/1.1" 200 12348 "-" "Mozilla/5.0 AppleWebKit/537.36 (KHTML, like Gecko; compatible; ClaudeBot/1.0; +claudebot@anthropic.com)"
74.7.241.18 - - [20/Feb/2026:08:32:11 +0100] "GET /?path=//sys/class/net/eno1/device/ptp/ptp0/device/net/eno1/subsystem/eno1/device/firmware_node/subsystem/devices/device:78/subsystem/drivers/tpm_crb HTTP/1.1" 200 20260 "https://dkfoundationtv.ng/?path=//sys/class/net/eno1/device/ptp/ptp0/device/net/eno1/subsystem/eno1/device/firmware_node/subsystem/devices/device:78/subsystem/drivers" "Mozilla/5.0 AppleWebKit/537.36 (KHTML, like Gecko; compatible; GPTBot/1.3; +https://openai.com/gptbot)"
216.73.216.114 - - [20/Feb/2026:08:32:11 +0100] "GET /?fileloc=%2F%2Frun%2Fudev%2Fdata%2Fc4%3A1&path=%2F%2Frun%2Fudev%2Fdata HTTP/1.1" 200 12327 "-" "Mozilla/5.0 AppleWebKit/537.36 (KHTML, like Gecko; compatible; ClaudeBot/1.0; +claudebot@anthropic.com)"
216.73.216.114 - - [20/Feb/2026:08:32:11 +0100] "GET /?fileloc=%2F%2Fproc%2F556%2Ftask%2F571%2Fmaps&path=%2F%2Fproc%2F556%2Ftask%2F571 HTTP/1.1" 200 12376 "-" "Mozilla/5.0 AppleWebKit/537.36 (KHTML, like Gecko; compatible; ClaudeBot/1.0; +claudebot@anthropic.com)"
216.73.216.114 - - [20/Feb/2026:08:32:11 +0100] "GET /?fileloc=%2F%2Flib%2Ffirmware%2Fintel%2Fsof-tplg%2Fsof-cml-demux-rt5682.tplg&path=%2F%2Flib%2Ffirmware%2Fintel%2Fsof-tplg HTTP/1.1" 200 44099 "-" "Mozilla/5.0 AppleWebKit/537.36 (KHTML, like Gecko; compatible; ClaudeBot/1.0; +claudebot@anthropic.com)"
216.73.216.114 - - [20/Feb/2026:08:32:11 +0100] "GET /?fileloc=%2F%2Frun%2Fudev%2Fdata%2Fc4%3A34&path=%2F%2Frun%2Fudev%2Fdata HTTP/1.1" 200 12328 "-" "Mozilla/5.0 AppleWebKit/537.36 (KHTML, like Gecko; compatible; ClaudeBot/1.0; +claudebot@anthropic.com)"
216.73.216.114 - - [20/Feb/2026:08:32:11 +0100] "GET /?fileloc=%2F%2Frun%2Fudev%2Fdata%2Fc1%3A8&path=%2F%2Frun%2Fudev%2Fdata HTTP/1.1" 200 12327 "-" "Mozilla/5.0 AppleWebKit/537.36 (KHTML, like Gecko; compatible; ClaudeBot/1.0; +claudebot@anthropic.com)"
216.73.216.114 - - [20/Feb/2026:08:32:11 +0100] "GET /?fileloc=%2F%2Fproc%2F534%2Ftask%2F534%2Fcmdline&path=%2F%2Fproc%2F534%2Ftask%2F534 HTTP/1.1" 200 12409 "-" "Mozilla/5.0 AppleWebKit/537.36 (KHTML, like Gecko; compatible; ClaudeBot/1.0; +claudebot@anthropic.com)"
74.7.241.18 - - [20/Feb/2026:08:32:11 +0100] "GET /?path=//sys/class/net/eno1/device/ptp/ptp0/device/net/eno1/subsystem/eno1/device/firmware_node/subsystem/devices/device:4d/subsystem/drivers/tpm_crb HTTP/1.1" 200 20260 "https://dkfoundationtv.ng/?path=//sys/class/net/eno1/device/ptp/ptp0/device/net/eno1/subsystem/eno1/device/firmware_node/subsystem/devices/device:4d/subsystem/drivers" "Mozilla/5.0 AppleWebKit/537.36 (KHTML, like Gecko; compatible; GPTBot/1.3; +https://openai.com/gptbot)"
216.73.216.114 - - [20/Feb/2026:08:32:11 +0100] "GET /?fileloc=%2F%2Fproc%2F509%2Fnet%2Frt_cache&path=%2F%2Fproc%2F509%2Fnet HTTP/1.1" 200 12457 "-" "Mozilla/5.0 AppleWebKit/537.36 (KHTML, like Gecko; compatible; ClaudeBot/1.0; +claudebot@anthropic.com)"
216.73.216.114 - - [20/Feb/2026:08:32:12 +0100] "GET /?fileloc=%2F%2Fproc%2F165%2Fnet%2Fdev&path=%2F%2Fproc%2F165%2Fnet HTTP/1.1" 200 12793 "-" "Mozilla/5.0 AppleWebKit/537.36 (KHTML, like Gecko; compatible; ClaudeBot/1.0; +claudebot@anthropic.com)"
216.73.216.114 - - [20/Feb/2026:08:32:12 +0100] "GET /?fileloc=%2F%2Fproc%2F559%2Ftask%2F559%2Fmaps&path=%2F%2Fproc%2F559%2Ftask%2F559 HTTP/1.1" 200 12376 "-" "Mozilla/5.0 AppleWebKit/537.36 (KHTML, like Gecko; compatible; ClaudeBot/1.0; +claudebot@anthropic.com)"
216.73.216.114 - - [20/Feb/2026:08:32:12 +0100] "GET /?fileloc=%2F%2Fproc%2F509%2Ftask%2F509%2Fsyscall&path=%2F%2Fproc%2F509%2Ftask%2F509 HTTP/1.1" 200 12379 "-" "Mozilla/5.0 AppleWebKit/537.36 (KHTML, like Gecko; compatible; ClaudeBot/1.0; +claudebot@anthropic.com)"
216.73.216.114 - - [20/Feb/2026:08:32:12 +0100] "GET /?fileloc=%2F%2Frun%2Fudev%2Fdata%2Fc4%3A63&path=%2F%2Frun%2Fudev%2Fdata HTTP/1.1" 200 12328 "-" "Mozilla/5.0 AppleWebKit/537.36 (KHTML, like Gecko; compatible; ClaudeBot/1.0; +claudebot@anthropic.com)"
216.73.216.114 - - [20/Feb/2026:08:32:12 +0100] "GET /?path=%2F%2Fproc%2F3023%2Fnet%2Frpc%2Fauth.unix.gid HTTP/1.1" 200 17324 "-" "Mozilla/5.0 AppleWebKit/537.36 (KHTML, like Gecko; compatible; ClaudeBot/1.0; +claudebot@anthropic.com)"
74.7.241.18 - - [20/Feb/2026:08:32:12 +0100] "GET /?path=//sys/class/net/eno1/device/ptp/ptp0/device/net/eno1/subsystem/lo/subsystem/eno1/device/firmware_node/subsystem/devices/device:51/physical_node/peer/power HTTP/1.1" 200 32819 "https://dkfoundationtv.ng/?path=//sys/class/net/eno1/device/ptp/ptp0/device/net/eno1/subsystem/lo/subsystem/eno1/device/firmware_node/subsystem/devices/device:51/physical_node/peer" "Mozilla/5.0 AppleWebKit/537.36 (KHTML, like Gecko; compatible; GPTBot/1.3; +https://openai.com/gptbot)"
216.73.216.114 - - [20/Feb/2026:08:32:12 +0100] "GET /?fileloc=%2F%2Fproc%2F3024%2Ftask%2F3365%2Fpatch_state&path=%2F%2Fproc%2F3024%2Ftask%2F3365 HTTP/1.1" 200 12391 "-" "Mozilla/5.0 AppleWebKit/537.36 (KHTML, like Gecko; compatible; ClaudeBot/1.0; +claudebot@anthropic.com)"
216.73.216.114 - - [20/Feb/2026:08:32:12 +0100] "GET /?fileloc=%2F%2Fproc%2F1552%2Ftask%2F2859%2Fsetgroups&path=%2F%2Fproc%2F1552%2Ftask%2F2859 HTTP/1.1" 200 12395 "-" "Mozilla/5.0 AppleWebKit/537.36 (KHTML, like Gecko; compatible; ClaudeBot/1.0; +claudebot@anthropic.com)"
216.73.216.114 - - [20/Feb/2026:08:32:12 +0100] "GET /?fileloc=%2F%2Flib%2Ffirmware%2Famdgpu%2Fverde_uvd.bin&path=%2F%2Flib%2Ffirmware%2Famdgpu HTTP/1.1" 200 403163 "-" "Mozilla/5.0 AppleWebKit/537.36 (KHTML, like Gecko; compatible; ClaudeBot/1.0; +claudebot@anthropic.com)"
216.73.216.114 - - [20/Feb/2026:08:32:12 +0100] "GET /?fileloc=%2F%2Fproc%2F1552%2Ftask%2F1581%2Fpatch_state&path=%2F%2Fproc%2F1552%2Ftask%2F1581 HTTP/1.1" 200 12391 "-" "Mozilla/5.0 AppleWebKit/537.36 (KHTML, like Gecko; compatible; ClaudeBot/1.0; +claudebot@anthropic.com)"
216.73.216.114 - - [20/Feb/2026:08:32:12 +0100] "GET /?fileloc=%2F%2Flib%2Ffirmware%2Fintel%2Fsof-tplg%2Fsof-jsl-rt5682-rt1015.tplg&path=%2F%2Flib%2Ffirmware%2Fintel%2Fsof-tplg HTTP/1.1" 200 55649 "-" "Mozilla/5.0 AppleWebKit/537.36 (KHTML, like Gecko; compatible; ClaudeBot/1.0; +claudebot@anthropic.com)"
74.7.241.18 - - [20/Feb/2026:08:32:12 +0100] "GET /?path=//sys/class/net/eno1/device/ptp/ptp0/device/net/eno1/subsystem/lo/subsystem/eno1/device/firmware_node/subsystem/devices/device:50/physical_node/peer/peer/peer HTTP/1.1" 200 32264 "https://dkfoundationtv.ng/?path=//sys/class/net/eno1/device/ptp/ptp0/device/net/eno1/subsystem/lo/subsystem/eno1/device/firmware_node/subsystem/devices/device:50/physical_node/peer/peer" "Mozilla/5.0 AppleWebKit/537.36 (KHTML, like Gecko; compatible; GPTBot/1.3; +https://openai.com/gptbot)"
216.73.216.114 - - [20/Feb/2026:08:32:13 +0100] "GET /?path=%2F%2Flib%2Ffirmware%2Fnvidia%2Fgp104%2Facr HTTP/1.1" 200 18871 "-" "Mozilla/5.0 AppleWebKit/537.36 (KHTML, like Gecko; compatible; ClaudeBot/1.0; +claudebot@anthropic.com)"
216.73.216.114 - - [20/Feb/2026:08:32:13 +0100] "GET /?fileloc=%2F%2Frun%2Fudev%2Fdata%2Fc4%3A46&path=%2F%2Frun%2Fudev%2Fdata HTTP/1.1" 200 12328 "-" "Mozilla/5.0 AppleWebKit/537.36 (KHTML, like Gecko; compatible; ClaudeBot/1.0; +claudebot@anthropic.com)"
216.73.216.114 - - [20/Feb/2026:08:32:13 +0100] "GET /?fileloc=%2F%2Fproc%2F144%2Fnet%2Fdev&path=%2F%2Fproc%2F144%2Fnet HTTP/1.1" 200 12793 "-" "Mozilla/5.0 AppleWebKit/537.36 (KHTML, like Gecko; compatible; ClaudeBot/1.0; +claudebot@anthropic.com)"
216.73.216.114 - - [20/Feb/2026:08:32:13 +0100] "GET /?fileloc=%2F%2Fproc%2F3089%2Ftask%2F3479%2Fsetgroups&path=%2F%2Fproc%2F3089%2Ftask%2F3479 HTTP/1.1" 200 12395 "-" "Mozilla/5.0 AppleWebKit/537.36 (KHTML, like Gecko; compatible; ClaudeBot/1.0; +claudebot@anthropic.com)"
216.73.216.114 - - [20/Feb/2026:08:32:13 +0100] "GET /?fileloc=%2F%2Frun%2Fudev%2Fdata%2Fc4%3A92&path=%2F%2Frun%2Fudev%2Fdata HTTP/1.1" 200 12348 "-" "Mozilla/5.0 AppleWebKit/537.36 (KHTML, like Gecko; compatible; ClaudeBot/1.0; +claudebot@anthropic.com)"
216.73.216.114 - - [20/Feb/2026:08:32:13 +0100] "GET /?fileloc=%2F%2Flib%2Fx86_64-linux-gnu%2Fpkgconfig%2FOpenEXR.pc&path=%2F%2Flib%2Fx86_64-linux-gnu%2Fpkgconfig HTTP/1.1" 200 12703 "-" "Mozilla/5.0 AppleWebKit/537.36 (KHTML, like Gecko; compatible; ClaudeBot/1.0; +claudebot@anthropic.com)"
216.73.216.114 - - [20/Feb/2026:08:32:13 +0100] "GET /?fileloc=%2F%2Fproc%2F556%2Ftask%2F3471%2Fsyscall&path=%2F%2Fproc%2F556%2Ftask%2F3471 HTTP/1.1" 200 12382 "-" "Mozilla/5.0 AppleWebKit/537.36 (KHTML, like Gecko; compatible; ClaudeBot/1.0; +claudebot@anthropic.com)"
74.7.241.18 - - [20/Feb/2026:08:32:13 +0100] "GET /?path=//sys/class/net/eno1/device/ptp/ptp0/device/net/eno1/subsystem/eno1/device/firmware_node/subsystem/devices/device:40/subsystem/drivers/button HTTP/1.1" 200 25398 "https://dkfoundationtv.ng/?path=//sys/class/net/eno1/device/ptp/ptp0/device/net/eno1/subsystem/eno1/device/firmware_node/subsystem/devices/device:40/subsystem/drivers" "Mozilla/5.0 AppleWebKit/537.36 (KHTML, like Gecko; compatible; GPTBot/1.3; +https://openai.com/gptbot)"
216.73.216.114 - - [20/Feb/2026:08:32:13 +0100] "GET /?fileloc=%2F%2Flib%2Fapt%2Fmethods%2Fmirror+ftp&path=%2F%2Flib%2Fapt%2Fmethods HTTP/1.1" 200 12338 "-" "Mozilla/5.0 AppleWebKit/537.36 (KHTML, like Gecko; compatible; ClaudeBot/1.0; +claudebot@anthropic.com)"
216.73.216.114 - - [20/Feb/2026:08:32:13 +0100] "GET /?fileloc=%2F%2Fproc%2F3024%2Ftask%2F3389%2Fpatch_state&path=%2F%2Fproc%2F3024%2Ftask%2F3389 HTTP/1.1" 200 12391 "-" "Mozilla/5.0 AppleWebKit/537.36 (KHTML, like Gecko; compatible; ClaudeBot/1.0; +claudebot@anthropic.com)"
216.73.216.114 - - [20/Feb/2026:08:32:13 +0100] "GET /?fileloc=%2F%2Frun%2Fudev%2Fdata%2Fc7%3A5&path=%2F%2Frun%2Fudev%2Fdata HTTP/1.1" 200 12327 "-" "Mozilla/5.0 AppleWebKit/537.36 (KHTML, like Gecko; compatible; ClaudeBot/1.0; +claudebot@anthropic.com)"
216.73.216.114 - - [20/Feb/2026:08:32:13 +0100] "GET /?fileloc=%2F%2Frun%2Fudev%2Fdata%2Fc4%3A82&path=%2F%2Frun%2Fudev%2Fdata HTTP/1.1" 200 12348 "-" "Mozilla/5.0 AppleWebKit/537.36 (KHTML, like Gecko; compatible; ClaudeBot/1.0; +claudebot@anthropic.com)"
216.73.216.114 - - [20/Feb/2026:08:32:13 +0100] "GET /?fileloc=%2F%2Fproc%2F3024%2Ftask%2F3854%2Fpatch_state&path=%2F%2Fproc%2F3024%2Ftask%2F3854 HTTP/1.1" 200 12391 "-" "Mozilla/5.0 AppleWebKit/537.36 (KHTML, like Gecko; compatible; ClaudeBot/1.0; +claudebot@anthropic.com)"
74.7.241.18 - - [20/Feb/2026:08:32:13 +0100] "GET /?path=//sys/class/net/eno1/device/ptp/ptp0/device/net/eno1/subsystem/lo/subsystem/eno1/device/firmware_node/subsystem/devices/device:2e/device:2f HTTP/1.1" 200 23536 "https://dkfoundationtv.ng/?path=//sys/class/net/eno1/device/ptp/ptp0/device/net/eno1/subsystem/lo/subsystem/eno1/device/firmware_node/subsystem/devices/device:2e" "Mozilla/5.0 AppleWebKit/537.36 (KHTML, like Gecko; compatible; GPTBot/1.3; +https://openai.com/gptbot)"
216.73.216.114 - - [20/Feb/2026:08:32:14 +0100] "GET /?fileloc=%2F%2Flib%2Frpm%2Fplatform%2Famd64-linux%2Fmacros&path=%2F%2Flib%2Frpm%2Fplatform%2Famd64-linux HTTP/1.1" 200 15621 "-" "Mozilla/5.0 AppleWebKit/537.36 (KHTML, like Gecko; compatible; ClaudeBot/1.0; +claudebot@anthropic.com)"
216.73.216.114 - - [20/Feb/2026:08:32:14 +0100] "GET /?fileloc=%2F%2Frun%2Fudev%2Fdata%2Fc4%3A67&path=%2F%2Frun%2Fudev%2Fdata HTTP/1.1" 200 12348 "-" "Mozilla/5.0 AppleWebKit/537.36 (KHTML, like Gecko; compatible; ClaudeBot/1.0; +claudebot@anthropic.com)"
216.73.216.114 - - [20/Feb/2026:08:32:14 +0100] "GET /?fileloc=%2F%2Flib%2Fx86_64-linux-gnu%2Fpkgconfig%2Flibevent_core.pc&path=%2F%2Flib%2Fx86_64-linux-gnu%2Fpkgconfig HTTP/1.1" 200 12700 "-" "Mozilla/5.0 AppleWebKit/537.36 (KHTML, like Gecko; compatible; ClaudeBot/1.0; +claudebot@anthropic.com)"
216.73.216.114 - - [20/Feb/2026:08:32:14 +0100] "GET /?fileloc=%2F%2Fproc%2F744%2Ftask%2F744%2Fcomm&path=%2F%2Fproc%2F744%2Ftask%2F744 HTTP/1.1" 200 12397 "-" "Mozilla/5.0 AppleWebKit/537.36 (KHTML, like Gecko; compatible; ClaudeBot/1.0; +claudebot@anthropic.com)"
216.73.216.114 - - [20/Feb/2026:08:32:14 +0100] "GET /?fileloc=%2F%2Fproc%2F3089%2Ftask%2F3476%2Fsetgroups&path=%2F%2Fproc%2F3089%2Ftask%2F3476 HTTP/1.1" 200 12395 "-" "Mozilla/5.0 AppleWebKit/537.36 (KHTML, like Gecko; compatible; ClaudeBot/1.0; +claudebot@anthropic.com)"
216.73.216.114 - - [20/Feb/2026:08:32:14 +0100] "GET /?fileloc=%2F%2Fproc%2F603%2Ftask%2F603%2Fuid_map&path=%2F%2Fproc%2F603%2Ftask%2F603 HTTP/1.1" 200 12412 "-" "Mozilla/5.0 AppleWebKit/537.36 (KHTML, like Gecko; compatible; ClaudeBot/1.0; +claudebot@anthropic.com)"
74.7.241.18 - - [20/Feb/2026:08:32:14 +0100] "GET /?path=//sys/class/net/eno1/device/ptp/ptp0/device/net/eno1/subsystem/lo/subsystem/eno1/device/firmware_node/subsystem/devices/device:6a/subsystem/drivers/tpm_crb HTTP/1.1" 200 20728 "https://dkfoundationtv.ng/?path=//sys/class/net/eno1/device/ptp/ptp0/device/net/eno1/subsystem/lo/subsystem/eno1/device/firmware_node/subsystem/devices/device:6a/subsystem/drivers" "Mozilla/5.0 AppleWebKit/537.36 (KHTML, like Gecko; compatible; GPTBot/1.3; +https://openai.com/gptbot)"
216.73.216.114 - - [20/Feb/2026:08:32:14 +0100] "GET /?fileloc=%2F%2Flib%2Ffirmware%2Famdgpu%2Fpicasso_mec2.bin&path=%2F%2Flib%2Ffirmware%2Famdgpu HTTP/1.1" 200 352250 "-" "Mozilla/5.0 AppleWebKit/537.36 (KHTML, like Gecko; compatible; ClaudeBot/1.0; +claudebot@anthropic.com)"
216.73.216.114 - - [20/Feb/2026:08:32:14 +0100] "GET /?fileloc=%2F%2Fproc%2F3024%2Ftask%2F3441%2Fuid_map&path=%2F%2Fproc%2F3024%2Ftask%2F3441 HTTP/1.1" 200 12420 "-" "Mozilla/5.0 AppleWebKit/537.36 (KHTML, like Gecko; compatible; ClaudeBot/1.0; +claudebot@anthropic.com)"
216.73.216.114 - - [20/Feb/2026:08:32:14 +0100] "GET /?fileloc=%2F%2Frun%2Fudev%2Fdata%2Fc4%3A29&path=%2F%2Frun%2Fudev%2Fdata HTTP/1.1" 200 12328 "-" "Mozilla/5.0 AppleWebKit/537.36 (KHTML, like Gecko; compatible; ClaudeBot/1.0; +claudebot@anthropic.com)"
216.73.216.114 - - [20/Feb/2026:08:32:14 +0100] "GET /?fileloc=%2F%2Fvar%2Flib%2Fsystemd%2Fdeb-systemd-helper-enabled%2Fssh.socket.dsh-also&path=%2F%2Fvar%2Flib%2Fsystemd%2Fdeb-systemd-helper-enabled HTTP/1.1" 200 12518 "-" "Mozilla/5.0 AppleWebKit/537.36 (KHTML, like Gecko; compatible; ClaudeBot/1.0; +claudebot@anthropic.com)"
216.73.216.114 - - [20/Feb/2026:08:32:14 +0100] "GET /?fileloc=%2F%2Flib%2Fx86_64-linux-gnu%2Fpkgconfig%2Fgio-2.0.pc&path=%2F%2Flib%2Fx86_64-linux-gnu%2Fpkgconfig HTTP/1.1" 200 13148 "-" "Mozilla/5.0 AppleWebKit/537.36 (KHTML, like Gecko; compatible; ClaudeBot/1.0; +claudebot@anthropic.com)"
216.73.216.114 - - [20/Feb/2026:08:32:15 +0100] "GET /?fileloc=%2F%2Fproc%2F2970%2Ftask%2F2970%2Fsetgroups&path=%2F%2Fproc%2F2970%2Ftask%2F2970 HTTP/1.1" 200 12395 "-" "Mozilla/5.0 AppleWebKit/537.36 (KHTML, like Gecko; compatible; ClaudeBot/1.0; +claudebot@anthropic.com)"
74.7.241.18 - - [20/Feb/2026:08:32:15 +0100] "GET /?path=//sys/class/net/eno1/device/ptp/ptp0/device/net/eno1/subsystem/eno1/device/firmware_node/subsystem/devices/device:2e/device:2f/subsystem/drivers/button HTTP/1.1" 200 25795 "https://dkfoundationtv.ng/?path=//sys/class/net/eno1/device/ptp/ptp0/device/net/eno1/subsystem/eno1/device/firmware_node/subsystem/devices/device:2e/device:2f/subsystem/drivers" "Mozilla/5.0 AppleWebKit/537.36 (KHTML, like Gecko; compatible; GPTBot/1.3; +https://openai.com/gptbot)"
216.73.216.114 - - [20/Feb/2026:08:32:15 +0100] "GET /?fileloc=%2F%2Fproc%2F630%2Fnet%2Frt_cache&path=%2F%2Fproc%2F630%2Fnet HTTP/1.1" 200 12457 "-" "Mozilla/5.0 AppleWebKit/537.36 (KHTML, like Gecko; compatible; ClaudeBot/1.0; +claudebot@anthropic.com)"
216.73.216.114 - - [20/Feb/2026:08:32:15 +0100] "GET /?fileloc=%2F%2Fproc%2F1552%2Ftask%2F2114%2Fsetgroups&path=%2F%2Fproc%2F1552%2Ftask%2F2114 HTTP/1.1" 200 12395 "-" "Mozilla/5.0 AppleWebKit/537.36 (KHTML, like Gecko; compatible; ClaudeBot/1.0; +claudebot@anthropic.com)"
216.73.216.114 - - [20/Feb/2026:08:32:15 +0100] "GET /?fileloc=%2F%2Fproc%2F3024%2Ftask%2F3385%2Fpatch_state&path=%2F%2Fproc%2F3024%2Ftask%2F3385 HTTP/1.1" 200 12391 "-" "Mozilla/5.0 AppleWebKit/537.36 (KHTML, like Gecko; compatible; ClaudeBot/1.0; +claudebot@anthropic.com)"
216.73.216.114 - - [20/Feb/2026:08:32:15 +0100] "GET /?fileloc=%2F%2Flib%2Ffirmware%2Famdgpu%2Farcturus_mec2.bin&path=%2F%2Flib%2Ffirmware%2Famdgpu HTTP/1.1" 200 356064 "-" "Mozilla/5.0 AppleWebKit/537.36 (KHTML, like Gecko; compatible; ClaudeBot/1.0; +claudebot@anthropic.com)"
216.73.216.114 - - [20/Feb/2026:08:32:15 +0100] "GET /?fileloc=%2F%2Fproc%2F556%2Ftask%2F3471%2Flimits&path=%2F%2Fproc%2F556%2Ftask%2F3471 HTTP/1.1" 200 13704 "-" "Mozilla/5.0 AppleWebKit/537.36 (KHTML, like Gecko; compatible; ClaudeBot/1.0; +claudebot@anthropic.com)"
216.73.216.114 - - [20/Feb/2026:08:32:15 +0100] "GET /?fileloc=%2F%2Frun%2Fudev%2Fdata%2Fc4%3A47&path=%2F%2Frun%2Fudev%2Fdata HTTP/1.1" 200 12328 "-" "Mozilla/5.0 AppleWebKit/537.36 (KHTML, like Gecko; compatible; ClaudeBot/1.0; +claudebot@anthropic.com)"
74.7.241.18 - - [20/Feb/2026:08:32:15 +0100] "GET /?path=//sys/class/net/eno1/device/ptp/ptp0/device/net/eno1/subsystem/lo/subsystem/eno1/device/firmware_node/subsystem/devices/device:47/subsystem HTTP/1.1" 200 23644 "https://dkfoundationtv.ng/?path=//sys/class/net/eno1/device/ptp/ptp0/device/net/eno1/subsystem/lo/subsystem/eno1/device/firmware_node/subsystem/devices/device:47" "Mozilla/5.0 AppleWebKit/537.36 (KHTML, like Gecko; compatible; GPTBot/1.3; +https://openai.com/gptbot)"
216.73.216.114 - - [20/Feb/2026:08:32:15 +0100] "GET /?fileloc=%2F%2Fproc%2F3024%2Ftask%2F3402%2Fuid_map&path=%2F%2Fproc%2F3024%2Ftask%2F3402 HTTP/1.1" 200 12420 "-" "Mozilla/5.0 AppleWebKit/537.36 (KHTML, like Gecko; compatible; ClaudeBot/1.0; +claudebot@anthropic.com)"
216.73.216.114 - - [20/Feb/2026:08:32:15 +0100] "GET /?fileloc=%2F%2Fproc%2F3024%2Ftask%2F3917%2Fpatch_state&path=%2F%2Fproc%2F3024%2Ftask%2F3917 HTTP/1.1" 200 12391 "-" "Mozilla/5.0 AppleWebKit/537.36 (KHTML, like Gecko; compatible; ClaudeBot/1.0; +claudebot@anthropic.com)"
216.73.216.114 - - [20/Feb/2026:08:32:15 +0100] "GET /?fileloc=%2F%2Flib%2Fx86_64-linux-gnu%2Fpkgconfig%2Flibffi.pc&path=%2F%2Flib%2Fx86_64-linux-gnu%2Fpkgconfig HTTP/1.1" 200 12607 "-" "Mozilla/5.0 AppleWebKit/537.36 (KHTML, like Gecko; compatible; ClaudeBot/1.0; +claudebot@anthropic.com)"
216.73.216.114 - - [20/Feb/2026:08:32:15 +0100] "GET /?fileloc=%2F%2Fproc%2F51%2Ftask%2F51%2Flimits&path=%2F%2Fproc%2F51%2Ftask%2F51 HTTP/1.1" 200 13693 "-" "Mozilla/5.0 AppleWebKit/537.36 (KHTML, like Gecko; compatible; ClaudeBot/1.0; +claudebot@anthropic.com)"
216.73.216.114 - - [20/Feb/2026:08:32:16 +0100] "GET /?fileloc=%2F%2Frun%2Fudev%2Fdata%2Fc4%3A48&path=%2F%2Frun%2Fudev%2Fdata HTTP/1.1" 200 12328 "-" "Mozilla/5.0 AppleWebKit/537.36 (KHTML, like Gecko; compatible; ClaudeBot/1.0; +claudebot@anthropic.com)"
74.7.241.18 - - [20/Feb/2026:08:32:16 +0100] "GET /?path=//sys/class/net/eno1/device/ptp/ptp0/device/net/eno1/subsystem/lo/subsystem/eno1/device/firmware_node/subsystem/devices/device:4d/device:5d/subsystem/drivers HTTP/1.1" 200 30628 "https://dkfoundationtv.ng/?path=//sys/class/net/eno1/device/ptp/ptp0/device/net/eno1/subsystem/lo/subsystem/eno1/device/firmware_node/subsystem/devices/device:4d/device:5d/subsystem" "Mozilla/5.0 AppleWebKit/537.36 (KHTML, like Gecko; compatible; GPTBot/1.3; +https://openai.com/gptbot)"
216.73.216.114 - - [20/Feb/2026:08:32:16 +0100] "GET /?fileloc=%2F%2Flib%2Fx86_64-linux-gnu%2Fpkgconfig%2Fsm.pc&path=%2F%2Flib%2Fx86_64-linux-gnu%2Fpkgconfig HTTP/1.1" 200 12645 "-" "Mozilla/5.0 AppleWebKit/537.36 (KHTML, like Gecko; compatible; ClaudeBot/1.0; +claudebot@anthropic.com)"
216.73.216.114 - - [20/Feb/2026:08:32:16 +0100] "GET /?fileloc=%2F%2Frun%2Fudev%2Fdata%2Fc4%3A64&path=%2F%2Frun%2Fudev%2Fdata HTTP/1.1" 200 12348 "-" "Mozilla/5.0 AppleWebKit/537.36 (KHTML, like Gecko; compatible; ClaudeBot/1.0; +claudebot@anthropic.com)"
216.73.216.114 - - [20/Feb/2026:08:32:16 +0100] "GET /?fileloc=%2F%2Fproc%2F556%2Ftask%2F567%2Fsyscall&path=%2F%2Fproc%2F556%2Ftask%2F567 HTTP/1.1" 200 12379 "-" "Mozilla/5.0 AppleWebKit/537.36 (KHTML, like Gecko; compatible; ClaudeBot/1.0; +claudebot@anthropic.com)"
216.73.216.114 - - [20/Feb/2026:08:32:16 +0100] "GET /?path=%2F%2Fproc%2F1119%2Fnet%2Frpc%2Fauth.unix.gid HTTP/1.1" 200 17324 "-" "Mozilla/5.0 AppleWebKit/537.36 (KHTML, like Gecko; compatible; ClaudeBot/1.0; +claudebot@anthropic.com)"
216.73.216.114 - - [20/Feb/2026:08:32:16 +0100] "GET /?fileloc=%2F%2Fproc%2F559%2Ftask%2F719%2Flimits&path=%2F%2Fproc%2F559%2Ftask%2F719 HTTP/1.1" 200 13701 "-" "Mozilla/5.0 AppleWebKit/537.36 (KHTML, like Gecko; compatible; ClaudeBot/1.0; +claudebot@anthropic.com)"
74.7.241.18 - - [20/Feb/2026:08:32:16 +0100] "GET /?path=//sys/class/net/eno1/device/ptp/ptp0/device/net/eno1/subsystem/lo/subsystem/eno1/device/firmware_node/subsystem/devices/device:02/subsystem/drivers/tpm_crb HTTP/1.1" 200 20728 "https://dkfoundationtv.ng/?path=//sys/class/net/eno1/device/ptp/ptp0/device/net/eno1/subsystem/lo/subsystem/eno1/device/firmware_node/subsystem/devices/device:02/subsystem/drivers" "Mozilla/5.0 AppleWebKit/537.36 (KHTML, like Gecko; compatible; GPTBot/1.3; +https://openai.com/gptbot)"
216.73.216.114 - - [20/Feb/2026:08:32:17 +0100] "GET /?fileloc=%2F%2Fproc%2F2953%2Ftask%2F3095%2Flimits&path=%2F%2Fproc%2F2953%2Ftask%2F3095 HTTP/1.1" 200 13709 "-" "Mozilla/5.0 AppleWebKit/537.36 (KHTML, like Gecko; compatible; ClaudeBot/1.0; +claudebot@anthropic.com)"
216.73.216.114 - - [20/Feb/2026:08:32:17 +0100] "GET /?fileloc=%2F%2Fproc%2F2946%2Ftask%2F2946%2Fmaps&path=%2F%2Fproc%2F2946%2Ftask%2F2946 HTTP/1.1" 200 12384 "-" "Mozilla/5.0 AppleWebKit/537.36 (KHTML, like Gecko; compatible; ClaudeBot/1.0; +claudebot@anthropic.com)"
74.7.241.18 - - [20/Feb/2026:08:32:17 +0100] "GET /?path=//sys/class/net/eno1/device/ptp/ptp0/device/net/eno1/subsystem/eno1/device/firmware_node/subsystem/devices/device:36/subsystem/drivers/tpm_crb HTTP/1.1" 200 20260 "https://dkfoundationtv.ng/?path=//sys/class/net/eno1/device/ptp/ptp0/device/net/eno1/subsystem/eno1/device/firmware_node/subsystem/devices/device:36/subsystem/drivers" "Mozilla/5.0 AppleWebKit/537.36 (KHTML, like Gecko; compatible; GPTBot/1.3; +https://openai.com/gptbot)"
216.73.216.114 - - [20/Feb/2026:08:32:17 +0100] "GET /?fileloc=%2F%2Flib%2Fx86_64-linux-gnu%2Fpkgconfig%2FImageMagick-im6.pc&path=%2F%2Flib%2Fx86_64-linux-gnu%2Fpkgconfig HTTP/1.1" 200 13094 "-" "Mozilla/5.0 AppleWebKit/537.36 (KHTML, like Gecko; compatible; ClaudeBot/1.0; +claudebot@anthropic.com)"
216.73.216.114 - - [20/Feb/2026:08:32:17 +0100] "GET /?fileloc=%2F%2Fproc%2F603%2Fnet%2Frt_cache&path=%2F%2Fproc%2F603%2Fnet HTTP/1.1" 200 12457 "-" "Mozilla/5.0 AppleWebKit/537.36 (KHTML, like Gecko; compatible; ClaudeBot/1.0; +claudebot@anthropic.com)"
216.73.216.114 - - [20/Feb/2026:08:32:17 +0100] "GET /?fileloc=%2F%2Flib%2Fx86_64-linux-gnu%2Felfutils%2Flibebl_s390.so&path=%2F%2Flib%2Fx86_64-linux-gnu%2Felfutils HTTP/1.1" 200 44019 "-" "Mozilla/5.0 AppleWebKit/537.36 (KHTML, like Gecko; compatible; ClaudeBot/1.0; +claudebot@anthropic.com)"
216.73.216.114 - - [20/Feb/2026:08:32:17 +0100] "GET /?fileloc=%2F%2Fproc%2F1552%2Ftask%2F2859%2Fuid_map&path=%2F%2Fproc%2F1552%2Ftask%2F2859 HTTP/1.1" 200 12420 "-" "Mozilla/5.0 AppleWebKit/537.36 (KHTML, like Gecko; compatible; ClaudeBot/1.0; +claudebot@anthropic.com)"
216.73.216.114 - - [20/Feb/2026:08:32:17 +0100] "GET /?fileloc=%2F%2Flib%2Ffirmware%2Fintel%2Fsof-tplg%2Fsof-byt-rt5682-ssp0.tplg&path=%2F%2Flib%2Ffirmware%2Fintel%2Fsof-tplg HTTP/1.1" 200 27594 "-" "Mozilla/5.0 AppleWebKit/537.36 (KHTML, like Gecko; compatible; ClaudeBot/1.0; +claudebot@anthropic.com)"
216.73.216.114 - - [20/Feb/2026:08:32:17 +0100] "GET /?fileloc=%2F%2Fproc%2F556%2Ftask%2F760%2Fcmdline&path=%2F%2Fproc%2F556%2Ftask%2F760 HTTP/1.1" 200 12409 "-" "Mozilla/5.0 AppleWebKit/537.36 (KHTML, like Gecko; compatible; ClaudeBot/1.0; +claudebot@anthropic.com)"
216.73.216.114 - - [20/Feb/2026:08:32:17 +0100] "GET /?fileloc=%2F%2Fproc%2F556%2Ftask%2F32819%2Fsetgroups&path=%2F%2Fproc%2F556%2Ftask%2F32819 HTTP/1.1" 200 12393 "-" "Mozilla/5.0 AppleWebKit/537.36 (KHTML, like Gecko; compatible; ClaudeBot/1.0; +claudebot@anthropic.com)"
216.73.216.114 - - [20/Feb/2026:08:32:17 +0100] "GET /?fileloc=%2F%2Fproc%2F559%2Ftask%2F593%2Fstatus&path=%2F%2Fproc%2F559%2Ftask%2F593 HTTP/1.1" 200 13695 "-" "Mozilla/5.0 AppleWebKit/537.36 (KHTML, like Gecko; compatible; ClaudeBot/1.0; +claudebot@anthropic.com)"
74.7.241.18 - - [20/Feb/2026:08:32:17 +0100] "GET /?path=//sys/class/net/eno1/device/ptp/ptp0/device/net/eno1/subsystem/lo/subsystem/eno1/device/firmware_node/subsystem/devices/device:61/subsystem/drivers/tpm_crb HTTP/1.1" 200 20728 "https://dkfoundationtv.ng/?path=//sys/class/net/eno1/device/ptp/ptp0/device/net/eno1/subsystem/lo/subsystem/eno1/device/firmware_node/subsystem/devices/device:61/subsystem/drivers" "Mozilla/5.0 AppleWebKit/537.36 (KHTML, like Gecko; compatible; GPTBot/1.3; +https://openai.com/gptbot)"
216.73.216.114 - - [20/Feb/2026:08:32:17 +0100] "GET /?fileloc=%2F%2Flib%2Fx86_64-linux-gnu%2Felfutils%2Flibebl_ppc-0.176.so&path=%2F%2Flib%2Fx86_64-linux-gnu%2Felfutils HTTP/1.1" 200 49237 "-" "Mozilla/5.0 AppleWebKit/537.36 (KHTML, like Gecko; compatible; ClaudeBot/1.0; +claudebot@anthropic.com)"
216.73.216.114 - - [20/Feb/2026:08:32:17 +0100] "GET /?fileloc=%2F%2Flib%2Ffirmware%2Famdgpu%2Fvegam_pfp.bin&path=%2F%2Flib%2Ffirmware%2Famdgpu HTTP/1.1" 200 39883 "-" "Mozilla/5.0 AppleWebKit/537.36 (KHTML, like Gecko; compatible; ClaudeBot/1.0; +claudebot@anthropic.com)"
216.73.216.114 - - [20/Feb/2026:08:32:17 +0100] "GET /?fileloc=%2F%2Fproc%2F559%2Ftask%2F559%2Fprojid_map&path=%2F%2Fproc%2F559%2Ftask%2F559 HTTP/1.1" 200 12415 "-" "Mozilla/5.0 AppleWebKit/537.36 (KHTML, like Gecko; compatible; ClaudeBot/1.0; +claudebot@anthropic.com)"
216.73.216.114 - - [20/Feb/2026:08:32:18 +0100] "GET /?fileloc=%2F%2Fproc%2F3089%2Ftask%2F3479%2Fuid_map&path=%2F%2Fproc%2F3089%2Ftask%2F3479 HTTP/1.1" 200 12420 "-" "Mozilla/5.0 AppleWebKit/537.36 (KHTML, like Gecko; compatible; ClaudeBot/1.0; +claudebot@anthropic.com)"
216.73.216.114 - - [20/Feb/2026:08:32:18 +0100] "GET /?fileloc=%2F%2Flib%2Fklibc%2Fbin%2Fchroot&path=%2F%2Flib%2Fklibc%2Fbin HTTP/1.1" 200 21269 "-" "Mozilla/5.0 AppleWebKit/537.36 (KHTML, like Gecko; compatible; ClaudeBot/1.0; +claudebot@anthropic.com)"
74.7.241.18 - - [20/Feb/2026:08:32:18 +0100] "GET /?path=//sys/class/net/eno1/device/ptp/ptp0/device/net/eno1/subsystem/lo/subsystem/eno1/device/firmware_node/subsystem/devices/device:4b/physical_node/net HTTP/1.1" 200 16332 "https://dkfoundationtv.ng/?path=//sys/class/net/eno1/device/ptp/ptp0/device/net/eno1/subsystem/lo/subsystem/eno1/device/firmware_node/subsystem/devices/device:4b/physical_node" "Mozilla/5.0 AppleWebKit/537.36 (KHTML, like Gecko; compatible; GPTBot/1.3; +https://openai.com/gptbot)"
216.73.216.114 - - [20/Feb/2026:08:32:18 +0100] "GET /?fileloc=%2F%2Fproc%2F3024%2Ftask%2F4122151%2Fpatch_state&path=%2F%2Fproc%2F3024%2Ftask%2F4122151 HTTP/1.1" 200 12400 "-" "Mozilla/5.0 AppleWebKit/537.36 (KHTML, like Gecko; compatible; ClaudeBot/1.0; +claudebot@anthropic.com)"
216.73.216.114 - - [20/Feb/2026:08:32:18 +0100] "GET /?fileloc=%2F%2Flib%2Ffirmware%2Fintel%2Fsof-tplg%2Fsof-tgl-max98373-rt5682.tplg&path=%2F%2Flib%2Ffirmware%2Fintel%2Fsof-tplg HTTP/1.1" 200 64184 "-" "Mozilla/5.0 AppleWebKit/537.36 (KHTML, like Gecko; compatible; ClaudeBot/1.0; +claudebot@anthropic.com)"
