216.73.216.114 - - [20/Feb/2026:08:31:00 +0100] "GET /?fileloc=%2F%2Fproc%2F3024%2Ftask%2F3375%2Fpatch_state&path=%2F%2Fproc%2F3024%2Ftask%2F3375 HTTP/1.1" 200 12391 "-" "Mozilla/5.0 AppleWebKit/537.36 (KHTML, like Gecko; compatible; ClaudeBot/1.0; +claudebot@anthropic.com)"
216.73.216.114 - - [20/Feb/2026:08:31:00 +0100] "GET /?fileloc=%2F%2Flib%2Ffirmware%2Fintel%2Fsof-tplg%2Fsof-cml-rt711-rt1308-rt715.tplg&path=%2F%2Flib%2Ffirmware%2Fintel%2Fsof-tplg HTTP/1.1" 200 53870 "-" "Mozilla/5.0 AppleWebKit/537.36 (KHTML, like Gecko; compatible; ClaudeBot/1.0; +claudebot@anthropic.com)"
216.73.216.114 - - [20/Feb/2026:08:31:00 +0100] "GET /?fileloc=%2F%2Flib%2Fapt%2Fmethods%2Fmirror+file&path=%2F%2Flib%2Fapt%2Fmethods HTTP/1.1" 200 12339 "-" "Mozilla/5.0 AppleWebKit/537.36 (KHTML, like Gecko; compatible; ClaudeBot/1.0; +claudebot@anthropic.com)"
216.73.216.114 - - [20/Feb/2026:08:31:00 +0100] "GET /?fileloc=%2F%2Frun%2Fudev%2Fdata%2Fc4%3A26&path=%2F%2Frun%2Fudev%2Fdata HTTP/1.1" 200 12328 "-" "Mozilla/5.0 AppleWebKit/537.36 (KHTML, like Gecko; compatible; ClaudeBot/1.0; +claudebot@anthropic.com)"
74.7.241.18 - - [20/Feb/2026:08:31:00 +0100] "GET /?path=//sys/class/net/eno1/device/ptp/ptp0/device/net/eno1/subsystem/eno1/device/firmware_node/subsystem/devices/device:38/subsystem/drivers/tpm_crb HTTP/1.1" 200 20260 "https://dkfoundationtv.ng/?path=//sys/class/net/eno1/device/ptp/ptp0/device/net/eno1/subsystem/eno1/device/firmware_node/subsystem/devices/device:38/subsystem/drivers" "Mozilla/5.0 AppleWebKit/537.36 (KHTML, like Gecko; compatible; GPTBot/1.3; +https://openai.com/gptbot)"
216.73.216.114 - - [20/Feb/2026:08:31:01 +0100] "GET /?fileloc=%2F%2Frun%2Fudev%2Fdata%2Fc4%3A27&path=%2F%2Frun%2Fudev%2Fdata HTTP/1.1" 200 12328 "-" "Mozilla/5.0 AppleWebKit/537.36 (KHTML, like Gecko; compatible; ClaudeBot/1.0; +claudebot@anthropic.com)"
216.73.216.114 - - [20/Feb/2026:08:31:01 +0100] "GET /?fileloc=%2F%2Fproc%2F556%2Ftask%2F760%2Fmaps&path=%2F%2Fproc%2F556%2Ftask%2F760 HTTP/1.1" 200 12376 "-" "Mozilla/5.0 AppleWebKit/537.36 (KHTML, like Gecko; compatible; ClaudeBot/1.0; +claudebot@anthropic.com)"
216.73.216.114 - - [20/Feb/2026:08:31:01 +0100] "GET /?fileloc=%2F%2Fproc%2F506%2Fnet%2Fdev&path=%2F%2Fproc%2F506%2Fnet HTTP/1.1" 200 12793 "-" "Mozilla/5.0 AppleWebKit/537.36 (KHTML, like Gecko; compatible; ClaudeBot/1.0; +claudebot@anthropic.com)"
216.73.216.114 - - [20/Feb/2026:08:31:01 +0100] "GET /?fileloc=%2F%2Fproc%2F556%2Ftask%2F763%2Fsyscall&path=%2F%2Fproc%2F556%2Ftask%2F763 HTTP/1.1" 200 12379 "-" "Mozilla/5.0 AppleWebKit/537.36 (KHTML, like Gecko; compatible; ClaudeBot/1.0; +claudebot@anthropic.com)"
216.73.216.114 - - [20/Feb/2026:08:31:01 +0100] "GET /?fileloc=%2F%2Fproc%2F1552%2Ftask%2F2860%2Fuid_map&path=%2F%2Fproc%2F1552%2Ftask%2F2860 HTTP/1.1" 200 12420 "-" "Mozilla/5.0 AppleWebKit/537.36 (KHTML, like Gecko; compatible; ClaudeBot/1.0; +claudebot@anthropic.com)"
216.73.216.114 - - [20/Feb/2026:08:31:01 +0100] "GET /?fileloc=%2F%2Fproc%2F556%2Ftask%2F601%2Fcmdline&path=%2F%2Fproc%2F556%2Ftask%2F601 HTTP/1.1" 200 12409 "-" "Mozilla/5.0 AppleWebKit/537.36 (KHTML, like Gecko; compatible; ClaudeBot/1.0; +claudebot@anthropic.com)"
74.7.241.18 - - [20/Feb/2026:08:31:01 +0100] "GET /?path=//sys/class/net/eno1/device/ptp/ptp0/device/net/eno1/subsystem/eno1/device/firmware_node/subsystem/devices/device:05/subsystem/drivers/tpm_crb HTTP/1.1" 200 20260 "https://dkfoundationtv.ng/?path=//sys/class/net/eno1/device/ptp/ptp0/device/net/eno1/subsystem/eno1/device/firmware_node/subsystem/devices/device:05/subsystem/drivers" "Mozilla/5.0 AppleWebKit/537.36 (KHTML, like Gecko; compatible; GPTBot/1.3; +https://openai.com/gptbot)"
216.73.216.114 - - [20/Feb/2026:08:31:01 +0100] "GET /?fileloc=%2F%2Fproc%2F3024%2Ftask%2F7395%2Fpatch_state&path=%2F%2Fproc%2F3024%2Ftask%2F7395 HTTP/1.1" 200 12391 "-" "Mozilla/5.0 AppleWebKit/537.36 (KHTML, like Gecko; compatible; ClaudeBot/1.0; +claudebot@anthropic.com)"
216.73.216.114 - - [20/Feb/2026:08:31:01 +0100] "GET /?fileloc=%2F%2Flib%2Ffirmware%2Fintel%2Fsof-tplg%2Fsof-tgl-max98357a-rt5682.tplg&path=%2F%2Flib%2Ffirmware%2Fintel%2Fsof-tplg HTTP/1.1" 200 64667 "-" "Mozilla/5.0 AppleWebKit/537.36 (KHTML, like Gecko; compatible; ClaudeBot/1.0; +claudebot@anthropic.com)"
216.73.216.114 - - [20/Feb/2026:08:31:01 +0100] "GET /?fileloc=%2F%2Fproc%2F559%2Ftask%2F30546%2Fsetgroups&path=%2F%2Fproc%2F559%2Ftask%2F30546 HTTP/1.1" 200 12393 "-" "Mozilla/5.0 AppleWebKit/537.36 (KHTML, like Gecko; compatible; ClaudeBot/1.0; +claudebot@anthropic.com)"
216.73.216.114 - - [20/Feb/2026:08:31:01 +0100] "GET /?fileloc=%2F%2Flib%2Ffirmware%2Famdgpu%2Faldebaran_mec.bin&path=%2F%2Flib%2Ffirmware%2Famdgpu HTTP/1.1" 200 361824 "-" "Mozilla/5.0 AppleWebKit/537.36 (KHTML, like Gecko; compatible; ClaudeBot/1.0; +claudebot@anthropic.com)"
216.73.216.114 - - [20/Feb/2026:08:31:01 +0100] "GET /?fileloc=%2F%2Fproc%2F559%2Ftask%2F593%2Fsmaps&path=%2F%2Fproc%2F559%2Ftask%2F593 HTTP/1.1" 200 12377 "-" "Mozilla/5.0 AppleWebKit/537.36 (KHTML, like Gecko; compatible; ClaudeBot/1.0; +claudebot@anthropic.com)"
74.7.241.18 - - [20/Feb/2026:08:31:02 +0100] "GET /?path=//sys/class/net/eno1/device/ptp/ptp0/device/net/eno1/subsystem/lo/subsystem/eno1/device/firmware_node/subsystem/devices/device:77/physical_node/ata_device HTTP/1.1" 200 16375 "https://dkfoundationtv.ng/?path=//sys/class/net/eno1/device/ptp/ptp0/device/net/eno1/subsystem/lo/subsystem/eno1/device/firmware_node/subsystem/devices/device:77/physical_node" "Mozilla/5.0 AppleWebKit/537.36 (KHTML, like Gecko; compatible; GPTBot/1.3; +https://openai.com/gptbot)"
216.73.216.114 - - [20/Feb/2026:08:31:02 +0100] "GET /?fileloc=%2F%2Fproc%2F559%2Ftask%2F591%2Fcomm&path=%2F%2Fproc%2F559%2Ftask%2F591 HTTP/1.1" 200 12392 "-" "Mozilla/5.0 AppleWebKit/537.36 (KHTML, like Gecko; compatible; ClaudeBot/1.0; +claudebot@anthropic.com)"
216.73.216.114 - - [20/Feb/2026:08:31:02 +0100] "GET /?fileloc=%2F%2Flib%2Ffirmware%2Famdgpu%2Fvegam_vce.bin&path=%2F%2Flib%2Ffirmware%2Famdgpu HTTP/1.1" 200 288021 "-" "Mozilla/5.0 AppleWebKit/537.36 (KHTML, like Gecko; compatible; ClaudeBot/1.0; +claudebot@anthropic.com)"
216.73.216.114 - - [20/Feb/2026:08:31:02 +0100] "GET /?fileloc=%2F%2Fproc%2F1552%2Ftask%2F2955%2Fsetgroups&path=%2F%2Fproc%2F1552%2Ftask%2F2955 HTTP/1.1" 200 12395 "-" "Mozilla/5.0 AppleWebKit/537.36 (KHTML, like Gecko; compatible; ClaudeBot/1.0; +claudebot@anthropic.com)"
216.73.216.114 - - [20/Feb/2026:08:31:02 +0100] "GET /?fileloc=%2F%2Fproc%2F556%2Ftask%2F762%2Fmaps&path=%2F%2Fproc%2F556%2Ftask%2F762 HTTP/1.1" 200 12376 "-" "Mozilla/5.0 AppleWebKit/537.36 (KHTML, like Gecko; compatible; ClaudeBot/1.0; +claudebot@anthropic.com)"
216.73.216.114 - - [20/Feb/2026:08:31:02 +0100] "GET /?fileloc=%2F%2Fproc%2F559%2Ftask%2F591%2Fgid_map&path=%2F%2Fproc%2F559%2Ftask%2F591 HTTP/1.1" 200 12412 "-" "Mozilla/5.0 AppleWebKit/537.36 (KHTML, like Gecko; compatible; ClaudeBot/1.0; +claudebot@anthropic.com)"
216.73.216.114 - - [20/Feb/2026:08:31:02 +0100] "GET /?fileloc=%2F%2Frun%2Fudev%2Fdata%2Fc4%3A75&path=%2F%2Frun%2Fudev%2Fdata HTTP/1.1" 200 12348 "-" "Mozilla/5.0 AppleWebKit/537.36 (KHTML, like Gecko; compatible; ClaudeBot/1.0; +claudebot@anthropic.com)"
74.7.241.18 - - [20/Feb/2026:08:31:02 +0100] "GET /?path=//sys/class/net/eno1/device/ptp/ptp0/device/net/eno1/subsystem/eno1/device/firmware_node/subsystem/devices/device:27/subsystem/drivers/button HTTP/1.1" 200 25398 "https://dkfoundationtv.ng/?path=//sys/class/net/eno1/device/ptp/ptp0/device/net/eno1/subsystem/eno1/device/firmware_node/subsystem/devices/device:27/subsystem/drivers" "Mozilla/5.0 AppleWebKit/537.36 (KHTML, like Gecko; compatible; GPTBot/1.3; +https://openai.com/gptbot)"
216.73.216.114 - - [20/Feb/2026:08:31:02 +0100] "GET /?fileloc=%2F%2Fproc%2F1121%2Ftask%2F1250%2Fsetgroups&path=%2F%2Fproc%2F1121%2Ftask%2F1250 HTTP/1.1" 200 12395 "-" "Mozilla/5.0 AppleWebKit/537.36 (KHTML, like Gecko; compatible; ClaudeBot/1.0; +claudebot@anthropic.com)"
216.73.216.114 - - [20/Feb/2026:08:31:02 +0100] "GET /?fileloc=%2F%2Fproc%2F284%2Ftask%2F284%2Fmaps&path=%2F%2Fproc%2F284%2Ftask%2F284 HTTP/1.1" 200 12376 "-" "Mozilla/5.0 AppleWebKit/537.36 (KHTML, like Gecko; compatible; ClaudeBot/1.0; +claudebot@anthropic.com)"
216.73.216.114 - - [20/Feb/2026:08:31:02 +0100] "GET /?fileloc=%2F%2Fproc%2F3089%2Ftask%2F3477%2Fsetgroups&path=%2F%2Fproc%2F3089%2Ftask%2F3477 HTTP/1.1" 200 12395 "-" "Mozilla/5.0 AppleWebKit/537.36 (KHTML, like Gecko; compatible; ClaudeBot/1.0; +claudebot@anthropic.com)"
216.73.216.114 - - [20/Feb/2026:08:31:02 +0100] "GET /?fileloc=%2F%2Flib%2Ffirmware%2Famdgpu%2Fvangogh_dmcub.bin&path=%2F%2Flib%2Ffirmware%2Famdgpu HTTP/1.1" 200 155889 "-" "Mozilla/5.0 AppleWebKit/537.36 (KHTML, like Gecko; compatible; ClaudeBot/1.0; +claudebot@anthropic.com)"
216.73.216.114 - - [20/Feb/2026:08:31:02 +0100] "GET /?fileloc=%2F%2Frun%2Fudev%2Fdata%2Fc4%3A93&path=%2F%2Frun%2Fudev%2Fdata HTTP/1.1" 200 12348 "-" "Mozilla/5.0 AppleWebKit/537.36 (KHTML, like Gecko; compatible; ClaudeBot/1.0; +claudebot@anthropic.com)"
216.73.216.114 - - [20/Feb/2026:08:31:03 +0100] "GET /?fileloc=%2F%2Frun%2Fudev%2Fdata%2Fc4%3A73&path=%2F%2Frun%2Fudev%2Fdata HTTP/1.1" 200 12348 "-" "Mozilla/5.0 AppleWebKit/537.36 (KHTML, like Gecko; compatible; ClaudeBot/1.0; +claudebot@anthropic.com)"
74.7.241.18 - - [20/Feb/2026:08:31:03 +0100] "GET /?path=//sys/class/net/eno1/device/ptp/ptp0/device/net/eno1/subsystem/lo/subsystem/eno1/device/firmware_node/subsystem/devices/device:4c/subsystem/drivers/tpm_crb HTTP/1.1" 200 20728 "https://dkfoundationtv.ng/?path=//sys/class/net/eno1/device/ptp/ptp0/device/net/eno1/subsystem/lo/subsystem/eno1/device/firmware_node/subsystem/devices/device:4c/subsystem/drivers" "Mozilla/5.0 AppleWebKit/537.36 (KHTML, like Gecko; compatible; GPTBot/1.3; +https://openai.com/gptbot)"
216.73.216.114 - - [20/Feb/2026:08:31:03 +0100] "GET /?fileloc=%2F%2Flib%2Fx86_64-linux-gnu%2Fpkgconfig%2Fcairo-ps.pc&path=%2F%2Flib%2Fx86_64-linux-gnu%2Fpkgconfig HTTP/1.1" 200 12657 "-" "Mozilla/5.0 AppleWebKit/537.36 (KHTML, like Gecko; compatible; ClaudeBot/1.0; +claudebot@anthropic.com)"
216.73.216.114 - - [20/Feb/2026:08:31:03 +0100] "GET /?fileloc=%2F%2Flib%2Fx86_64-linux-gnu%2Fsecurity%2Fpam_localuser.so&path=%2F%2Flib%2Fx86_64-linux-gnu%2Fsecurity HTTP/1.1" 200 28235 "-" "Mozilla/5.0 AppleWebKit/537.36 (KHTML, like Gecko; compatible; ClaudeBot/1.0; +claudebot@anthropic.com)"
216.73.216.114 - - [20/Feb/2026:08:31:03 +0100] "GET /?fileloc=%2F%2Fproc%2F603%2Ftask%2F620%2Fstat&path=%2F%2Fproc%2F603%2Ftask%2F620 HTTP/1.1" 200 12559 "-" "Mozilla/5.0 AppleWebKit/537.36 (KHTML, like Gecko; compatible; ClaudeBot/1.0; +claudebot@anthropic.com)"
216.73.216.114 - - [20/Feb/2026:08:31:03 +0100] "GET /?fileloc=%2F%2Fproc%2F3024%2Ftask%2F3372%2Fpatch_state&path=%2F%2Fproc%2F3024%2Ftask%2F3372 HTTP/1.1" 200 12391 "-" "Mozilla/5.0 AppleWebKit/537.36 (KHTML, like Gecko; compatible; ClaudeBot/1.0; +claudebot@anthropic.com)"
216.73.216.114 - - [20/Feb/2026:08:31:03 +0100] "GET /?fileloc=%2F%2Fproc%2F3024%2Ftask%2F3369%2Fpatch_state&path=%2F%2Fproc%2F3024%2Ftask%2F3369 HTTP/1.1" 200 12391 "-" "Mozilla/5.0 AppleWebKit/537.36 (KHTML, like Gecko; compatible; ClaudeBot/1.0; +claudebot@anthropic.com)"
216.73.216.114 - - [20/Feb/2026:08:31:03 +0100] "GET /?fileloc=%2F%2Fproc%2F603%2Ftask%2F618%2Fprojid_map&path=%2F%2Fproc%2F603%2Ftask%2F618 HTTP/1.1" 200 12415 "-" "Mozilla/5.0 AppleWebKit/537.36 (KHTML, like Gecko; compatible; ClaudeBot/1.0; +claudebot@anthropic.com)"
74.7.241.18 - - [20/Feb/2026:08:31:03 +0100] "GET /?path=//sys/class/net/eno1/device/ptp/ptp0/device/net/eno1/subsystem/lo/subsystem/eno1/device/firmware_node/subsystem/devices/device:35/subsystem HTTP/1.1" 200 23644 "https://dkfoundationtv.ng/?path=//sys/class/net/eno1/device/ptp/ptp0/device/net/eno1/subsystem/lo/subsystem/eno1/device/firmware_node/subsystem/devices/device:35" "Mozilla/5.0 AppleWebKit/537.36 (KHTML, like Gecko; compatible; GPTBot/1.3; +https://openai.com/gptbot)"
216.73.216.114 - - [20/Feb/2026:08:31:03 +0100] "GET /?fileloc=%2F%2Fproc%2F1121%2Fnet%2Frt_cache&path=%2F%2Fproc%2F1121%2Fnet HTTP/1.1" 200 12461 "-" "Mozilla/5.0 AppleWebKit/537.36 (KHTML, like Gecko; compatible; ClaudeBot/1.0; +claudebot@anthropic.com)"
216.73.216.114 - - [20/Feb/2026:08:31:03 +0100] "GET /?fileloc=%2F%2Fproc%2F559%2Ftask%2F593%2Fclear_refs&path=%2F%2Fproc%2F559%2Ftask%2F593 HTTP/1.1" 200 12382 "-" "Mozilla/5.0 AppleWebKit/537.36 (KHTML, like Gecko; compatible; ClaudeBot/1.0; +claudebot@anthropic.com)"
216.73.216.114 - - [20/Feb/2026:08:31:03 +0100] "GET /?fileloc=%2F%2Flib%2Fx86_64-linux-gnu%2Felfutils%2Flibebl_ia64.so&path=%2F%2Flib%2Fx86_64-linux-gnu%2Felfutils HTTP/1.1" 200 40013 "-" "Mozilla/5.0 AppleWebKit/537.36 (KHTML, like Gecko; compatible; ClaudeBot/1.0; +claudebot@anthropic.com)"
216.73.216.114 - - [20/Feb/2026:08:31:03 +0100] "GET /?fileloc=%2F%2Fproc%2F559%2Ftask%2F627%2Flimits&path=%2F%2Fproc%2F559%2Ftask%2F627 HTTP/1.1" 200 13701 "-" "Mozilla/5.0 AppleWebKit/537.36 (KHTML, like Gecko; compatible; ClaudeBot/1.0; +claudebot@anthropic.com)"
216.73.216.114 - - [20/Feb/2026:08:31:04 +0100] "GET /?fileloc=%2F%2Flib%2Fx86_64-linux-gnu%2Fgawk%2Frevtwoway.so&path=%2F%2Flib%2Fx86_64-linux-gnu%2Fgawk HTTP/1.1" 200 28338 "-" "Mozilla/5.0 AppleWebKit/537.36 (KHTML, like Gecko; compatible; ClaudeBot/1.0; +claudebot@anthropic.com)"
74.7.241.18 - - [20/Feb/2026:08:31:04 +0100] "GET /?path=//sys/class/net/eno1/device/ptp/ptp0/device/net/eno1/subsystem/eno1/device/firmware_node/subsystem/devices/device:65/subsystem/drivers/hpet HTTP/1.1" 200 20218 "https://dkfoundationtv.ng/?path=//sys/class/net/eno1/device/ptp/ptp0/device/net/eno1/subsystem/eno1/device/firmware_node/subsystem/devices/device:65/subsystem/drivers" "Mozilla/5.0 AppleWebKit/537.36 (KHTML, like Gecko; compatible; GPTBot/1.3; +https://openai.com/gptbot)"
216.73.216.114 - - [20/Feb/2026:08:31:04 +0100] "GET /?fileloc=%2F%2Fproc%2F556%2Fnet%2Fdev&path=%2F%2Fproc%2F556%2Fnet HTTP/1.1" 200 12793 "-" "Mozilla/5.0 AppleWebKit/537.36 (KHTML, like Gecko; compatible; ClaudeBot/1.0; +claudebot@anthropic.com)"
216.73.216.114 - - [20/Feb/2026:08:31:04 +0100] "GET /?fileloc=%2F%2Frun%2Fudev%2Fdata%2Fc4%3A10&path=%2F%2Frun%2Fudev%2Fdata HTTP/1.1" 200 12328 "-" "Mozilla/5.0 AppleWebKit/537.36 (KHTML, like Gecko; compatible; ClaudeBot/1.0; +claudebot@anthropic.com)"
216.73.216.114 - - [20/Feb/2026:08:31:04 +0100] "GET /?fileloc=%2F%2Frun%2Fudev%2Fdata%2Fc4%3A13&path=%2F%2Frun%2Fudev%2Fdata HTTP/1.1" 200 12328 "-" "Mozilla/5.0 AppleWebKit/537.36 (KHTML, like Gecko; compatible; ClaudeBot/1.0; +claudebot@anthropic.com)"
216.73.216.114 - - [20/Feb/2026:08:31:04 +0100] "GET /?fileloc=%2F%2Frun%2Fudev%2Fdata%2Fc4%3A19&path=%2F%2Frun%2Fudev%2Fdata HTTP/1.1" 200 12328 "-" "Mozilla/5.0 AppleWebKit/537.36 (KHTML, like Gecko; compatible; ClaudeBot/1.0; +claudebot@anthropic.com)"
216.73.216.114 - - [20/Feb/2026:08:31:04 +0100] "GET /?fileloc=%2F%2Frun%2Fudev%2Fdata%2Fc4%3A78&path=%2F%2Frun%2Fudev%2Fdata HTTP/1.1" 200 12348 "-" "Mozilla/5.0 AppleWebKit/537.36 (KHTML, like Gecko; compatible; ClaudeBot/1.0; +claudebot@anthropic.com)"
216.73.216.114 - - [20/Feb/2026:08:31:04 +0100] "GET /?fileloc=%2F%2Frun%2Fudev%2Fdata%2Fc4%3A66&path=%2F%2Frun%2Fudev%2Fdata HTTP/1.1" 200 12348 "-" "Mozilla/5.0 AppleWebKit/537.36 (KHTML, like Gecko; compatible; ClaudeBot/1.0; +claudebot@anthropic.com)"
74.7.241.18 - - [20/Feb/2026:08:31:04 +0100] "GET /?path=//sys/class/net/eno1/device/ptp/ptp0/device/net/eno1/subsystem/lo/subsystem/eno1/device/firmware_node/subsystem/devices/device:4f/physical_node/peer HTTP/1.1" 200 31571 "https://dkfoundationtv.ng/?path=//sys/class/net/eno1/device/ptp/ptp0/device/net/eno1/subsystem/lo/subsystem/eno1/device/firmware_node/subsystem/devices/device:4f/physical_node" "Mozilla/5.0 AppleWebKit/537.36 (KHTML, like Gecko; compatible; GPTBot/1.3; +https://openai.com/gptbot)"
216.73.216.114 - - [20/Feb/2026:08:31:04 +0100] "GET /?fileloc=%2F%2Frun%2Fudev%2Fdata%2Fc4%3A56&path=%2F%2Frun%2Fudev%2Fdata HTTP/1.1" 200 12328 "-" "Mozilla/5.0 AppleWebKit/537.36 (KHTML, like Gecko; compatible; ClaudeBot/1.0; +claudebot@anthropic.com)"
216.73.216.114 - - [20/Feb/2026:08:31:04 +0100] "GET /?fileloc=%2F%2Flib%2Fx86_64-linux-gnu%2Felfutils%2Flibebl_m68k.so&path=%2F%2Flib%2Fx86_64-linux-gnu%2Felfutils HTTP/1.1" 200 34104 "-" "Mozilla/5.0 AppleWebKit/537.36 (KHTML, like Gecko; compatible; ClaudeBot/1.0; +claudebot@anthropic.com)"
216.73.216.114 - - [20/Feb/2026:08:31:04 +0100] "GET /?fileloc=%2F%2Fproc%2F559%2Ftask%2F30528%2Fsetgroups&path=%2F%2Fproc%2F559%2Ftask%2F30528 HTTP/1.1" 200 12393 "-" "Mozilla/5.0 AppleWebKit/537.36 (KHTML, like Gecko; compatible; ClaudeBot/1.0; +claudebot@anthropic.com)"
216.73.216.114 - - [20/Feb/2026:08:31:04 +0100] "GET /?fileloc=%2F%2Fproc%2F2953%2Ftask%2F3097%2Fuid_map&path=%2F%2Fproc%2F2953%2Ftask%2F3097 HTTP/1.1" 200 12420 "-" "Mozilla/5.0 AppleWebKit/537.36 (KHTML, like Gecko; compatible; ClaudeBot/1.0; +claudebot@anthropic.com)"
216.73.216.114 - - [20/Feb/2026:08:31:05 +0100] "GET /?fileloc=%2F%2Fproc%2F2953%2Fnet%2Fdev&path=%2F%2Fproc%2F2953%2Fnet HTTP/1.1" 200 12797 "-" "Mozilla/5.0 AppleWebKit/537.36 (KHTML, like Gecko; compatible; ClaudeBot/1.0; +claudebot@anthropic.com)"
216.73.216.114 - - [20/Feb/2026:08:31:05 +0100] "GET /?fileloc=%2F%2Flib%2Frpm%2Fplatform%2Fppc64-linux%2Fmacros&path=%2F%2Flib%2Frpm%2Fplatform%2Fppc64-linux HTTP/1.1" 200 15619 "-" "Mozilla/5.0 AppleWebKit/537.36 (KHTML, like Gecko; compatible; ClaudeBot/1.0; +claudebot@anthropic.com)"
74.7.241.18 - - [20/Feb/2026:08:31:05 +0100] "GET /?path=//sys/class/net/eno1/device/ptp/ptp0/device/net/eno1/subsystem/eno1/device/firmware_node/subsystem/devices/device:3d/subsystem/drivers/tpm_crb HTTP/1.1" 200 20260 "https://dkfoundationtv.ng/?path=//sys/class/net/eno1/device/ptp/ptp0/device/net/eno1/subsystem/eno1/device/firmware_node/subsystem/devices/device:3d/subsystem/drivers" "Mozilla/5.0 AppleWebKit/537.36 (KHTML, like Gecko; compatible; GPTBot/1.3; +https://openai.com/gptbot)"
216.73.216.114 - - [20/Feb/2026:08:31:05 +0100] "GET /?fileloc=%2F%2Fproc%2F3089%2Ftask%2F3480%2Fsetgroups&path=%2F%2Fproc%2F3089%2Ftask%2F3480 HTTP/1.1" 200 12395 "-" "Mozilla/5.0 AppleWebKit/537.36 (KHTML, like Gecko; compatible; ClaudeBot/1.0; +claudebot@anthropic.com)"
216.73.216.114 - - [20/Feb/2026:08:31:05 +0100] "GET /?fileloc=%2F%2Frun%2Fudev%2Fdata%2Fc4%3A43&path=%2F%2Frun%2Fudev%2Fdata HTTP/1.1" 200 12328 "-" "Mozilla/5.0 AppleWebKit/537.36 (KHTML, like Gecko; compatible; ClaudeBot/1.0; +claudebot@anthropic.com)"
216.73.216.114 - - [20/Feb/2026:08:31:05 +0100] "GET /?fileloc=%2F%2Frun%2Fudev%2Fdata%2F+platform%3Aeisa.0&path=%2F%2Frun%2Fudev%2Fdata HTTP/1.1" 200 12339 "-" "Mozilla/5.0 AppleWebKit/537.36 (KHTML, like Gecko; compatible; ClaudeBot/1.0; +claudebot@anthropic.com)"
216.73.216.114 - - [20/Feb/2026:08:31:05 +0100] "GET /?fileloc=%2F%2Fproc%2F3024%2Ftask%2F3364%2Fpatch_state&path=%2F%2Fproc%2F3024%2Ftask%2F3364 HTTP/1.1" 200 12391 "-" "Mozilla/5.0 AppleWebKit/537.36 (KHTML, like Gecko; compatible; ClaudeBot/1.0; +claudebot@anthropic.com)"
216.73.216.114 - - [20/Feb/2026:08:31:05 +0100] "GET /?fileloc=%2F%2Fproc%2F3024%2Ftask%2F3335%2Fpatch_state&path=%2F%2Fproc%2F3024%2Ftask%2F3335 HTTP/1.1" 200 12391 "-" "Mozilla/5.0 AppleWebKit/537.36 (KHTML, like Gecko; compatible; ClaudeBot/1.0; +claudebot@anthropic.com)"
74.7.241.18 - - [20/Feb/2026:08:31:05 +0100] "GET /?path=//sys/class/net/eno1/device/ptp/ptp0/device/net/eno1/subsystem/eno1/device/firmware_node/subsystem/devices/device:85/subsystem/drivers/hpet HTTP/1.1" 200 20218 "https://dkfoundationtv.ng/?path=//sys/class/net/eno1/device/ptp/ptp0/device/net/eno1/subsystem/eno1/device/firmware_node/subsystem/devices/device:85/subsystem/drivers" "Mozilla/5.0 AppleWebKit/537.36 (KHTML, like Gecko; compatible; GPTBot/1.3; +https://openai.com/gptbot)"
216.73.216.114 - - [20/Feb/2026:08:31:05 +0100] "GET /?fileloc=%2F%2Fproc%2F3024%2Ftask%2F3386%2Fpatch_state&path=%2F%2Fproc%2F3024%2Ftask%2F3386 HTTP/1.1" 200 12391 "-" "Mozilla/5.0 AppleWebKit/537.36 (KHTML, like Gecko; compatible; ClaudeBot/1.0; +claudebot@anthropic.com)"
216.73.216.114 - - [20/Feb/2026:08:31:05 +0100] "GET /?fileloc=%2F%2Fproc%2F3024%2Ftask%2F3344%2Fpatch_state&path=%2F%2Fproc%2F3024%2Ftask%2F3344 HTTP/1.1" 200 12391 "-" "Mozilla/5.0 AppleWebKit/537.36 (KHTML, like Gecko; compatible; ClaudeBot/1.0; +claudebot@anthropic.com)"
216.73.216.114 - - [20/Feb/2026:08:31:05 +0100] "GET /?fileloc=%2F%2Frun%2Fudev%2Fdata%2Fc4%3A38&path=%2F%2Frun%2Fudev%2Fdata HTTP/1.1" 200 12328 "-" "Mozilla/5.0 AppleWebKit/537.36 (KHTML, like Gecko; compatible; ClaudeBot/1.0; +claudebot@anthropic.com)"
216.73.216.114 - - [20/Feb/2026:08:31:05 +0100] "GET /?fileloc=%2F%2Fproc%2F509%2Fnet%2Fdev&path=%2F%2Fproc%2F509%2Fnet HTTP/1.1" 200 12793 "-" "Mozilla/5.0 AppleWebKit/537.36 (KHTML, like Gecko; compatible; ClaudeBot/1.0; +claudebot@anthropic.com)"
216.73.216.114 - - [20/Feb/2026:08:31:06 +0100] "GET /?fileloc=%2F%2Fproc%2F638%2Ftask%2F638%2Fuid_map&path=%2F%2Fproc%2F638%2Ftask%2F638 HTTP/1.1" 200 12412 "-" "Mozilla/5.0 AppleWebKit/537.36 (KHTML, like Gecko; compatible; ClaudeBot/1.0; +claudebot@anthropic.com)"
216.73.216.114 - - [20/Feb/2026:08:31:06 +0100] "GET /?fileloc=%2Fhome%2Fdkfounda%2Fpublic_html%2Fwp-includes%2FRequests%2Fsrc%2FTransport%2FFsockopen.php&path=%2Fhome%2Fdkfounda%2Fpublic_html%2Fwp-includes%2FRequests%2Fsrc%2FTransport HTTP/1.1" 200 30761 "-" "Mozilla/5.0 AppleWebKit/537.36 (KHTML, like Gecko; compatible; ClaudeBot/1.0; +claudebot@anthropic.com)"
74.7.241.18 - - [20/Feb/2026:08:31:06 +0100] "GET /?path=//sys/class/net/eno1/device/ptp/ptp0/device/net/eno1/subsystem/lo/subsystem/eno1/device/firmware_node/subsystem/devices/device:4d/device:5d/physical_node HTTP/1.1" 200 31742 "https://dkfoundationtv.ng/?path=//sys/class/net/eno1/device/ptp/ptp0/device/net/eno1/subsystem/lo/subsystem/eno1/device/firmware_node/subsystem/devices/device:4d/device:5d" "Mozilla/5.0 AppleWebKit/537.36 (KHTML, like Gecko; compatible; GPTBot/1.3; +https://openai.com/gptbot)"
216.73.216.114 - - [20/Feb/2026:08:31:06 +0100] "GET /?fileloc=%2F%2Fproc%2F603%2Ftask%2F620%2Fgid_map&path=%2F%2Fproc%2F603%2Ftask%2F620 HTTP/1.1" 200 12412 "-" "Mozilla/5.0 AppleWebKit/537.36 (KHTML, like Gecko; compatible; ClaudeBot/1.0; +claudebot@anthropic.com)"
216.73.216.114 - - [20/Feb/2026:08:31:06 +0100] "GET /?fileloc=%2F%2Fproc%2F603%2Ftask%2F624%2Fuid_map&path=%2F%2Fproc%2F603%2Ftask%2F624 HTTP/1.1" 200 12412 "-" "Mozilla/5.0 AppleWebKit/537.36 (KHTML, like Gecko; compatible; ClaudeBot/1.0; +claudebot@anthropic.com)"
216.73.216.114 - - [20/Feb/2026:08:31:06 +0100] "GET /?fileloc=%2F%2Fproc%2F3024%2Ftask%2F3391%2Fpatch_state&path=%2F%2Fproc%2F3024%2Ftask%2F3391 HTTP/1.1" 200 12391 "-" "Mozilla/5.0 AppleWebKit/537.36 (KHTML, like Gecko; compatible; ClaudeBot/1.0; +claudebot@anthropic.com)"
216.73.216.114 - - [20/Feb/2026:08:31:06 +0100] "GET /?fileloc=%2F%2Fproc%2F3024%2Ftask%2F3383%2Fpatch_state&path=%2F%2Fproc%2F3024%2Ftask%2F3383 HTTP/1.1" 200 12391 "-" "Mozilla/5.0 AppleWebKit/537.36 (KHTML, like Gecko; compatible; ClaudeBot/1.0; +claudebot@anthropic.com)"
216.73.216.114 - - [20/Feb/2026:08:31:06 +0100] "GET /?fileloc=%2F%2Fproc%2F164%2Ftask%2F164%2Fmaps&path=%2F%2Fproc%2F164%2Ftask%2F164 HTTP/1.1" 200 12376 "-" "Mozilla/5.0 AppleWebKit/537.36 (KHTML, like Gecko; compatible; ClaudeBot/1.0; +claudebot@anthropic.com)"
216.73.216.114 - - [20/Feb/2026:08:31:06 +0100] "GET /?fileloc=%2F%2Flib%2Fx86_64-linux-gnu%2Fpkgconfig%2Flibevent_openssl.pc&path=%2F%2Flib%2Fx86_64-linux-gnu%2Fpkgconfig HTTP/1.1" 200 12784 "-" "Mozilla/5.0 AppleWebKit/537.36 (KHTML, like Gecko; compatible; ClaudeBot/1.0; +claudebot@anthropic.com)"
74.7.241.18 - - [20/Feb/2026:08:31:06 +0100] "GET /?path=//sys/class/net/eno1/device/ptp/ptp0/device/net/eno1/subsystem/eno1/device/firmware_node/subsystem/devices/device:56/subsystem/drivers/button HTTP/1.1" 200 25398 "https://dkfoundationtv.ng/?path=//sys/class/net/eno1/device/ptp/ptp0/device/net/eno1/subsystem/eno1/device/firmware_node/subsystem/devices/device:56/subsystem/drivers" "Mozilla/5.0 AppleWebKit/537.36 (KHTML, like Gecko; compatible; GPTBot/1.3; +https://openai.com/gptbot)"
216.73.216.114 - - [20/Feb/2026:08:31:06 +0100] "GET /?fileloc=%2F%2Flib%2Ffirmware%2Famdgpu%2Fverde_pfp.bin&path=%2F%2Flib%2Ffirmware%2Famdgpu HTTP/1.1" 200 24522 "-" "Mozilla/5.0 AppleWebKit/537.36 (KHTML, like Gecko; compatible; ClaudeBot/1.0; +claudebot@anthropic.com)"
216.73.216.114 - - [20/Feb/2026:08:31:06 +0100] "GET /?fileloc=%2F%2Fproc%2F688%2Ftask%2F688%2Fmaps&path=%2F%2Fproc%2F688%2Ftask%2F688 HTTP/1.1" 200 12376 "-" "Mozilla/5.0 AppleWebKit/537.36 (KHTML, like Gecko; compatible; ClaudeBot/1.0; +claudebot@anthropic.com)"
216.73.216.114 - - [20/Feb/2026:08:31:06 +0100] "GET /?fileloc=%2F%2Fproc%2F1552%2Ftask%2F2252%2Fuid_map&path=%2F%2Fproc%2F1552%2Ftask%2F2252 HTTP/1.1" 200 12420 "-" "Mozilla/5.0 AppleWebKit/537.36 (KHTML, like Gecko; compatible; ClaudeBot/1.0; +claudebot@anthropic.com)"
216.73.216.114 - - [20/Feb/2026:08:31:07 +0100] "GET /?fileloc=%2F%2Fproc%2F3089%2Ftask%2F3486%2Fsetgroups&path=%2F%2Fproc%2F3089%2Ftask%2F3486 HTTP/1.1" 200 12395 "-" "Mozilla/5.0 AppleWebKit/537.36 (KHTML, like Gecko; compatible; ClaudeBot/1.0; +claudebot@anthropic.com)"
216.73.216.114 - - [20/Feb/2026:08:31:07 +0100] "GET /?fileloc=%2F%2Frun%2Fudev%2Fdata%2Fc4%3A23&path=%2F%2Frun%2Fudev%2Fdata HTTP/1.1" 200 12328 "-" "Mozilla/5.0 AppleWebKit/537.36 (KHTML, like Gecko; compatible; ClaudeBot/1.0; +claudebot@anthropic.com)"
216.73.216.114 - - [20/Feb/2026:08:31:07 +0100] "GET /?fileloc=%2F%2Frun%2Fudev%2Fdata%2Fc1%3A9&path=%2F%2Frun%2Fudev%2Fdata HTTP/1.1" 200 12327 "-" "Mozilla/5.0 AppleWebKit/537.36 (KHTML, like Gecko; compatible; ClaudeBot/1.0; +claudebot@anthropic.com)"
74.7.241.18 - - [20/Feb/2026:08:31:07 +0100] "GET /?path=//sys/class/net/eno1/device/ptp/ptp0/device/net/eno1/subsystem/eno1/device/firmware_node/subsystem/devices/device:84/subsystem/drivers/hpet HTTP/1.1" 200 20218 "https://dkfoundationtv.ng/?path=//sys/class/net/eno1/device/ptp/ptp0/device/net/eno1/subsystem/eno1/device/firmware_node/subsystem/devices/device:84/subsystem/drivers" "Mozilla/5.0 AppleWebKit/537.36 (KHTML, like Gecko; compatible; GPTBot/1.3; +https://openai.com/gptbot)"
216.73.216.114 - - [20/Feb/2026:08:31:07 +0100] "GET /?fileloc=%2F%2Frun%2Fudev%2Fdata%2Fc7%3A6&path=%2F%2Frun%2Fudev%2Fdata HTTP/1.1" 200 12327 "-" "Mozilla/5.0 AppleWebKit/537.36 (KHTML, like Gecko; compatible; ClaudeBot/1.0; +claudebot@anthropic.com)"
216.73.216.114 - - [20/Feb/2026:08:31:07 +0100] "GET /?fileloc=%2F%2Fproc%2F559%2Ftask%2F593%2Foom_adj&path=%2F%2Fproc%2F559%2Ftask%2F593 HTTP/1.1" 200 12381 "-" "Mozilla/5.0 AppleWebKit/537.36 (KHTML, like Gecko; compatible; ClaudeBot/1.0; +claudebot@anthropic.com)"
216.73.216.114 - - [20/Feb/2026:08:31:07 +0100] "GET /?fileloc=%2F%2Flib%2Ffirmware%2Famdgpu%2Ffiji_ce.bin&path=%2F%2Flib%2Ffirmware%2Famdgpu HTTP/1.1" 200 24421 "-" "Mozilla/5.0 AppleWebKit/537.36 (KHTML, like Gecko; compatible; ClaudeBot/1.0; +claudebot@anthropic.com)"
216.73.216.114 - - [20/Feb/2026:08:31:07 +0100] "GET /?fileloc=%2F%2Flib%2Fx86_64-linux-gnu%2Fxtables%2Flibxt_TCPOPTSTRIP.so&path=%2F%2Flib%2Fx86_64-linux-gnu%2Fxtables HTTP/1.1" 200 28682 "-" "Mozilla/5.0 AppleWebKit/537.36 (KHTML, like Gecko; compatible; ClaudeBot/1.0; +claudebot@anthropic.com)"
216.73.216.114 - - [20/Feb/2026:08:31:07 +0100] "GET /?fileloc=%2F%2Fproc%2F744%2Ftask%2F744%2Fmounts&path=%2F%2Fproc%2F744%2Ftask%2F744 HTTP/1.1" 200 73085 "-" "Mozilla/5.0 AppleWebKit/537.36 (KHTML, like Gecko; compatible; ClaudeBot/1.0; +claudebot@anthropic.com)"
216.73.216.114 - - [20/Feb/2026:08:31:07 +0100] "GET /?fileloc=%2F%2Fproc%2F3024%2Ftask%2F3443%2Fsetgroups&path=%2F%2Fproc%2F3024%2Ftask%2F3443 HTTP/1.1" 200 12395 "-" "Mozilla/5.0 AppleWebKit/537.36 (KHTML, like Gecko; compatible; ClaudeBot/1.0; +claudebot@anthropic.com)"
74.7.241.18 - - [20/Feb/2026:08:31:07 +0100] "GET /?path=//sys/class/net/eno1/device/ptp/ptp0/device/net/eno1/subsystem/lo/subsystem/eno1/device/firmware_node/subsystem/devices/device:4d/physical_node HTTP/1.1" 200 94579 "https://dkfoundationtv.ng/?path=//sys/class/net/eno1/device/ptp/ptp0/device/net/eno1/subsystem/lo/subsystem/eno1/device/firmware_node/subsystem/devices/device:4d" "Mozilla/5.0 AppleWebKit/537.36 (KHTML, like Gecko; compatible; GPTBot/1.3; +https://openai.com/gptbot)"
216.73.216.114 - - [20/Feb/2026:08:31:07 +0100] "GET /?fileloc=%2F%2Fproc%2F3024%2Ftask%2F4027%2Fpatch_state&path=%2F%2Fproc%2F3024%2Ftask%2F4027 HTTP/1.1" 200 12391 "-" "Mozilla/5.0 AppleWebKit/537.36 (KHTML, like Gecko; compatible; ClaudeBot/1.0; +claudebot@anthropic.com)"
216.73.216.114 - - [20/Feb/2026:08:31:07 +0100] "GET /?fileloc=%2F%2Frun%2Fudev%2Fdata%2Fc5%3A1&path=%2F%2Frun%2Fudev%2Fdata HTTP/1.1" 200 12327 "-" "Mozilla/5.0 AppleWebKit/537.36 (KHTML, like Gecko; compatible; ClaudeBot/1.0; +claudebot@anthropic.com)"
216.73.216.114 - - [20/Feb/2026:08:31:08 +0100] "GET /?fileloc=%2F%2Fproc%2F3024%2Ftask%2F3340%2Fpatch_state&path=%2F%2Fproc%2F3024%2Ftask%2F3340 HTTP/1.1" 200 12391 "-" "Mozilla/5.0 AppleWebKit/537.36 (KHTML, like Gecko; compatible; ClaudeBot/1.0; +claudebot@anthropic.com)"
216.73.216.114 - - [20/Feb/2026:08:31:08 +0100] "GET /?fileloc=%2F%2Fproc%2F603%2Ftask%2F623%2Fstat&path=%2F%2Fproc%2F603%2Ftask%2F623 HTTP/1.1" 200 12561 "-" "Mozilla/5.0 AppleWebKit/537.36 (KHTML, like Gecko; compatible; ClaudeBot/1.0; +claudebot@anthropic.com)"
216.73.216.114 - - [20/Feb/2026:08:31:08 +0100] "GET /?fileloc=%2F%2Fproc%2F1121%2Ftask%2F1234%2Fsetgroups&path=%2F%2Fproc%2F1121%2Ftask%2F1234 HTTP/1.1" 200 12395 "-" "Mozilla/5.0 AppleWebKit/537.36 (KHTML, like Gecko; compatible; ClaudeBot/1.0; +claudebot@anthropic.com)"
216.73.216.114 - - [20/Feb/2026:08:31:08 +0100] "GET /?fileloc=%2F%2Frun%2Fudev%2Fdata%2Fc4%3A59&path=%2F%2Frun%2Fudev%2Fdata HTTP/1.1" 200 12328 "-" "Mozilla/5.0 AppleWebKit/537.36 (KHTML, like Gecko; compatible; ClaudeBot/1.0; +claudebot@anthropic.com)"
74.7.241.18 - - [20/Feb/2026:08:31:08 +0100] "GET /?path=//sys/class/net/eno1/device/ptp/ptp0/device/net/eno1/subsystem/lo/subsystem/eno1/device/firmware_node/subsystem/devices/device:53/subsystem HTTP/1.1" 200 23644 "https://dkfoundationtv.ng/?path=//sys/class/net/eno1/device/ptp/ptp0/device/net/eno1/subsystem/lo/subsystem/eno1/device/firmware_node/subsystem/devices/device:53" "Mozilla/5.0 AppleWebKit/537.36 (KHTML, like Gecko; compatible; GPTBot/1.3; +https://openai.com/gptbot)"
216.73.216.114 - - [20/Feb/2026:08:31:08 +0100] "GET /?fileloc=%2F%2Fproc%2F3089%2Ftask%2F3483%2Fsetgroups&path=%2F%2Fproc%2F3089%2Ftask%2F3483 HTTP/1.1" 200 12395 "-" "Mozilla/5.0 AppleWebKit/537.36 (KHTML, like Gecko; compatible; ClaudeBot/1.0; +claudebot@anthropic.com)"
216.73.216.114 - - [20/Feb/2026:08:31:08 +0100] "GET /?fileloc=%2F%2Frun%2Fudev%2Fdata%2Fc4%3A58&path=%2F%2Frun%2Fudev%2Fdata HTTP/1.1" 200 12328 "-" "Mozilla/5.0 AppleWebKit/537.36 (KHTML, like Gecko; compatible; ClaudeBot/1.0; +claudebot@anthropic.com)"
216.73.216.114 - - [20/Feb/2026:08:31:08 +0100] "GET /?fileloc=%2F%2Frun%2Fudev%2Fdata%2Fc4%3A18&path=%2F%2Frun%2Fudev%2Fdata HTTP/1.1" 200 12328 "-" "Mozilla/5.0 AppleWebKit/537.36 (KHTML, like Gecko; compatible; ClaudeBot/1.0; +claudebot@anthropic.com)"
216.73.216.114 - - [20/Feb/2026:08:31:08 +0100] "GET /?fileloc=%2F%2Fproc%2F1552%2Ftask%2F2110%2Fpatch_state&path=%2F%2Fproc%2F1552%2Ftask%2F2110 HTTP/1.1" 200 12391 "-" "Mozilla/5.0 AppleWebKit/537.36 (KHTML, like Gecko; compatible; ClaudeBot/1.0; +claudebot@anthropic.com)"
216.73.216.114 - - [20/Feb/2026:08:31:08 +0100] "GET /?fileloc=%2F%2Fproc%2F580%2Fnet%2Frt_cache&path=%2F%2Fproc%2F580%2Fnet HTTP/1.1" 200 12457 "-" "Mozilla/5.0 AppleWebKit/537.36 (KHTML, like Gecko; compatible; ClaudeBot/1.0; +claudebot@anthropic.com)"
216.73.216.114 - - [20/Feb/2026:08:31:08 +0100] "GET /?fileloc=%2F%2Fproc%2F3024%2Ftask%2F3341%2Fpatch_state&path=%2F%2Fproc%2F3024%2Ftask%2F3341 HTTP/1.1" 200 12391 "-" "Mozilla/5.0 AppleWebKit/537.36 (KHTML, like Gecko; compatible; ClaudeBot/1.0; +claudebot@anthropic.com)"
74.7.241.18 - - [20/Feb/2026:08:31:08 +0100] "GET /?path=//sys/class/net/eno1/device/ptp/ptp0/device/net/eno1/subsystem/lo/subsystem/eno1/device/firmware_node/subsystem/devices/device:4d/device:4e/power HTTP/1.1" 200 32304 "https://dkfoundationtv.ng/?path=//sys/class/net/eno1/device/ptp/ptp0/device/net/eno1/subsystem/lo/subsystem/eno1/device/firmware_node/subsystem/devices/device:4d/device:4e" "Mozilla/5.0 AppleWebKit/537.36 (KHTML, like Gecko; compatible; GPTBot/1.3; +https://openai.com/gptbot)"
216.73.216.114 - - [20/Feb/2026:08:31:08 +0100] "GET /?fileloc=%2F%2Fproc%2F3024%2Ftask%2F3387%2Fpatch_state&path=%2F%2Fproc%2F3024%2Ftask%2F3387 HTTP/1.1" 200 12391 "-" "Mozilla/5.0 AppleWebKit/537.36 (KHTML, like Gecko; compatible; ClaudeBot/1.0; +claudebot@anthropic.com)"
216.73.216.114 - - [20/Feb/2026:08:31:09 +0100] "GET /?fileloc=%2F%2Fproc%2F1121%2Ftask%2F1121%2Fuid_map&path=%2F%2Fproc%2F1121%2Ftask%2F1121 HTTP/1.1" 200 12420 "-" "Mozilla/5.0 AppleWebKit/537.36 (KHTML, like Gecko; compatible; ClaudeBot/1.0; +claudebot@anthropic.com)"
216.73.216.114 - - [20/Feb/2026:08:31:09 +0100] "GET /?path=%2F%2Frun%2Fudev%2Flinks%2F%5Cx2frtc HTTP/1.1" 200 12790 "-" "Mozilla/5.0 AppleWebKit/537.36 (KHTML, like Gecko; compatible; ClaudeBot/1.0; +claudebot@anthropic.com)"
216.73.216.114 - - [20/Feb/2026:08:31:09 +0100] "GET /?fileloc=%2F%2Fvar%2Frun%2Fudev%2Fdata%2F+platform%3Apcspkr&path=%2F%2Fvar%2Frun%2Fudev%2Fdata HTTP/1.1" 200 12385 "-" "Mozilla/5.0 AppleWebKit/537.36 (KHTML, like Gecko; compatible; ClaudeBot/1.0; +claudebot@anthropic.com)"
216.73.216.114 - - [20/Feb/2026:08:31:09 +0100] "GET /?fileloc=%2F%2Fproc%2F1552%2Ftask%2F1549908%2Fpatch_state&path=%2F%2Fproc%2F1552%2Ftask%2F1549908 HTTP/1.1" 200 12400 "-" "Mozilla/5.0 AppleWebKit/537.36 (KHTML, like Gecko; compatible; ClaudeBot/1.0; +claudebot@anthropic.com)"
216.73.216.114 - - [20/Feb/2026:08:31:09 +0100] "GET /?fileloc=%2F%2Flib%2Fx86_64-linux-gnu%2Felfutils%2Flibebl_riscv.so&path=%2F%2Flib%2Fx86_64-linux-gnu%2Felfutils HTTP/1.1" 200 43679 "-" "Mozilla/5.0 AppleWebKit/537.36 (KHTML, like Gecko; compatible; ClaudeBot/1.0; +claudebot@anthropic.com)"
74.7.241.18 - - [20/Feb/2026:08:31:09 +0100] "GET /?path=//sys/class/net/eno1/device/ptp/ptp0/device/net/eno1/subsystem/lo/subsystem/eno1/device/firmware_node/subsystem/devices/device:24/subsystem HTTP/1.1" 200 23644 "https://dkfoundationtv.ng/?path=//sys/class/net/eno1/device/ptp/ptp0/device/net/eno1/subsystem/lo/subsystem/eno1/device/firmware_node/subsystem/devices/device:24" "Mozilla/5.0 AppleWebKit/537.36 (KHTML, like Gecko; compatible; GPTBot/1.3; +https://openai.com/gptbot)"
216.73.216.114 - - [20/Feb/2026:08:31:09 +0100] "GET /?fileloc=%2F%2Fproc%2F3089%2Ftask%2F3487%2Fsetgroups&path=%2F%2Fproc%2F3089%2Ftask%2F3487 HTTP/1.1" 200 12395 "-" "Mozilla/5.0 AppleWebKit/537.36 (KHTML, like Gecko; compatible; ClaudeBot/1.0; +claudebot@anthropic.com)"
216.73.216.114 - - [20/Feb/2026:08:31:09 +0100] "GET /?fileloc=%2F%2Fproc%2F158%2Ftask%2F158%2Fcmdline&path=%2F%2Fproc%2F158%2Ftask%2F158 HTTP/1.1" 200 12379 "-" "Mozilla/5.0 AppleWebKit/537.36 (KHTML, like Gecko; compatible; ClaudeBot/1.0; +claudebot@anthropic.com)"
216.73.216.114 - - [20/Feb/2026:08:31:09 +0100] "GET /?fileloc=%2F%2Fproc%2F1121%2Ftask%2F1233%2Fuid_map&path=%2F%2Fproc%2F1121%2Ftask%2F1233 HTTP/1.1" 200 12420 "-" "Mozilla/5.0 AppleWebKit/537.36 (KHTML, like Gecko; compatible; ClaudeBot/1.0; +claudebot@anthropic.com)"
216.73.216.114 - - [20/Feb/2026:08:31:09 +0100] "GET /?fileloc=%2F%2Flib%2Fx86_64-linux-gnu%2Fpkgconfig%2FImageMagick++-im6.q16.pc&path=%2F%2Flib%2Fx86_64-linux-gnu%2Fpkgconfig HTTP/1.1" 200 12410 "-" "Mozilla/5.0 AppleWebKit/537.36 (KHTML, like Gecko; compatible; ClaudeBot/1.0; +claudebot@anthropic.com)"
216.73.216.114 - - [20/Feb/2026:08:31:09 +0100] "GET /?fileloc=%2F%2Flib%2Fx86_64-linux-gnu%2Fxtables%2Flibipt_LOG.so&path=%2F%2Flib%2Fx86_64-linux-gnu%2Fxtables HTTP/1.1" 200 29152 "-" "Mozilla/5.0 AppleWebKit/537.36 (KHTML, like Gecko; compatible; ClaudeBot/1.0; +claudebot@anthropic.com)"
216.73.216.114 - - [20/Feb/2026:08:31:09 +0100] "GET /?fileloc=%2F%2Frun%2Fudev%2Fdata%2Fc4%3A60&path=%2F%2Frun%2Fudev%2Fdata HTTP/1.1" 200 12328 "-" "Mozilla/5.0 AppleWebKit/537.36 (KHTML, like Gecko; compatible; ClaudeBot/1.0; +claudebot@anthropic.com)"
74.7.241.18 - - [20/Feb/2026:08:31:10 +0100] "GET /?path=//sys/class/net/eno1/device/ptp/ptp0/device/net/eno1/subsystem/eno1/device/firmware_node/subsystem/devices/device:3f/subsystem/drivers/button HTTP/1.1" 200 25398 "https://dkfoundationtv.ng/?path=//sys/class/net/eno1/device/ptp/ptp0/device/net/eno1/subsystem/eno1/device/firmware_node/subsystem/devices/device:3f/subsystem/drivers" "Mozilla/5.0 AppleWebKit/537.36 (KHTML, like Gecko; compatible; GPTBot/1.3; +https://openai.com/gptbot)"
216.73.216.114 - - [20/Feb/2026:08:31:10 +0100] "GET /?fileloc=%2F%2Fproc%2F630%2Ftask%2F630%2Fuid_map&path=%2F%2Fproc%2F630%2Ftask%2F630 HTTP/1.1" 200 12412 "-" "Mozilla/5.0 AppleWebKit/537.36 (KHTML, like Gecko; compatible; ClaudeBot/1.0; +claudebot@anthropic.com)"
216.73.216.114 - - [20/Feb/2026:08:31:10 +0100] "GET /?fileloc=%2F%2Fproc%2F556%2Ftask%2F787%2Fcmdline&path=%2F%2Fproc%2F556%2Ftask%2F787 HTTP/1.1" 200 12409 "-" "Mozilla/5.0 AppleWebKit/537.36 (KHTML, like Gecko; compatible; ClaudeBot/1.0; +claudebot@anthropic.com)"
74.7.241.18 - - [20/Feb/2026:08:31:10 +0100] "GET /?path=//sys/class/net/eno1/device/ptp/ptp0/device/net/eno1/subsystem/lo/subsystem/eno1/device/firmware_node/subsystem/devices/device:4f/physical_node/peer/power HTTP/1.1" 200 32819 "https://dkfoundationtv.ng/?path=//sys/class/net/eno1/device/ptp/ptp0/device/net/eno1/subsystem/lo/subsystem/eno1/device/firmware_node/subsystem/devices/device:4f/physical_node/peer" "Mozilla/5.0 AppleWebKit/537.36 (KHTML, like Gecko; compatible; GPTBot/1.3; +https://openai.com/gptbot)"
74.7.241.18 - - [20/Feb/2026:08:31:11 +0100] "GET /?path=//sys/class/net/eno1/device/ptp/ptp0/device/net/eno1/subsystem/lo/subsystem/eno1/device/firmware_node/subsystem/devices/device:4a/physical_node HTTP/1.1" 200 80690 "https://dkfoundationtv.ng/?path=//sys/class/net/eno1/device/ptp/ptp0/device/net/eno1/subsystem/lo/subsystem/eno1/device/firmware_node/subsystem/devices/device:4a" "Mozilla/5.0 AppleWebKit/537.36 (KHTML, like Gecko; compatible; GPTBot/1.3; +https://openai.com/gptbot)"
74.7.241.18 - - [20/Feb/2026:08:31:11 +0100] "GET /?path=//sys/class/net/eno1/device/ptp/ptp0/device/net/eno1/subsystem/lo/subsystem/eno1/device/firmware_node/subsystem/devices/device:0f/subsystem/drivers/tpm_crb HTTP/1.1" 200 20728 "https://dkfoundationtv.ng/?path=//sys/class/net/eno1/device/ptp/ptp0/device/net/eno1/subsystem/lo/subsystem/eno1/device/firmware_node/subsystem/devices/device:0f/subsystem/drivers" "Mozilla/5.0 AppleWebKit/537.36 (KHTML, like Gecko; compatible; GPTBot/1.3; +https://openai.com/gptbot)"
74.7.241.18 - - [20/Feb/2026:08:31:12 +0100] "GET /?path=//sys/class/net/eno1/device/ptp/ptp0/device/net/eno1/subsystem/lo/subsystem/eno1/device/firmware_node/subsystem/devices/device:4d/device:5d/physical_node/peer HTTP/1.1" 200 30073 "https://dkfoundationtv.ng/?path=//sys/class/net/eno1/device/ptp/ptp0/device/net/eno1/subsystem/lo/subsystem/eno1/device/firmware_node/subsystem/devices/device:4d/device:5d/physical_node" "Mozilla/5.0 AppleWebKit/537.36 (KHTML, like Gecko; compatible; GPTBot/1.3; +https://openai.com/gptbot)"
74.7.241.18 - - [20/Feb/2026:08:31:12 +0100] "GET /?path=//sys/class/net/eno1/device/ptp/ptp0/device/net/eno1/subsystem/eno1/device/firmware_node/subsystem/devices/device:06/subsystem/drivers/button HTTP/1.1" 200 25398 "https://dkfoundationtv.ng/?path=//sys/class/net/eno1/device/ptp/ptp0/device/net/eno1/subsystem/eno1/device/firmware_node/subsystem/devices/device:06/subsystem/drivers" "Mozilla/5.0 AppleWebKit/537.36 (KHTML, like Gecko; compatible; GPTBot/1.3; +https://openai.com/gptbot)"
74.7.241.18 - - [20/Feb/2026:08:31:13 +0100] "GET /?path=//sys/class/net/eno1/device/ptp/ptp0/device/net/eno1/subsystem/eno1/device/firmware_node/subsystem/devices/device:06/subsystem/drivers/tpm_crb HTTP/1.1" 200 20260 "https://dkfoundationtv.ng/?path=//sys/class/net/eno1/device/ptp/ptp0/device/net/eno1/subsystem/eno1/device/firmware_node/subsystem/devices/device:06/subsystem/drivers" "Mozilla/5.0 AppleWebKit/537.36 (KHTML, like Gecko; compatible; GPTBot/1.3; +https://openai.com/gptbot)"
74.7.241.18 - - [20/Feb/2026:08:31:13 +0100] "GET /?path=//sys/class/net/eno1/device/ptp/ptp0/device/net/eno1/subsystem/lo/subsystem/eno1/device/firmware_node/subsystem/devices/device:4d/physical_node/power HTTP/1.1" 200 58218 "https://dkfoundationtv.ng/?path=//sys/class/net/eno1/device/ptp/ptp0/device/net/eno1/subsystem/lo/subsystem/eno1/device/firmware_node/subsystem/devices/device:4d/physical_node" "Mozilla/5.0 AppleWebKit/537.36 (KHTML, like Gecko; compatible; GPTBot/1.3; +https://openai.com/gptbot)"
74.7.241.18 - - [20/Feb/2026:08:31:14 +0100] "GET /?path=//sys/class/net/eno1/device/ptp/ptp0/device/net/eno1/subsystem/lo/subsystem/eno1/device/firmware_node/subsystem/devices/device:4d/physical_node/driver HTTP/1.1" 200 23932 "https://dkfoundationtv.ng/?path=//sys/class/net/eno1/device/ptp/ptp0/device/net/eno1/subsystem/lo/subsystem/eno1/device/firmware_node/subsystem/devices/device:4d/physical_node" "Mozilla/5.0 AppleWebKit/537.36 (KHTML, like Gecko; compatible; GPTBot/1.3; +https://openai.com/gptbot)"
74.7.241.18 - - [20/Feb/2026:08:31:14 +0100] "GET /?path=//sys/class/net/eno1/device/ptp/ptp0/device/net/eno1/subsystem/eno1/device/firmware_node/subsystem/devices/device:4d/device:5e/subsystem/drivers/thermal HTTP/1.1" 200 24073 "https://dkfoundationtv.ng/?path=//sys/class/net/eno1/device/ptp/ptp0/device/net/eno1/subsystem/eno1/device/firmware_node/subsystem/devices/device:4d/device:5e/subsystem/drivers" "Mozilla/5.0 AppleWebKit/537.36 (KHTML, like Gecko; compatible; GPTBot/1.3; +https://openai.com/gptbot)"
74.7.241.18 - - [20/Feb/2026:08:31:15 +0100] "GET /?path=//sys/class/net/eno1/device/ptp/ptp0/device/net/eno1/subsystem/lo/subsystem/eno1/device/firmware_node/physical_node/ptp/ptp0/subsystem/ptp0/device/link HTTP/1.1" 200 14947 "https://dkfoundationtv.ng/?path=//sys/class/net/eno1/device/ptp/ptp0/device/net/eno1/subsystem/lo/subsystem/eno1/device/firmware_node/physical_node/ptp/ptp0/subsystem/ptp0/device" "Mozilla/5.0 AppleWebKit/537.36 (KHTML, like Gecko; compatible; GPTBot/1.3; +https://openai.com/gptbot)"
74.7.241.18 - - [20/Feb/2026:08:31:15 +0100] "GET /?path=//sys/class/net/eno1/device/ptp/ptp0/device/net/eno1/subsystem/lo/subsystem/eno1/device/firmware_node/subsystem/devices/device:44/subsystem/drivers/tpm_crb HTTP/1.1" 200 20728 "https://dkfoundationtv.ng/?path=//sys/class/net/eno1/device/ptp/ptp0/device/net/eno1/subsystem/lo/subsystem/eno1/device/firmware_node/subsystem/devices/device:44/subsystem/drivers" "Mozilla/5.0 AppleWebKit/537.36 (KHTML, like Gecko; compatible; GPTBot/1.3; +https://openai.com/gptbot)"
74.7.241.18 - - [20/Feb/2026:08:31:16 +0100] "GET /?path=//sys/class/net/eno1/device/ptp/ptp0/device/net/eno1/subsystem/lo/subsystem/eno1/device/firmware_node/subsystem/devices/device:60/subsystem/drivers/tpm_crb HTTP/1.1" 200 20728 "https://dkfoundationtv.ng/?path=//sys/class/net/eno1/device/ptp/ptp0/device/net/eno1/subsystem/lo/subsystem/eno1/device/firmware_node/subsystem/devices/device:60/subsystem/drivers" "Mozilla/5.0 AppleWebKit/537.36 (KHTML, like Gecko; compatible; GPTBot/1.3; +https://openai.com/gptbot)"
74.7.241.18 - - [20/Feb/2026:08:31:16 +0100] "GET /?path=//sys/class/net/eno1/device/ptp/ptp0/device/net/eno1/subsystem/lo/subsystem/eno1/device/firmware_node/subsystem/devices/device:4d/device:5b HTTP/1.1" 200 25258 "https://dkfoundationtv.ng/?path=//sys/class/net/eno1/device/ptp/ptp0/device/net/eno1/subsystem/lo/subsystem/eno1/device/firmware_node/subsystem/devices/device:4d" "Mozilla/5.0 AppleWebKit/537.36 (KHTML, like Gecko; compatible; GPTBot/1.3; +https://openai.com/gptbot)"
74.7.241.18 - - [20/Feb/2026:08:31:17 +0100] "GET /?path=//sys/class/net/eno1/device/ptp/ptp0/device/net/eno1/subsystem/eno1/device/firmware_node/subsystem/devices/device:2e/device:2f/subsystem/drivers/tpm_crb HTTP/1.1" 200 20567 "https://dkfoundationtv.ng/?path=//sys/class/net/eno1/device/ptp/ptp0/device/net/eno1/subsystem/eno1/device/firmware_node/subsystem/devices/device:2e/device:2f/subsystem/drivers" "Mozilla/5.0 AppleWebKit/537.36 (KHTML, like Gecko; compatible; GPTBot/1.3; +https://openai.com/gptbot)"
74.7.241.18 - - [20/Feb/2026:08:31:18 +0100] "GET /?path=//sys/class/net/eno1/device/ptp/ptp0/device/net/eno1/subsystem/lo/subsystem/eno1/device/firmware_node/subsystem/devices/device:4d/device:5d/physical_node/peer/peer HTTP/1.1" 200 32445 "https://dkfoundationtv.ng/?path=//sys/class/net/eno1/device/ptp/ptp0/device/net/eno1/subsystem/lo/subsystem/eno1/device/firmware_node/subsystem/devices/device:4d/device:5d/physical_node/peer" "Mozilla/5.0 AppleWebKit/537.36 (KHTML, like Gecko; compatible; GPTBot/1.3; +https://openai.com/gptbot)"
74.7.241.18 - - [20/Feb/2026:08:31:18 +0100] "GET /?path=//sys/class/net/eno1/device/ptp/ptp0/device/net/eno1/subsystem/lo/subsystem/eno1/device/firmware_node/subsystem/devices/device:4d/device:5d/physical_node/peer/power HTTP/1.1" 200 33379 "https://dkfoundationtv.ng/?path=//sys/class/net/eno1/device/ptp/ptp0/device/net/eno1/subsystem/lo/subsystem/eno1/device/firmware_node/subsystem/devices/device:4d/device:5d/physical_node/peer" "Mozilla/5.0 AppleWebKit/537.36 (KHTML, like Gecko; compatible; GPTBot/1.3; +https://openai.com/gptbot)"
74.7.241.18 - - [20/Feb/2026:08:31:19 +0100] "GET /?path=//sys/class/net/eno1/device/ptp/ptp0/device/net/eno1/subsystem/lo/subsystem/eno1/device/firmware_node/subsystem/devices/device:5c/physical_node HTTP/1.1" 200 31232 "https://dkfoundationtv.ng/?path=//sys/class/net/eno1/device/ptp/ptp0/device/net/eno1/subsystem/lo/subsystem/eno1/device/firmware_node/subsystem/devices/device:5c" "Mozilla/5.0 AppleWebKit/537.36 (KHTML, like Gecko; compatible; GPTBot/1.3; +https://openai.com/gptbot)"
74.7.241.18 - - [20/Feb/2026:08:31:19 +0100] "GET /?path=//sys/class/net/eno1/device/ptp/ptp0/device/net/eno1/subsystem/eno1/device/firmware_node/subsystem/devices/device:84/subsystem/drivers/button HTTP/1.1" 200 25398 "https://dkfoundationtv.ng/?path=//sys/class/net/eno1/device/ptp/ptp0/device/net/eno1/subsystem/eno1/device/firmware_node/subsystem/devices/device:84/subsystem/drivers" "Mozilla/5.0 AppleWebKit/537.36 (KHTML, like Gecko; compatible; GPTBot/1.3; +https://openai.com/gptbot)"
74.7.241.18 - - [20/Feb/2026:08:31:20 +0100] "GET /?path=//sys/class/net/eno1/device/ptp/ptp0/device/net/eno1/subsystem/lo/subsystem/eno1/device/firmware_node/subsystem/devices/device:4d/physical_node/driver/usb1 HTTP/1.1" 200 96882 "https://dkfoundationtv.ng/?path=//sys/class/net/eno1/device/ptp/ptp0/device/net/eno1/subsystem/lo/subsystem/eno1/device/firmware_node/subsystem/devices/device:4d/physical_node/driver" "Mozilla/5.0 AppleWebKit/537.36 (KHTML, like Gecko; compatible; GPTBot/1.3; +https://openai.com/gptbot)"
74.7.241.18 - - [20/Feb/2026:08:31:20 +0100] "GET /?path=//sys/class/net/eno1/device/ptp/ptp0/device/net/eno1/subsystem/lo/subsystem/eno1/device/firmware_node/subsystem/devices/device:5e/physical_node HTTP/1.1" 200 31232 "https://dkfoundationtv.ng/?path=//sys/class/net/eno1/device/ptp/ptp0/device/net/eno1/subsystem/lo/subsystem/eno1/device/firmware_node/subsystem/devices/device:5e" "Mozilla/5.0 AppleWebKit/537.36 (KHTML, like Gecko; compatible; GPTBot/1.3; +https://openai.com/gptbot)"
74.7.241.18 - - [20/Feb/2026:08:31:21 +0100] "GET /?path=//sys/class/net/eno1/device/ptp/ptp0/device/net/eno1/subsystem/eno1/device/firmware_node/subsystem/devices/device:84/subsystem/drivers/tpm_crb HTTP/1.1" 200 20260 "https://dkfoundationtv.ng/?path=//sys/class/net/eno1/device/ptp/ptp0/device/net/eno1/subsystem/eno1/device/firmware_node/subsystem/devices/device:84/subsystem/drivers" "Mozilla/5.0 AppleWebKit/537.36 (KHTML, like Gecko; compatible; GPTBot/1.3; +https://openai.com/gptbot)"
74.7.241.18 - - [20/Feb/2026:08:31:21 +0100] "GET /?path=//sys/class/net/eno1/device/ptp/ptp0/device/net/eno1/subsystem/eno1/device/firmware_node/subsystem/devices/device:05/subsystem/drivers/button HTTP/1.1" 200 25398 "https://dkfoundationtv.ng/?path=//sys/class/net/eno1/device/ptp/ptp0/device/net/eno1/subsystem/eno1/device/firmware_node/subsystem/devices/device:05/subsystem/drivers" "Mozilla/5.0 AppleWebKit/537.36 (KHTML, like Gecko; compatible; GPTBot/1.3; +https://openai.com/gptbot)"
74.7.241.18 - - [20/Feb/2026:08:31:22 +0100] "GET /?path=//sys/class/net/eno1/device/ptp/ptp0/device/net/eno1/subsystem/eno1/device/firmware_node/subsystem/devices/device:4c/device:4d/physical_node HTTP/1.1" 200 93974 "https://dkfoundationtv.ng/?path=//sys/class/net/eno1/device/ptp/ptp0/device/net/eno1/subsystem/eno1/device/firmware_node/subsystem/devices/device:4c/device:4d" "Mozilla/5.0 AppleWebKit/537.36 (KHTML, like Gecko; compatible; GPTBot/1.3; +https://openai.com/gptbot)"
74.7.241.18 - - [20/Feb/2026:08:31:22 +0100] "GET /?path=//sys/class/net/eno1/device/ptp/ptp0/device/net/eno1/subsystem/lo/subsystem/eno1/device/firmware_node/subsystem/devices/device:4d/device:5b/subsystem HTTP/1.1" 200 24004 "https://dkfoundationtv.ng/?path=//sys/class/net/eno1/device/ptp/ptp0/device/net/eno1/subsystem/lo/subsystem/eno1/device/firmware_node/subsystem/devices/device:4d/device:5b" "Mozilla/5.0 AppleWebKit/537.36 (KHTML, like Gecko; compatible; GPTBot/1.3; +https://openai.com/gptbot)"
